000
CXUS54 KCRP 052350
CF6LRD
PRELIMINARY LOCAL CLIMATOLOGICAL DATA (WS FORM: F-6)
STATION: LAREDO
MONTH: MAY
YEAR: 2022
LATITUDE: 27 31 N
LONGITUDE: 99 28 W
TEMPERATURE IN F: :PCPN: SNOW: WIND :SUNSHINE: SKY :PK WND
================================================================================
1 2 3 4 5 6A 6B 7 8 9 10 11 12 13 14 15 16 17 18
12Z AVG MX 2MIN
DY MAX MIN AVG DEP HDD CDD WTR SNW DPTH SPD SPD DIR MIN PSBL S-S WX SPD DR
================================================================================
1 94 75 85 7 0 20 T 0.0 0 M M M M M 7 M M
2 96 76 86 8 0 21 T 0.0 0 M M M M M 7 M M
3 98 75 87 8 0 22 0.00 0.0 0 M M M M M 5 M M
4 93 79 86 7 0 21 0.00 0.0 0 M M M M M 8 M M
5 95 79 87 8 0 22 0.00 0.0 0 M M M M M 6 M M
6 101 74 88 9 0 23 0.00 0.0 0 M M M M M 0 M M
7 107 75 91 11 0 26 0.00 0.0 0 M M M M M 1 M M
8 106 77 92 12 0 27 0.00 0.0 0 M M M M M 2 M M
9 103 77 90 10 0 25 0.00 0.0 0 M M M M M 2 M M
10 97 80 89 9 0 24 0.00 0.0 0 M M M M M 6 M M
11 97 77 87 6 0 22 0.00 0.0 0 M M M M M 3 M M
12 100 72 86 5 0 21 0.00 0.0 0 M M M M M 1 M M
13 101 75 88 7 0 23 0.00 0.0 0 M M M M M 4 M M
14 102 73 88 7 0 23 0.00 0.0 0 M M M M M 2 M M
15 103 71 87 5 0 22 0.00 0.0 0 M M M M M 0 M M
16 105 72 89 7 0 24 0.00 0.0 0 M M M M M 1 M M
17 105 71 88 6 0 23 0.00 0.0 0 M M M M M 1 M M
18 104 70 87 4 0 22 0.00 0.0 0 M M M M M 0 M M
19 103 74 89 6 0 24 0.00 0.0 0 M M M M M 1 M M
20 106 77 92 9 0 27 0.00 0.0 0 M M M M M 2 M M
21 105 77 91 8 0 26 T 0.0 0 M M M M M 1 13 M M
22 87 69 78 -6 0 13 0.45 0.0 0 M M M M M 6 3 M M
23 86 71 79 -5 0 14 1.60 0.0 0 M M M M M 6 3 M M
24 90 66 78 -6 0 13 1.27 0.0 0 M M M M M 4 3 M M
25 86 66 76 -8 0 11 0.04 0.0 0 M M M M M 6 M M
26 97 71 84 -1 0 19 0.00 0.0 0 M M M M M 0 M M
27 98 76 87 2 0 22 0.00 0.0 0 M M M M M 4 M M
28 100 76 88 3 0 23 0.00 0.0 0 M M M M M 2 M M
29 100 76 88 2 0 23 0.00 0.0 0 M M M M M 1 M M
30 98 78 88 2 0 23 0.00 0.0 0 M M M M M 5 M M
31 99 78 89 3 0 24 0.00 0.0 0 M M M M M 5 M M
================================================================================
SM 3062 2303 0 673 3.36 0.0 M M 99
================================================================================
AV 98.8 74.3 M FASTST M M 3 MAX(MPH)
MISC ----> M M M M
================================================================================
NOTES:
# LAST OF SEVERAL OCCURRENCES
COLUMN 17 PEAK WIND IN M.P.H.
PRELIMINARY LOCAL CLIMATOLOGICAL DATA (WS FORM: F-6) , PAGE 2
STATION: LAREDO
MONTH: MAY
YEAR: 2022
LATITUDE: 27 31 N
LONGITUDE: 99 28 W
[TEMPERATURE DATA] [PRECIPITATION DATA] SYMBOLS USED IN COLUMN 16
AVERAGE MONTHLY: 86.5 TOTAL FOR MONTH: 3.36 1 = FOG OR MIST
DPTR FM NORMAL: 4.4 DPTR FM NORMAL: 0.60 2 = FOG REDUCING VISIBILITY
HIGHEST: 107 ON 7 GRTST 24HR 1.90 ON 23-24 TO 1/4 MILE OR LESS
LOWEST: 66 ON 25,24 3 = THUNDER
SNOW, ICE PELLETS, HAIL 4 = ICE PELLETS
TOTAL MONTH: 0.0 INCH 5 = HAIL
GRTST 24HR 0.0 6 = FREEZING RAIN OR DRIZZLE
GRTST DEPTH: 0 7 = DUSTSTORM OR SANDSTORM:
VSBY 1/2 MILE OR LESS
8 = SMOKE OR HAZE
[NO. OF DAYS WITH] [WEATHER - DAYS WITH] 9 = BLOWING SNOW
X = TORNADO
MAX 32 OR BELOW: 0 0.01 INCH OR MORE: 4
MAX 90 OR ABOVE: 28 0.10 INCH OR MORE: 3
MIN 32 OR BELOW: 0 0.50 INCH OR MORE: 2
MIN 0 OR BELOW: 0 1.00 INCH OR MORE: 2
[HDD (BASE 65) ]
TOTAL THIS MO. 0 CLEAR (SCALE 0-3) 17
DPTR FM NORMAL 0 PTCLDY (SCALE 4-7) 14
TOTAL FM JUL 1 695 CLOUDY (SCALE 8-10) 0
DPTR FM NORMAL -117
[CDD (BASE 65) ]
TOTAL THIS MO. 673
DPTR FM NORMAL 144 [PRESSURE DATA]
TOTAL FM JAN 1 1414 HIGHEST SLP 30.13 ON 22
DPTR FM NORMAL 257 LOWEST SLP 29.48 ON 20
[REMARKS]
#FINAL-05-22#
5/23/2022: PRECIPITATION FROM BACKUP CO-OP SITE