000
CXUS54 KFWD 250730
CF6LUD
PRELIMINARY LOCAL CLIMATOLOGICAL DATA (WS FORM: F-6)
STATION: DECATUR
MONTH: APRIL
YEAR: 2024
LATITUDE: 33 15 N
LONGITUDE: 97 30 W
TEMPERATURE IN F: :PCPN: SNOW: WIND :SUNSHINE: SKY :PK WND
================================================================================
1 2 3 4 5 6A 6B 7 8 9 10 11 12 13 14 15 16 17 18
12Z AVG MX 2MIN
DY MAX MIN AVG DEP HDD CDD WTR SNW DPTH SPD SPD DIR MIN PSBL S-S WX SPD DR
================================================================================
1 78 62 70 12 0 5 0.09 M M 6.4 18 160 M M 4 8 25 160
2 62 48 55 -3 10 0 0.00 M M 4.5 15 330 M M 4 23 320
3 70 44 57 -1 8 0 0.00 M M 2.5 10 300 M M 0 21 330
4 83 50 67 9 0 2 0.00 M M 0.3 8 220 M M 0 M M
5 87 52 70 11 0 5 0.00 M M 1.9 14 180 M M 0 20 140
6 75 60 68 9 0 3 0.00 M M 14.3 20 190 M M 4 28 160
7 78 54 66 7 0 1 0.00 M M 6.1 13 250 M M 0 21 270
8 80 58 69 9 0 4 0.89 M M 3.3 13 80 M M 2 18 180
9 64 58 61 1 4 0 0.53 M M 9.2 21 320 M M 8 32 320
10 62 52 57 -3 8 0 0.84 M M 4.8 18 350 M M 6 1 32 350
11 71 47 59 -1 6 0 0.00 M M 3.1 10 340 M M 0 21 340
12 78 52 65 4 0 0 0.00 M M 5.6 15 170 M M 0 20 170
13 80 59 70 9 0 5 0.00 M M 11.9 18 150 M M 0 26 170
14 84 61 73 12 0 8 0.00 M M 8.8 18 180 M M 0 29 180
15 74 68 71 9 0 6 0.02 M M 11.1 17 150 M M 6 25 130
16 85 68 77 15 0 12 0.00 M M 7.4 21 180 M M 2 30 180
17 85 68 77 15 0 12 0.00 M M 4.7 14 160 M M 5 1 18 160
18 84 58 71 9 0 6 M M M 6.7 12 170 M M 5 18 170
19 66 55 61 -2 4 0 0.00 M M 1.9 10 60 M M 9 17 60
20 59 47 53 -10 12 0 1.88 M M 9.3 22 80 M M 10 1 30 80
21 64 49 57 -6 8 0 0.00 M M 4.5 12 40 M M 3 17 40
22 69 43 56 -8 9 0 0.00 M M 5.6 13 140 M M 0 17 160
23 78 55 67 3 0 2 M M M 9.2 16 170 M M 2 24 160
24 82 64 73 9 0 8 M M M 3.5 13 160 M M 6 1 18 170
================================================================================
SM 1798 1332 69 79 4.25 M 146.4 M 76
================================================================================
AV 74.9 55.5 6.1 FASTST M M 3 MAX(MPH)
MISC ----> 22 80 # 32 320
================================================================================
NOTES:
# LAST OF SEVERAL OCCURRENCES
COLUMN 17 PEAK WIND IN M.P.H.
PRELIMINARY LOCAL CLIMATOLOGICAL DATA (WS FORM: F-6) , PAGE 2
STATION: DECATUR
MONTH: APRIL
YEAR: 2024
LATITUDE: 33 15 N
LONGITUDE: 97 30 W
[TEMPERATURE DATA] [PRECIPITATION DATA] SYMBOLS USED IN COLUMN 16
AVERAGE MONTHLY: 65.2 TOTAL FOR MONTH: 4.25 1 = FOG OR MIST
DPTR FM NORMAL: 4.3 DPTR FM NORMAL: 1.83 2 = FOG REDUCING VISIBILITY
HIGHEST: 87 ON 5 GRTST 24HR 1.88 ON 20-20 TO 1/4 MILE OR LESS
LOWEST: 43 ON 22 3 = THUNDER
SNOW, ICE PELLETS, HAIL 4 = ICE PELLETS
TOTAL MONTH: M 5 = HAIL
GRTST 24HR M ON M 6 = FREEZING RAIN OR DRIZZLE
GRTST DEPTH: M ON M 7 = DUSTSTORM OR SANDSTORM:
VSBY 1/2 MILE OR LESS
8 = SMOKE OR HAZE
[NO. OF DAYS WITH] [WEATHER - DAYS WITH] 9 = BLOWING SNOW
X = TORNADO
MAX 32 OR BELOW: 0 0.01 INCH OR MORE: 6
MAX 90 OR ABOVE: 0 0.10 INCH OR MORE: 4
MIN 32 OR BELOW: 0 0.50 INCH OR MORE: 4
MIN 0 OR BELOW: 0 1.00 INCH OR MORE: 1
[HDD (BASE 65) ]
TOTAL THIS MO. 69 CLEAR (SCALE 0-3) 12
DPTR FM NORMAL -66 PTCLDY (SCALE 4-7) 10
TOTAL FM JUL 1 2072 CLOUDY (SCALE 8-10) 2
DPTR FM NORMAL -835
[CDD (BASE 65) ]
TOTAL THIS MO. 79
DPTR FM NORMAL 41 [PRESSURE DATA]
TOTAL FM JAN 1 152 HIGHEST SLP M ON M
DPTR FM NORMAL 102 LOWEST SLP M ON M
[REMARKS]