000
CXUS53 KTOP 010910
CF6LWC
PRELIMINARY LOCAL CLIMATOLOGICAL DATA (WS FORM: F-6)
STATION: LAWRENCE KS
MONTH: JANUARY
YEAR: 2023
LATITUDE: 39 0 N
LONGITUDE: 95 13 W
TEMPERATURE IN F: :PCPN: SNOW: WIND :SUNSHINE: SKY :PK WND
================================================================================
1 2 3 4 5 6A 6B 7 8 9 10 11 12 13 14 15 16 17 18
12Z AVG MX 2MIN
DY MAX MIN AVG DEP HDD CDD WTR SNW DPTH SPD SPD DIR MIN PSBL S-S WX SPD DR
================================================================================
1 61 26 44 14 21 0 0.00 M M 5.3 16 50 M M 1 2 22 50
2 54 41 48 18 17 0 0.20 M M 7.4 15 100 M M 8 123 20 80
3 52 34 43 13 22 0 T M M 13.4 25 260 M M 10 12 32 280
4 48 30 39 9 26 0 0.00 M M 12.9 21 270 M M 4 30 260
5 48 21 35 5 30 0 0.00 M M 9.9 20 300 M M 2 29 300
6 51 16 34 5 31 0 0.00 M M 6.7 17 60 M M 1 25 70
7 40 26 33 4 32 0 T M M 8.3 18 60 M M 10 4 27 60
8 51 17 34 5 31 0 0.00 M M 3.4 10 210 M M 1 18 15 210
9 60 23 42 13 23 0 0.00 M M 7.0 17 230 M M 0 18 24 200
10 58 22 40 11 25 0 0.00 M M 3.5 12 120 M M 0 18 15 130
11 54 24 39 10 26 0 T M M 7.8 28 40 M M 2 8 42 50
12 37 27 32 3 33 0 T M M 17.1 28 340 M M 10 18 39 350
13 33 16 25 -4 40 0 0.00 M M 6.0 20 340 M M 6 18 26 330
14 49 16 33 4 32 0 0.00 M M 8.8 18 160 M M 0 24 160
15 59 34 47 18 18 0 T M M 14.6 28 170 M M 2 40 170
16 60 29 45 16 20 0 T M M 13.9 25 170 M M 3 37 190
17 46 23 35 6 30 0 0.00 M M 5.9 12 10 M M 3 12 15 360
18 40 37 39 10 26 0 0.49 M M 9.6 25 70 M M 9 1 36 60
19 40 23 32 3 33 0 0.01 M M 14.3 26 290 M M 8 1 36 290
20 46 23 35 6 30 0 0.00 M M 3.1 9 320 M M 4 1 12 290
21 37 22 30 1 35 0 0.12 M M 2.3 8 90 M M 7 1 10 50
22 35 22 29 0 36 0 0.02 M M 7.0 13 310 M M 9 18 17 300
23 44 16 30 1 35 0 0.00 M M 3.9 13 260 M M 2 128 19 240
24 38 20 29 0 36 0 0.11 M M 1.6 6 310 M M 4 128 8 160
25 35 21 28 -1 37 0 0.14 M M 11.4 23 320 M M 10 1 29 330
26 31 12 22 -8 43 0 0.00 M M 6.7 13 310 M M 6 18 310
27 52 24 38 8 27 0 0.00 M M 8.8 18 230 M M 4 30 250
28 56 20 38 8 27 0 0.00 M M 12.2 23 340 M M 4 30 340
29 25 12 19 -11 46 0 0.00 M M 13.8 22 350 M M 9 30 350
30 23 6 15 -15 50 0 0.00 M M 9.5 20 360 M M 6 28 350
31 27 5 16 -14 49 0 0.00 M M 2.4 8 220 M M 1 13 290
================================================================================
SM 1390 688 967 0 1.09 M 258.5 M 146
================================================================================
AV 44.8 22.2 8.3 FASTST M M 5 MAX(MPH)
MISC ----> # 28 40 42 50
================================================================================
NOTES:
# LAST OF SEVERAL OCCURRENCES
COLUMN 17 PEAK WIND IN M.P.H.
PRELIMINARY LOCAL CLIMATOLOGICAL DATA (WS FORM: F-6) , PAGE 2
STATION: LAWRENCE KS
MONTH: JANUARY
YEAR: 2023
LATITUDE: 39 0 N
LONGITUDE: 95 13 W
[TEMPERATURE DATA] [PRECIPITATION DATA] SYMBOLS USED IN COLUMN 16
AVERAGE MONTHLY: 33.5 TOTAL FOR MONTH: 1.09 1 = FOG OR MIST
DPTR FM NORMAL: 4.2 DPTR FM NORMAL: 0.22 2 = FOG REDUCING VISIBILITY
HIGHEST: 61 ON 1 GRTST 24HR 0.49 ON 18-18 TO 1/4 MILE OR LESS
LOWEST: 5 ON 31 3 = THUNDER
SNOW, ICE PELLETS, HAIL 4 = ICE PELLETS
TOTAL MONTH: M 5 = HAIL
GRTST 24HR M ON M 6 = FREEZING RAIN OR DRIZZLE
GRTST DEPTH: M ON M 7 = DUSTSTORM OR SANDSTORM:
VSBY 1/2 MILE OR LESS
8 = SMOKE OR HAZE
[NO. OF DAYS WITH] [WEATHER - DAYS WITH] 9 = BLOWING SNOW
X = TORNADO
MAX 32 OR BELOW: 4 0.01 INCH OR MORE: 7
MAX 90 OR ABOVE: 0 0.10 INCH OR MORE: 5
MIN 32 OR BELOW: 27 0.50 INCH OR MORE: 0
MIN 0 OR BELOW: 0 1.00 INCH OR MORE: 0
[HDD (BASE 65) ]
TOTAL THIS MO. 967 CLEAR (SCALE 0-3) 13
DPTR FM NORMAL -139 PTCLDY (SCALE 4-7) 10
TOTAL FM JUL 1 3027 CLOUDY (SCALE 8-10) 8
DPTR FM NORMAL -60
[CDD (BASE 65) ]
TOTAL THIS MO. 0
DPTR FM NORMAL 0 [PRESSURE DATA]
TOTAL FM JAN 1 0 HIGHEST SLP 30.57 ON 30
DPTR FM NORMAL 0 LOWEST SLP 29.35 ON 16
[REMARKS]
#FINAL-01-23#