000
CXUS53 KTOP 010810
CF6LWC
PRELIMINARY LOCAL CLIMATOLOGICAL DATA (WS FORM: F-6)
STATION: LAWRENCE KS
MONTH: APRIL
YEAR: 2021
LATITUDE: 39 0 N
LONGITUDE: 95 13 W
TEMPERATURE IN F: :PCPN: SNOW: WIND :SUNSHINE: SKY :PK WND
================================================================================
1 2 3 4 5 6A 6B 7 8 9 10 11 12 13 14 15 16 17 18
12Z AVG MX 2MIN
DY MAX MIN AVG DEP HDD CDD WTR SNW DPTH SPD SPD DIR MIN PSBL S-S WX SPD DR
================================================================================
1 55 20 38 -12 27 0 0.00 M M 5.1 13 130 M M 0 8 16 100
2 70 33 52 1 13 0 0.00 M M 14.0 26 170 M M 0 36 190
3 76 42 59 8 6 0 0.00 M M 9.8 21 210 M M 0 8 30 210
4 82 51 67 16 0 2 0.00 M M 11.3 23 190 M M 0 8 32 190
5 82 53 68 16 0 3 0.00 M M 13.8 30 190 M M 0 40 180
6 77 60 69 17 0 4 T M M 15.5 30 160 M M 2 40 160
7 71 48 60 8 5 0 0.46 M M 11.8 25 300 M M 10 13 37 300
8 59 44 52 -1 13 0 0.23 M M 10.8 22 280 M M 7 12 29 280
9 74 34 54 1 11 0 0.36 M M 7.7 28 310 M M 5 12 37 310
10 63 40 52 -1 13 0 0.27 M M 12.7 28 330 M M 6 1 34 330
11 81 31 56 2 9 0 0.00 M M 8.4 24 280 M M 0 32 280
12 63 38 51 -3 14 0 0.00 M M 9.5 21 330 M M 4 28 320
13 63 33 48 -6 17 0 0.00 M M 7.2 16 300 M M 0 22 280
14 61 35 48 -6 17 0 0.00 M M 9.5 18 310 M M 1 26 280
15 61 34 48 -7 17 0 0.00 M M 6.6 13 310 M M 3 25 360
16 50 43 47 -8 18 0 0.33 M M 6.9 13 10 M M 9 1 17 20
17 57 39 48 -7 17 0 0.06 M M 8.3 18 20 M M 9 1 26 20
18 63 35 49 -7 16 0 T M M 7.0 15 280 M M 6 23 280
19 56 32 44 -12 21 0 0.00 M M 10.5 23 350 M M 1 30 360
20 49 29 39 -17 26 0 0.14 M M 9.1 20 340 M M 7 1 26 290
21 51 27 39 -18 26 0 T M M 8.2 23 320 M M 3 30 340
22 59 23 41 -16 24 0 T M M 7.3 21 180 M M 3 29 190
23 56 46 51 -6 14 0 0.10 M M 8.3 14 150 M M 10 13 18 40
24 69 44 57 -1 8 0 0.00 M M 8.0 23 340 M M 3 1 32 350
25 78 39 59 1 6 0 0.00 M M 12.0 29 170 M M 0 39 160
26 88 60 74 16 0 9 0.00 M M 17.9 35 200 M M 0 46 190
27 80 65 73 15 0 8 T M M 12.1 26 190 M M 2 39 190
28 77 59 68 9 0 3 2.49 M M 5.6 18 250 M M 9 123 27 240
29 79 49 64 5 1 0 0.00 M M 8.8 20 350 M M 2 1 28 340
30 81 42 62 3 3 0 0.00 M M 6.9 16 190 M M 0 20 190
================================================================================
SM 2031 1228 342 29 4.44 M 290.6 M 102
================================================================================
AV 67.7 40.9 9.7 FASTST M M 3 MAX(MPH)
MISC ----> 35 200 46 190
================================================================================
NOTES:
# LAST OF SEVERAL OCCURRENCES
COLUMN 17 PEAK WIND IN M.P.H.
PRELIMINARY LOCAL CLIMATOLOGICAL DATA (WS FORM: F-6) , PAGE 2
STATION: LAWRENCE KS
MONTH: APRIL
YEAR: 2021
LATITUDE: 39 0 N
LONGITUDE: 95 13 W
[TEMPERATURE DATA] [PRECIPITATION DATA] SYMBOLS USED IN COLUMN 16
AVERAGE MONTHLY: 54.3 TOTAL FOR MONTH: 4.44 1 = FOG OR MIST
DPTR FM NORMAL: -0.6 DPTR FM NORMAL: 0.67 2 = FOG REDUCING VISIBILITY
HIGHEST: 88 ON 26 GRTST 24HR 2.49 ON 27-28 TO 1/4 MILE OR LESS
LOWEST: 20 ON 1 3 = THUNDER
SNOW, ICE PELLETS, HAIL 4 = ICE PELLETS
TOTAL MONTH: M 5 = HAIL
GRTST 24HR M ON M 6 = FREEZING RAIN OR DRIZZLE
GRTST DEPTH: M ON M 7 = DUSTSTORM OR SANDSTORM:
VSBY 1/2 MILE OR LESS
8 = SMOKE OR HAZE
[NO. OF DAYS WITH] [WEATHER - DAYS WITH] 9 = BLOWING SNOW
X = TORNADO
MAX 32 OR BELOW: 0 0.01 INCH OR MORE: 9
MAX 90 OR ABOVE: 0 0.10 INCH OR MORE: 8
MIN 32 OR BELOW: 6 0.50 INCH OR MORE: 1
MIN 0 OR BELOW: 0 1.00 INCH OR MORE: 1
[HDD (BASE 65) ]
TOTAL THIS MO. 342 CLEAR (SCALE 0-3) 18
DPTR FM NORMAL 19 PTCLDY (SCALE 4-7) 7
TOTAL FM JUL 1 4868 CLOUDY (SCALE 8-10) 5
DPTR FM NORMAL -112
[CDD (BASE 65) ]
TOTAL THIS MO. 29
DPTR FM NORMAL 9 [PRESSURE DATA]
TOTAL FM JAN 1 29 HIGHEST SLP M ON M
DPTR FM NORMAL 6 LOWEST SLP 29.49 ON 8
[REMARKS]
#FINAL-04-21#