000
CXUS53 KTOP 010800
CF6LWC
PRELIMINARY LOCAL CLIMATOLOGICAL DATA (WS FORM: F-6)
STATION: Lawrence KS
MONTH: MARCH
YEAR: 2020
LATITUDE: 39 0 N
LONGITUDE: 95 13 W
TEMPERATURE IN F: :PCPN: SNOW: WIND :SUNSHINE: SKY :PK WND
================================================================================
1 2 3 4 5 6A 6B 7 8 9 10 11 12 13 14 15 16 17 18
12Z AVG MX 2MIN
DY MAX MIN AVG DEP HDD CDD WTR SNW DPTH SPD SPD DIR MIN PSBL S-S WX SPD DR
================================================================================
1 67 48 58 19 7 0 0.00 M M 10.1 25 190 M M 1 36 190
2 56 28 42 3 23 0 0.00 M M 6.0 15 360 M M 0 8 21 360
3 64 29 47 8 18 0 0.00 M M 7.1 20 280 M M 0 36 270
4 62 26 44 4 21 0 0.00 M M 5.3 18 310 M M 0 8 23 310
5 61 31 46 6 19 0 0.00 M M 15.0 36 310 M M 0 48 300
6 56 22 39 -2 26 0 0.00 M M 6.1 14 340 M M 0 8 19 340
7 70 30 50 9 15 0 0.00 M M 13.5 25 180 M M 0 38 190
8 70 47 59 18 6 0 0.07 M M 18.8 33 190 M M 2 1 46 200
9 59 36 48 6 17 0 1.78 M M 14.3 28 320 M M 10 1 34 170
10 48 34 41 -1 24 0 0.00 M M 6.2 15 330 M M 7 1 20 320
11 68 36 52 10 13 0 T M M 3.9 12 200 M M 1 18 16 170
12 69 40 55 12 10 0 0.00 M M 11.1 28 330 M M 5 3 37 330
13 46 34 40 -3 25 0 0.02 M M 6.7 16 40 M M 7 21 50
14 40 36 38 -6 27 0 0.35 M M 11.4 21 60 M M 9 1 28 90
15 38 34 36 -8 29 0 T M M 7.6 14 80 M M 10 18 20 80
16 45 37 41 -3 24 0 0.04 M M 3.8 9 110 M M 10 1 11 110
17 50 41 46 1 19 0 0.01 M M 8.3 17 140 M M 10 18 24 140
18 62 47 55 10 10 0 0.36 M M 5.2 12 160 M M 9 1 16 160
19 76 47 62 16 3 0 0.31 M M 13.0 31 340 M M 6 13 43 330
20 47 26 37 -9 28 0 0.00 M M 17.8 35 350 M M 4 49 340
21 49 21 35 -11 30 0 0.00 M M 5.6 14 140 M M 1 19 140
22 47 38 43 -4 22 0 0.27 M M 7.9 15 140 M M 10 1 19 130
23 52 43 48 1 17 0 0.00 M M 6.9 13 70 M M 10 1 17 80
24 59 45 52 4 13 0 0.02 M M 8.8 17 140 M M 9 18 22 80
25 74 46 60 12 5 0 0.00 M M 10.6 23 170 M M 5 1 31 170
26 68 52 60 12 5 0 0.12 M M 7.0 17 100 M M 3 13 21 100
27 63 52 58 10 7 0 0.07 M M 5.8 20 320 M M 9 138 23 330
28 74 47 61 12 4 0 T M M 18.7 36 200 M M 6 18 51 200
29 70 40 55 6 10 0 0.00 M M 12.4 29 290 M M 1 40 300
30 72 34 53 3 12 0 0.00 M M 6.9 16 110 M M 1 22 120
31 71 44 58 8 7 0 0.00 M M 5.5 17 310 M M 3 18 22 300
================================================================================
SM 1853 1171 496 0 3.42 M 287.3 M 149
================================================================================
AV 59.8 37.8 9.3 FASTST M M 5 MAX(MPH)
MISC ----> # 36 310 # 51 200
================================================================================
NOTES:
# LAST OF SEVERAL OCCURRENCES
COLUMN 17 PEAK WIND IN M.P.H.
PRELIMINARY LOCAL CLIMATOLOGICAL DATA (WS FORM: F-6) , PAGE 2
STATION: Lawrence KS
MONTH: MARCH
YEAR: 2020
LATITUDE: 39 0 N
LONGITUDE: 95 13 W
[TEMPERATURE DATA] [PRECIPITATION DATA] SYMBOLS USED IN COLUMN 16
AVERAGE MONTHLY: 48.8 TOTAL FOR MONTH: 3.42 1 = FOG OR MIST
DPTR FM NORMAL: 4.4 DPTR FM NORMAL: 0.80 2 = FOG REDUCING VISIBILITY
HIGHEST: 76 ON 19 GRTST 24HR 1.78 ON 9- 9 TO 1/4 MILE OR LESS
LOWEST: 21 ON 21 3 = THUNDER
SNOW, ICE PELLETS, HAIL 4 = ICE PELLETS
TOTAL MONTH: M 5 = HAIL
GRTST 24HR M ON M 6 = FREEZING RAIN OR DRIZZLE
GRTST DEPTH: M ON M 7 = DUSTSTORM OR SANDSTORM:
VSBY 1/2 MILE OR LESS
8 = SMOKE OR HAZE
[NO. OF DAYS WITH] [WEATHER - DAYS WITH] 9 = BLOWING SNOW
X = TORNADO
MAX 32 OR BELOW: 0 0.01 INCH OR MORE: 12
MAX 90 OR ABOVE: 0 0.10 INCH OR MORE: 6
MIN 32 OR BELOW: 8 0.50 INCH OR MORE: 1
MIN 0 OR BELOW: 0 1.00 INCH OR MORE: 1
[HDD (BASE 65) ]
TOTAL THIS MO. 496 CLEAR (SCALE 0-3) 14
DPTR FM NORMAL -145 PTCLDY (SCALE 4-7) 7
TOTAL FM JUL 1 4394 CLOUDY (SCALE 8-10) 10
DPTR FM NORMAL -262
[CDD (BASE 65) ]
TOTAL THIS MO. 0
DPTR FM NORMAL -3 [PRESSURE DATA]
TOTAL FM JAN 1 0 HIGHEST SLP M ON M
DPTR FM NORMAL -3 LOWEST SLP 29.41 ON 28
[REMARKS]
#FINAL-03-20#