000
CXUS53 KDMX 020619
CF6LWD
PRELIMINARY LOCAL CLIMATOLOGICAL DATA (WS FORM: F-6)
STATION: LAMONI IA
MONTH: JUNE
YEAR: 2023
LATITUDE: 40 37 N
LONGITUDE: 93 56 W
TEMPERATURE IN F: :PCPN: SNOW: WIND :SUNSHINE: SKY :PK WND
================================================================================
1 2 3 4 5 6A 6B 7 8 9 10 11 12 13 14 15 16 17 18
12Z AVG MX 2MIN
DY MAX MIN AVG DEP HDD CDD WTR SNW DPTH SPD SPD DIR MIN PSBL S-S WX SPD DR
================================================================================
1 86 66 76 8 0 11 T 0.0 0 6.3 20 250 M M 3 3 26 250
2 89 64 77 9 0 12 0.06 0.0 0 5.3 26 90 M M 1 13 45 90
3 90 62 76 7 0 11 0.00 0.0 0 4.6 13 100 M M 0 1 25 50
4 88 62 75 6 0 10 0.00 0.0 0 4.1 13 30 M M 1 21 60
5 87 60 74 5 0 9 0.00 0.0 0 3.9 8 80 M M 0 8 15 70
6 89 59 74 4 0 9 0.00 0.0 0 2.9 13 250 M M 0 8 17 250
7 82 67 75 5 0 10 0.00 0.0 0 5.2 12 80 M M 2 18 60
8 75 59 67 -3 0 2 0.10 0.0 0 4.5 10 140 M M 5 1 16 140
9 79 53 66 -4 0 1 0.00 0.0 0 4.3 12 150 M M 1 17 160
10 77 63 70 -1 0 5 0.08 0.0 0 4.5 14 180 M M 8 1 19 180
11 72 53 63 -8 2 0 0.25 0.0 0 10.4 21 350 M M 7 1 29 360
12 75 47 61 -10 4 0 0.00 0.0 0 6.0 15 340 M M 1 1 21 290
13 84 56 70 -2 0 5 0.00 0.0 0 10.9 20 310 M M 1 28 290
14 87 57 72 0 0 7 0.00 0.0 0 7.8 13 310 M M 1 17 280
15 87 61 74 2 0 9 0.00 0.0 0 6.0 12 270 M M 1 19 330
16 86 62 74 2 0 9 0.00 0.0 0 4.4 9 30 M M 0 18 16 50
17 86 61 74 2 0 9 0.00 0.0 0 7.5 22 190 M M 1 3 33 160
18 83 64 74 1 0 9 0.57 0.0 0 5.5 18 320 M M 5 13 24 320
19 90 61 76 3 0 11 0.00 0.0 0 3.5 8 110 M M 0 12 12 120
20 88 67 78 5 0 13 0.00 0.0 0 4.9 12 130 M M 0 20 100
21 88 65 77 4 0 12 0.00 0.0 0 5.1 13 70 M M 0 23 30
22 91 64 78 4 0 13 0.00 0.0 0 2.5 9 180 M M 2 13 190
23 90 63 77 3 0 12 0.00 0.0 0 4.0 12 200 M M 1 14 200
24 91 71 81 7 0 16 0.00 0.0 0 10.3 21 220 M M 2 29 190
25 82 64 73 -1 0 8 0.00 0.0 0 15.4 29 290 M M 2 40 280
26 82 60 71 -3 0 6 0.00 0.0 0 12.0 24 330 M M 1 34 300
27 86 58 72 -2 0 7 0.00 0.0 0 4.4 12 140 M M 0 8 17 110
28 91 68 80 6 0 15 0.01 0.0 0 8.6 21 150 M M 2 38 31 170
29 88 67 78 3 0 13 0.43 0.0 0 5.2 38 290 M M 2 138 67 290
30 88 67 78 3 0 13 1.66 0.0 0 6.3 46 320 M M 2 123 66 310
================================================================================
SM 2557 1851 6 267 3.16 0.0 186.3 M 52
================================================================================
AV 85.2 61.7 6.2 FASTST M M 2 MAX(MPH)
MISC ----> 46 320 67 290
================================================================================
NOTES:
# LAST OF SEVERAL OCCURRENCES
COLUMN 17 PEAK WIND IN M.P.H.
PRELIMINARY LOCAL CLIMATOLOGICAL DATA (WS FORM: F-6) , PAGE 2
STATION: LAMONI IA
MONTH: JUNE
YEAR: 2023
LATITUDE: 40 37 N
LONGITUDE: 93 56 W
[TEMPERATURE DATA] [PRECIPITATION DATA] SYMBOLS USED IN COLUMN 16
AVERAGE MONTHLY: 73.5 TOTAL FOR MONTH: 3.16 1 = FOG OR MIST
DPTR FM NORMAL: 1.7 DPTR FM NORMAL: -1.65 2 = FOG REDUCING VISIBILITY
HIGHEST: 91 ON 28,24 GRTST 24HR 1.66 ON 30-30 TO 1/4 MILE OR LESS
LOWEST: 47 ON 12 3 = THUNDER
SNOW, ICE PELLETS, HAIL 4 = ICE PELLETS
TOTAL MONTH: 0.0 INCH 5 = HAIL
GRTST 24HR 0.0 6 = FREEZING RAIN OR DRIZZLE
GRTST DEPTH: 0 7 = DUSTSTORM OR SANDSTORM:
VSBY 1/2 MILE OR LESS
8 = SMOKE OR HAZE
[NO. OF DAYS WITH] [WEATHER - DAYS WITH] 9 = BLOWING SNOW
X = TORNADO
MAX 32 OR BELOW: 0 0.01 INCH OR MORE: 8
MAX 90 OR ABOVE: 6 0.10 INCH OR MORE: 5
MIN 32 OR BELOW: 0 0.50 INCH OR MORE: 2
MIN 0 OR BELOW: 0 1.00 INCH OR MORE: 1
[HDD (BASE 65) ]
TOTAL THIS MO. 6 CLEAR (SCALE 0-3) 26
DPTR FM NORMAL -9 PTCLDY (SCALE 4-7) 4
TOTAL FM JUL 1 5629 CLOUDY (SCALE 8-10) 0
DPTR FM NORMAL -262
[CDD (BASE 65) ]
TOTAL THIS MO. 267
DPTR FM NORMAL 47 [PRESSURE DATA]
TOTAL FM JAN 1 360 HIGHEST SLP 30.06 ON 30
DPTR FM NORMAL 66 LOWEST SLP 29.65 ON 18
[REMARKS]
#FINAL-06-23#