000
CXUS53 KDMX 051441
CF6LWD
PRELIMINARY LOCAL CLIMATOLOGICAL DATA (WS FORM: F-6)
STATION: LAMONI IA
MONTH: DECEMBER
YEAR: 2022
LATITUDE: 40 37 N
LONGITUDE: 93 56 W
TEMPERATURE IN F: :PCPN: SNOW: WIND :SUNSHINE: SKY :PK WND
================================================================================
1 2 3 4 5 6A 6B 7 8 9 10 11 12 13 14 15 16 17 18
12Z AVG MX 2MIN
DY MAX MIN AVG DEP HDD CDD WTR SNW DPTH SPD SPD DIR MIN PSBL S-S WX SPD DR
================================================================================
1 44 17 31 -3 34 0 0.00 0.0 M 12.0 26 180 M M 1 40 190
2 56 22 39 5 26 0 0.00 0.0 M 17.7 35 320 M M 4 48 320
3 30 11 21 -12 44 0 0.00 0.0 M 10.6 30 320 M M 0 39 320
4 46 19 33 0 32 0 0.00 0.0 M 9.9 16 250 M M 0 21 270
5 48 25 37 5 28 0 0.00 0.0 M 7.4 14 30 M M 1 20 20
6 44 27 36 4 29 0 0.00 0.0 M 5.4 14 30 M M 3 18 18 20
7 51 24 38 6 27 0 0.00 0.0 M 5.6 14 50 M M 0 8 19 20
8 41 27 34 2 31 0 0.08 0.0 M 7.8 13 90 M M 9 18 20 80
9 42 34 38 7 27 0 T 0.0 M 8.3 22 250 M M 10 1 28 250
10 36 31 34 3 31 0 0.00 0.0 M 6.5 13 280 M M 10 1 17 260
11 37 22 30 0 35 0 0.00 0.0 M 2.6 8 140 M M 6 12 12 140
12 37 26 32 2 33 0 0.00 0.0 M 10.4 17 90 M M 10 1 28 120
13 47 36 42 12 23 0 1.91 0.0 M 12.0 18 130 M M 10 1 33 130
14 42 28 35 5 30 0 0.00 0.0 M 12.2 18 240 M M 4 26 200
15 32 25 29 0 36 0 T M M 19.5 26 270 M M 10 8 38 250
16 26 17 22 -7 43 0 T M M 18.5 26 280 M M 8 35 270
17 24 11 18 -11 47 0 T M M 15.9 28 290 M M 5 35 310
18 30 6 18 -10 47 0 0.00 0.0 M 6.0 12 290 M M 0 16 290
19 36 20 28 0 37 0 0.00 0.0 M 6.8 15 310 M M 7 21 150
20 28 9 19 -9 46 0 T M M 10.6 20 340 M M 10 25 340
21 28 8 18 -10 47 0 0.04 M M 7.4 25 330 M M 10 16 34 340
22 14 -11 2 -26 63 0 0.04 M M 21.4 30 310 M M 8 18 40 320
23 0 -11 -5 -32 70 0 0.00 0.0 M 25.1 33 290 M M 5 43 290
24 13 -2 6 -21 59 0 0.00 0.0 M 17.6 29 290 M M 0 40 290
25 20 -3 9 -18 56 0 0.02 M M 9.6 17 300 M M 3 24 200
26 27 1 14 -12 51 0 T M M 13.7 30 300 M M 5 39 300
27 33 3 18 -8 47 0 0.00 0.0 M 14.3 23 180 M M 0 33 180
28 49 33 41 15 24 0 0.00 0.0 M 13.8 23 180 M M 0 34 190
29 64 34 49 23 16 0 0.00 0.0 M 15.1 32 210 M M 1 48 210
30 42 23 33 7 32 0 0.00 0.0 M 5.8 15 290 M M 2 22 280
31 48 28 38 12 27 0 0.00 0.0 M 8.1 17 170 M M 5 1 23 170
================================================================================
SM 1115 540 1178 0 2.09 0.0 357.6 M 147
================================================================================
AV 36.0 17.4 11.5 FASTST M M 5 MAX(MPH)
MISC ----> 35 320 # 48 320
================================================================================
NOTES:
# LAST OF SEVERAL OCCURRENCES
COLUMN 17 PEAK WIND IN M.P.H.
PRELIMINARY LOCAL CLIMATOLOGICAL DATA (WS FORM: F-6) , PAGE 2
STATION: LAMONI IA
MONTH: DECEMBER
YEAR: 2022
LATITUDE: 40 37 N
LONGITUDE: 93 56 W
[TEMPERATURE DATA] [PRECIPITATION DATA] SYMBOLS USED IN COLUMN 16
AVERAGE MONTHLY: 26.7 TOTAL FOR MONTH: 2.09 1 = FOG OR MIST
DPTR FM NORMAL: -2.6 DPTR FM NORMAL: 0.61 2 = FOG REDUCING VISIBILITY
HIGHEST: 64 ON 29 GRTST 24HR 1.91 ON 13-13 TO 1/4 MILE OR LESS
LOWEST: -11 ON 23,22 3 = THUNDER
SNOW, ICE PELLETS, HAIL 4 = ICE PELLETS
TOTAL MONTH: 0.0 INCH 5 = HAIL
GRTST 24HR 0.0 6 = FREEZING RAIN OR DRIZZLE
GRTST DEPTH: M ON M 7 = DUSTSTORM OR SANDSTORM:
VSBY 1/2 MILE OR LESS
8 = SMOKE OR HAZE
[NO. OF DAYS WITH] [WEATHER - DAYS WITH] 9 = BLOWING SNOW
X = TORNADO
MAX 32 OR BELOW: 12 0.01 INCH OR MORE: 5
MAX 90 OR ABOVE: 0 0.10 INCH OR MORE: 1
MIN 32 OR BELOW: 27 0.50 INCH OR MORE: 1
MIN 0 OR BELOW: 4 1.00 INCH OR MORE: 1
[HDD (BASE 65) ]
TOTAL THIS MO. 1178 CLEAR (SCALE 0-3) 13
DPTR FM NORMAL 71 PTCLDY (SCALE 4-7) 10
TOTAL FM JUL 1 2335 CLOUDY (SCALE 8-10) 8
DPTR FM NORMAL 31
[CDD (BASE 65) ]
TOTAL THIS MO. 0
DPTR FM NORMAL 0 [PRESSURE DATA]
TOTAL FM JAN 1 1306 HIGHEST SLP 30.61 ON 20
DPTR FM NORMAL 268 LOWEST SLP 29.48 ON 28
[REMARKS]
#FINAL-12-22#