000
CXUS53 KDMX 050303
CF6LWD
PRELIMINARY LOCAL CLIMATOLOGICAL DATA (WS FORM: F-6)
STATION: LAMONI IA
MONTH: FEBRUARY
YEAR: 2022
LATITUDE: 40 37 N
LONGITUDE: 93 56 W
TEMPERATURE IN F: :PCPN: SNOW: WIND :SUNSHINE: SKY :PK WND
================================================================================
1 2 3 4 5 6A 6B 7 8 9 10 11 12 13 14 15 16 17 18
12Z AVG MX 2MIN
DY MAX MIN AVG DEP HDD CDD WTR SNW DPTH SPD SPD DIR MIN PSBL S-S WX SPD DR
================================================================================
1 42 19 31 6 34 0 0.00 0.0 M 13.1 26 360 M M 4 41 10
2 19 6 13 -12 52 0 0.04 M M 17.9 26 10 M M 7 18 40 10
3 16 0 8 -17 57 0 0.00 0.0 M 12.7 22 30 M M 1 29 20
4 28 -1 14 -12 51 0 0.00 0.0 M 10.6 28 320 M M 1 39 320
5 44 6 25 -1 40 0 0.00 0.0 M 12.9 29 200 M M 0 41 200
6 48 21 35 9 30 0 0.00 0.0 M 10.3 23 320 M M 2 30 310
7 45 16 31 5 34 0 0.00 0.0 M 6.2 13 230 M M 4 8 18 190
8 54 31 43 16 22 0 0.00 0.0 M 11.3 20 280 M M 0 25 300
9 48 27 38 11 27 0 0.00 0.0 M 13.5 28 290 M M 3 37 290
10 44 19 32 5 33 0 T 0.0 M 10.8 20 200 M M 2 25 200
11 46 14 30 3 35 0 0.31 M M 16.7 31 330 M M 8 1 43 320
12 23 5 14 -14 51 0 0.00 0.0 M 8.6 21 350 M M 2 29 340
13 22 14 18 -10 47 0 0.00 0.0 M 9.2 21 10 M M 4 32 360
14 39 16 28 0 37 0 0.00 0.0 M 7.3 16 10 M M 1 24 330
15 59 23 41 12 24 0 0.00 0.0 M 11.3 21 150 M M 0 31 170
16 63 26 45 16 20 0 0.05 M M 13.5 24 340 M M 5 168 34 20
17 26 13 20 -9 45 0 0.00 0.0 M 14.6 29 10 M M 5 40 20
18 47 12 30 0 35 0 0.00 0.0 M 16.9 31 210 M M 1 42 200
19 32 11 22 -8 43 0 0.00 0.0 M 9.9 26 340 M M 0 35 340
20 61 23 42 12 23 0 0.00 0.0 M 13.9 30 220 M M 0 39 230
21 63 35 49 18 16 0 0.00 0.0 M 9.7 20 360 M M 1 1 28 190
22 36 6 21 -10 44 0 T M M 18.4 28 310 M M 10 16 37 320
23 19 1 10 -22 55 0 0.00 0.0 M 11.2 21 330 M M 1 28 340
24 19 9 14 -18 51 0 0.04 M M 9.5 18 310 M M 9 18 24 310
25 23 0 12 -20 53 0 0.00 0.0 M 7.4 16 310 M M 1 21 320
26 40 10 25 -8 40 0 0.00 0.0 M 9.3 15 200 M M 0 20 200
27 52 18 35 2 30 0 0.00 0.0 M 9.9 15 260 M M 0 22 290
28 64 29 47 13 18 0 0.00 0.0 M 10.6 17 280 M M 0 27 280
================================================================================
SM 1122 409 1047 0 0.44 0.0 327.2 M 72
================================================================================
AV 40.1 14.6 11.7 FASTST M M 3 MAX(MPH)
MISC ----> # 31 330 43 320
================================================================================
NOTES:
# LAST OF SEVERAL OCCURRENCES
COLUMN 17 PEAK WIND IN M.P.H.
PRELIMINARY LOCAL CLIMATOLOGICAL DATA (WS FORM: F-6) , PAGE 2
STATION: LAMONI IA
MONTH: FEBRUARY
YEAR: 2022
LATITUDE: 40 37 N
LONGITUDE: 93 56 W
[TEMPERATURE DATA] [PRECIPITATION DATA] SYMBOLS USED IN COLUMN 16
AVERAGE MONTHLY: 27.3 TOTAL FOR MONTH: 0.44 1 = FOG OR MIST
DPTR FM NORMAL: -1.5 DPTR FM NORMAL: -0.91 2 = FOG REDUCING VISIBILITY
HIGHEST: 64 ON 28 GRTST 24HR 0.31 ON 10-11 TO 1/4 MILE OR LESS
LOWEST: -1 ON 4 3 = THUNDER
SNOW, ICE PELLETS, HAIL 4 = ICE PELLETS
TOTAL MONTH: 0.0 INCH 5 = HAIL
GRTST 24HR 0.0 6 = FREEZING RAIN OR DRIZZLE
GRTST DEPTH: M ON M 7 = DUSTSTORM OR SANDSTORM:
VSBY 1/2 MILE OR LESS
8 = SMOKE OR HAZE
[NO. OF DAYS WITH] [WEATHER - DAYS WITH] 9 = BLOWING SNOW
X = TORNADO
MAX 32 OR BELOW: 10 0.01 INCH OR MORE: 4
MAX 90 OR ABOVE: 0 0.10 INCH OR MORE: 1
MIN 32 OR BELOW: 27 0.50 INCH OR MORE: 0
MIN 0 OR BELOW: 3 1.00 INCH OR MORE: 0
[HDD (BASE 65) ]
TOTAL THIS MO. 1047 CLEAR (SCALE 0-3) 19
DPTR FM NORMAL 35 PTCLDY (SCALE 4-7) 7
TOTAL FM JUL 1 4194 CLOUDY (SCALE 8-10) 2
DPTR FM NORMAL -384
[CDD (BASE 65) ]
TOTAL THIS MO. 0
DPTR FM NORMAL 0 [PRESSURE DATA]
TOTAL FM JAN 1 0 HIGHEST SLP 30.69 ON 23
DPTR FM NORMAL 0 LOWEST SLP 29.58 ON 21
[REMARKS]
#FINAL-02-22#