000
CXUS53 KDMX 290810
CF6LWD
PRELIMINARY LOCAL CLIMATOLOGICAL DATA (WS FORM: F-6)
STATION: LAMONI IA
MONTH: MARCH
YEAR: 2024
LATITUDE: 40 37 N
LONGITUDE: 93 56 W
TEMPERATURE IN F: :PCPN: SNOW: WIND :SUNSHINE: SKY :PK WND
================================================================================
1 2 3 4 5 6A 6B 7 8 9 10 11 12 13 14 15 16 17 18
12Z AVG MX 2MIN
DY MAX MIN AVG DEP HDD CDD WTR SNW DPTH SPD SPD DIR MIN PSBL S-S WX SPD DR
================================================================================
1 52 34 43 9 22 0 0.00 0.0 M 12.3 20 190 M M 3 31 160
2 67 33 50 15 15 0 0.00 0.0 M 11.9 23 150 M M 0 35 150
3 77 49 63 28 2 0 0.00 0.0 M 18.0 35 230 M M 0 46 240
4 57 40 49 13 16 0 T 0.0 M 13.4 28 30 M M 9 38 30
5 57 34 46 10 19 0 0.00 0.0 M 8.1 18 40 M M 5 1 27 40
6 65 30 48 12 17 0 0.00 0.0 M 6.6 15 120 M M 1 8 25 100
7 51 40 46 9 19 0 0.18 0.0 M 7.1 14 30 M M 8 1 19 60
8 45 32 39 2 26 0 0.22 M M 15.6 24 350 M M 9 1 36 360
9 49 22 36 -2 29 0 0.00 0.0 M 11.5 22 310 M M 0 29 310
10 58 24 41 3 24 0 0.00 0.0 M 6.1 15 180 M M 0 20 170
11 72 39 56 17 9 0 0.00 0.0 M 15.3 26 210 M M 0 36 210
12 70 45 58 19 7 0 0.00 0.0 M 8.9 21 220 M M 1 28 230
13 71 44 58 18 7 0 0.36 0.0 M 6.1 13 260 M M 1 13 18 140
14 58 46 52 12 13 0 0.52 0.0 M 11.1 21 20 M M 9 123 31 30
15 60 39 50 10 15 0 0.00 0.0 M 9.7 18 300 M M 2 24 320
16 58 36 47 6 18 0 0.00 0.0 M 15.5 29 300 M M 0 38 300
17 38 24 31 -10 34 0 0.00 0.0 M 12.7 24 310 M M 2 36 320
18 37 18 28 -14 37 0 0.00 0.0 0 11.3 24 350 M M 1 31 350
19 65 27 46 4 19 0 0.00 0.0 0 12.4 21 240 M M 0 31 330
20 47 30 39 -4 26 0 0.00 0.0 0 10.9 21 20 M M 0 31 20
21 52 30 41 -2 24 0 0.00 0.0 0 8.1 15 100 M M 3 22 100
22 40 29 35 -8 30 0 0.15 M M 12.8 22 330 M M 7 1 31 10
23 39 22 31 -13 34 0 0.03 M M 8.2 17 20 M M 6 24 110
24 54 37 46 2 19 0 0.13 M M 11.5 21 170 M M 9 3 32 170
25 62 48 55 10 10 0 0.13 0.0 0 13.2 24 150 M M 7 1 36 140
26 48 27 38 -7 27 0 0.36 M M 17.5 28 290 M M 10 1 34 290
27 38 21 30 -15 35 0 0.00 0.0 M 8.7 18 300 M M 6 23 300
28 66 29 48 2 17 0 0.00 0.0 M 11.1 25 240 M M 1 33 240
================================================================================
SM 1553 929 570 0 2.08 0.0 315.6 M 100
================================================================================
AV 55.5 33.2 11.3 FASTST M M 4 MAX(MPH)
MISC ----> 35 230 46 240
================================================================================
NOTES:
# LAST OF SEVERAL OCCURRENCES
COLUMN 17 PEAK WIND IN M.P.H.
PRELIMINARY LOCAL CLIMATOLOGICAL DATA (WS FORM: F-6) , PAGE 2
STATION: LAMONI IA
MONTH: MARCH
YEAR: 2024
LATITUDE: 40 37 N
LONGITUDE: 93 56 W
[TEMPERATURE DATA] [PRECIPITATION DATA] SYMBOLS USED IN COLUMN 16
AVERAGE MONTHLY: 44.3 TOTAL FOR MONTH: 2.08 1 = FOG OR MIST
DPTR FM NORMAL: 4.2 DPTR FM NORMAL: 0.15 2 = FOG REDUCING VISIBILITY
HIGHEST: 77 ON 3 GRTST 24HR 0.88 ON 13-14 TO 1/4 MILE OR LESS
LOWEST: 18 ON 18 3 = THUNDER
SNOW, ICE PELLETS, HAIL 4 = ICE PELLETS
TOTAL MONTH: 0.0 INCH 5 = HAIL
GRTST 24HR 0.0 6 = FREEZING RAIN OR DRIZZLE
GRTST DEPTH: 0 7 = DUSTSTORM OR SANDSTORM:
VSBY 1/2 MILE OR LESS
8 = SMOKE OR HAZE
[NO. OF DAYS WITH] [WEATHER - DAYS WITH] 9 = BLOWING SNOW
X = TORNADO
MAX 32 OR BELOW: 0 0.01 INCH OR MORE: 9
MAX 90 OR ABOVE: 0 0.10 INCH OR MORE: 8
MIN 32 OR BELOW: 14 0.50 INCH OR MORE: 1
MIN 0 OR BELOW: 0 1.00 INCH OR MORE: 0
[HDD (BASE 65) ]
TOTAL THIS MO. 570 CLEAR (SCALE 0-3) 17
DPTR FM NORMAL -126 PTCLDY (SCALE 4-7) 6
TOTAL FM JUL 1 4391 CLOUDY (SCALE 8-10) 5
DPTR FM NORMAL -883
[CDD (BASE 65) ]
TOTAL THIS MO. 0
DPTR FM NORMAL 0 [PRESSURE DATA]
TOTAL FM JAN 1 0 HIGHEST SLP M ON M
DPTR FM NORMAL 0 LOWEST SLP 29.30 ON 25
[REMARKS]