000
CXUS53 KILX 010900
CF6LWV
PRELIMINARY LOCAL CLIMATOLOGICAL DATA (WS FORM: F-6)
STATION: LAWRENCEVILLE IL AIRPORT
MONTH: OCTOBER
YEAR: 2023
LATITUDE: 38 45 N
LONGITUDE: 87 36 W
TEMPERATURE IN F: :PCPN: SNOW: WIND :SUNSHINE: SKY :PK WND
================================================================================
1 2 3 4 5 6A 6B 7 8 9 10 11 12 13 14 15 16 17 18
12Z AVG MX 2MIN
DY MAX MIN AVG DEP HDD CDD WTR SNW DPTH SPD SPD DIR MIN PSBL S-S WX SPD DR
================================================================================
1 88 56 72 8 0 7 0.00 M M 5.1 13 120 M M 0 20 120
2 90 55 73 10 0 8 0.00 M M 3.2 12 130 M M 0 1 17 120
3 91 54 73 10 0 8 0.00 M M 4.4 14 170 M M 0 21 140
4 91 63 77 14 0 12 0.00 M M 7.6 22 210 M M 0 8 30 210
5 71 60 66 4 0 1 0.83 M M 7.6 16 190 M M 8 12 24 190
6 74 48 61 -1 4 0 0.00 M M 10.1 28 320 M M 2 40 330
7 66 43 55 -6 10 0 0.00 M M 9.5 23 310 M M 1 31 310
8 69 45 57 -4 8 0 T M M 5.8 16 250 M M 8 22 250
9 69 40 55 -6 10 0 0.00 M M 6.2 16 310 M M 1 22 320
10 70 36 53 -7 12 0 0.00 M M 4.2 16 280 M M 0 1 24 260
11 79 41 60 0 5 0 0.00 M M 6.9 18 170 M M 2 1 25 180
12 83 49 66 7 0 1 0.00 M M 4.7 12 150 M M 2 12 15 160
13 81 56 69 10 0 4 0.36 M M 10.5 25 140 M M 7 1 35 130
14 64 53 59 0 6 0 0.02 M M 10.8 22 300 M M 9 1 30 330
15 61 46 54 -4 11 0 T M M 11.4 20 320 M M 9 29 330
16 58 46 52 -6 13 0 T M M 8.3 17 330 M M 10 25 340
17 68 44 56 -1 9 0 0.00 M M 4.4 12 220 M M 3 1 18 230
18 73 43 58 1 7 0 T M M 9.4 22 190 M M 1 1 31 180
19 69 56 63 7 2 0 0.25 M M 9.4 20 200 M M 8 1 26 200
20 68 45 57 1 8 0 0.01 M M 10.9 26 300 M M 2 1 34 320
21 80 40 60 4 5 0 0.00 M M 11.6 30 300 M M 0 40 310
22 64 40 52 -3 13 0 0.00 M M 5.1 14 30 M M 1 18 360
23 77 38 58 3 7 0 0.00 M M 7.7 17 170 M M 0 21 170
24 76 50 63 9 2 0 0.00 M M 6.8 15 190 M M 0 20 180
25 81 61 71 17 0 6 0.00 M M 10.3 25 220 M M 3 34 220
26 83 56 70 17 0 5 T M M 12.3 26 200 M M 2 34 200
27 82 62 72 19 0 7 0.13 M M 10.7 20 200 M M 8 1 25 200
28 62 49 56 4 9 0 0.30 M M 8.9 18 340 M M 10 1 24 330
29 53 46 50 -2 15 0 0.41 M M 8.8 20 330 M M 10 1 25 320
30 50 31 41 -11 24 0 0.01 M M 12.0 21 330 M M 4 28 340
31 46 23 35 -16 30 0 0.00 M M 11.9 28 310 M M 3 35 310
================================================================================
SM 2237 1475 210 59 2.32 M 256.5 M 114
================================================================================
AV 72.2 47.6 8.3 FASTST M M 4 MAX(MPH)
MISC ----> 30 300 # 40 330
================================================================================
NOTES:
# LAST OF SEVERAL OCCURRENCES
COLUMN 17 PEAK WIND IN M.P.H.
PRELIMINARY LOCAL CLIMATOLOGICAL DATA (WS FORM: F-6) , PAGE 2
STATION: LAWRENCEVILLE IL AIRPORT
MONTH: OCTOBER
YEAR: 2023
LATITUDE: 38 45 N
LONGITUDE: 87 36 W
[TEMPERATURE DATA] [PRECIPITATION DATA] SYMBOLS USED IN COLUMN 16
AVERAGE MONTHLY: 59.9 TOTAL FOR MONTH: 2.32 1 = FOG OR MIST
DPTR FM NORMAL: 2.3 DPTR FM NORMAL: -1.19 2 = FOG REDUCING VISIBILITY
HIGHEST: 91 ON 4, 3 GRTST 24HR 0.83 ON 5- 5 TO 1/4 MILE OR LESS
LOWEST: 23 ON 31 3 = THUNDER
SNOW, ICE PELLETS, HAIL 4 = ICE PELLETS
TOTAL MONTH: M 5 = HAIL
GRTST 24HR M ON M 6 = FREEZING RAIN OR DRIZZLE
GRTST DEPTH: M ON M 7 = DUSTSTORM OR SANDSTORM:
VSBY 1/2 MILE OR LESS
8 = SMOKE OR HAZE
[NO. OF DAYS WITH] [WEATHER - DAYS WITH] 9 = BLOWING SNOW
X = TORNADO
MAX 32 OR BELOW: 0 0.01 INCH OR MORE: 9
MAX 90 OR ABOVE: 3 0.10 INCH OR MORE: 6
MIN 32 OR BELOW: 2 0.50 INCH OR MORE: 1
MIN 0 OR BELOW: 0 1.00 INCH OR MORE: 0
[HDD (BASE 65) ]
TOTAL THIS MO. 210 CLEAR (SCALE 0-3) 19
DPTR FM NORMAL -52 PTCLDY (SCALE 4-7) 5
TOTAL FM JUL 1 210 CLOUDY (SCALE 8-10) 7
DPTR FM NORMAL -93
[CDD (BASE 65) ]
TOTAL THIS MO. 59
DPTR FM NORMAL 24 [PRESSURE DATA]
TOTAL FM JAN 1 1434 HIGHEST SLP 30.36 ON 31
DPTR FM NORMAL 56 LOWEST SLP 29.64 ON 21
[REMARKS]
#FINAL-10-23#