202
CXUS53 KILX 012136 RRA
CLSLWV
CLIMATE REPORT
NATIONAL WEATHER SERVICE LINCOLN IL
308 PM CST SUN MAR 1 2020
...................................
...THE LAWRENCEVILLE IL AIRPORT CLIMATE SUMMARY FOR THE SEASON, FROM
12/1/2019 TO 2/29/2020...
CLIMATE NORMAL PERIOD 1981 TO 2010
CLIMATE RECORD PERIOD 9999 TO 9999
WEATHER OBSERVED NORMAL DEPART LAST YEAR`S
VALUE DATE(S) VALUE FROM VALUE
NORMAL
.............................................................
TEMPERATURE (F)
RECORD
HIGH MM MM
LOW MM MM
HIGHEST 72 02/03 MM MM 65
LOWEST 8 02/14 MM MM -4
AVG. MAXIMUM 46.4 41.8 4.6 43.9
AVG. MINIMUM 28.6 25.5 3.1 27.8
MEAN 37.5 33.7 3.8 35.8
DAYS MAX >= 90 0 0.0 0.0 0
DAYS MAX <= 32 6 16.8 -10.8 11
DAYS MIN <= 32 67 64.5 2.5 63
DAYS MIN <= 0 0 2.2 -2.2 1
PRECIPITATION (INCHES)
RECORD
MAXIMUM MM MM
MINIMUM MM MM
TOTALS 11.53 7.78 3.75 14.48
DAILY AVG. 0.13 0.17
DAYS >= .01 33 MM MM 32
DAYS >= .10 21 MM MM 18
DAYS >= .50 7 MM MM 11
DAYS >= 1.00 4 MM MM 4
GREATEST
24 HR. TOTAL 2.21 MM 3.22
DEGREE_DAYS
HEATING TOTAL 2475 2817 -342 2608
SINCE 7/1 3515 3700 -185 3690
COOLING TOTAL 0 0 0 0
SINCE 1/1 0 0 0 0
FREEZE DATES
RECORD
EARLIEST MM
LATEST MM
EARLIEST MM
LATEST MM
..............................................................
WIND (MPH)
AVERAGE WIND SPEED 9.0
HIGHEST WIND SPEED/DIRECTION 33/170 DATE 01/11
HIGHEST GUST SPEED/DIRECTION 48/160 DATE 01/11
SKY COVER
POSSIBLE SUNSHINE (PERCENT) MM
AVERAGE SKY COVER 0.50
NUMBER OF DAYS FAIR 32
NUMBER OF DAYS PC 18
NUMBER OF DAYS CLOUDY 39
AVERAGE RH (PERCENT) 75
WEATHER CONDITIONS. NUMBER OF DAYS WITH
THUNDERSTORM 1 MIXED PRECIP 0
HEAVY RAIN 6 RAIN 12
LIGHT RAIN 34 FREEZING RAIN 0
LT FREEZING RAIN 3 HAIL 0
HEAVY SNOW 1 SNOW 1
LIGHT SNOW 20 SLEET 0
FOG 57 FOG W/VIS <= 1/4 MILE 6
HAZE 10
- INDICATES NEGATIVE NUMBERS.
R INDICATES RECORD WAS SET OR TIED.
MM INDICATES DATA IS MISSING.
T INDICATES TRACE AMOUNT.
$$