000
CXUS55 KPUB 011310
CF6LXV
PRELIMINARY LOCAL CLIMATOLOGICAL DATA (WS FORM: F-6)
STATION: LEADVILLE CO
MONTH: NOVEMBER
YEAR: 2023
LATITUDE: 39 15 N
LONGITUDE: 106 18 W
TEMPERATURE IN F: :PCPN: SNOW: WIND :SUNSHINE: SKY :PK WND
================================================================================
1 2 3 4 5 6A 6B 7 8 9 10 11 12 13 14 15 16 17 18
12Z AVG MX 2MIN
DY MAX MIN AVG DEP HDD CDD WTR SNW DPTH SPD SPD DIR MIN PSBL S-S WX SPD DR
================================================================================
1 45 7 26 -5 39 0 0.00 M M 5.4 17 310 M M 1 27 350
2 45 14 30 0 35 0 0.00 M M 8.3 17 290 M M 3 25 280
3 49 32 41 11 24 0 0.00 M M 7.9 18 300 M M 3 27 300
4 52 24 38 9 27 0 0.00 M M 5.2 12 310 M M 1 18 320
5 53 24 39 10 26 0 0.00 M M 8.5 22 300 M M 0 32 290
6 55 26 41 12 24 0 0.00 M M 6.1 18 290 M M 0 31 290
7 53 26 40 12 25 0 0.00 M M 11.1 26 200 M M 3 45 250
8 41 22 32 4 33 0 T M M 7.8 20 210 M M 7 18 28 200
9 35 6 21 -6 44 0 0.01 M M 4.4 15 290 M M 3 18 22 290
10 39 4 22 -5 43 0 0.00 M M 6.1 16 290 M M 0 24 340
11 40 12 26 0 39 0 0.00 M M 8.2 17 310 M M 0 26 330
12 49 13 31 5 34 0 0.00 M M 5.6 16 190 M M 0 21 30
13 52 11 32 6 33 0 0.00 M M 3.0 10 190 M M 0 14 210
14 51 19 35 10 30 0 0.00 M M 6.0 18 310 M M 0 27 300
15 54 15 35 10 30 0 0.00 M M 5.2 16 190 M M 0 21 190
16 47 29 38 14 27 0 T M M 6.8 23 290 M M 4 1 34 300
17 47 17 32 8 33 0 0.00 M M 5.5 15 320 M M 2 23 310
18 44 13 29 5 36 0 T M M 4.8 16 180 M M 3 1 22 180
19 34 22 28 5 37 0 0.01 M M 6.0 13 10 M M 9 1 19 360
20 34 19 27 4 38 0 T M M 10.5 23 340 M M 9 8 35 10
21 43 15 29 7 36 0 0.00 M M 7.3 16 360 M M 2 23 10
22 55 11 33 11 32 0 0.00 M M 5.5 16 10 M M 0 24 360
23 37 16 27 5 38 0 0.00 M M 11.1 21 180 M M 2 1 28 190
24 20 9 15 -6 50 0 0.10 M M 8.9 17 190 M M 9 18 22 200
25 25 1 13 -8 52 0 0.04 M M 6.7 20 300 M M 8 18 28 290
26 32 -9 12 -9 53 0 0.00 M M 6.4 15 360 M M 0 23 30
27 30 -2 14 -6 51 0 0.00 M M 8.1 17 300 M M 0 25 280
28 43 0 22 2 43 0 0.00 M M 4.9 14 350 M M 0 24 340
29 41 0 21 1 44 0 0.00 M M 4.9 16 310 M M 0 25 350
30 30 7 19 -1 46 0 0.01 M M 5.8 21 190 M M 4 1 27 200
================================================================================
SM 1275 403 1102 0 0.17 M 202.0 M 73
================================================================================
AV 42.5 13.4 6.7 FASTST M M 2 MAX(MPH)
MISC ----> 26 200 45 250
================================================================================
NOTES:
# LAST OF SEVERAL OCCURRENCES
COLUMN 17 PEAK WIND IN M.P.H.
PRELIMINARY LOCAL CLIMATOLOGICAL DATA (WS FORM: F-6) , PAGE 2
STATION: LEADVILLE CO
MONTH: NOVEMBER
YEAR: 2023
LATITUDE: 39 15 N
LONGITUDE: 106 18 W
[TEMPERATURE DATA] [PRECIPITATION DATA] SYMBOLS USED IN COLUMN 16
AVERAGE MONTHLY: 28.0 TOTAL FOR MONTH: 0.17 1 = FOG OR MIST
DPTR FM NORMAL: 3.2 DPTR FM NORMAL: -0.69 2 = FOG REDUCING VISIBILITY
HIGHEST: 55 ON 22, 6 GRTST 24HR 0.14 ON 24-25 TO 1/4 MILE OR LESS
LOWEST: -9 ON 26 3 = THUNDER
SNOW, ICE PELLETS, HAIL 4 = ICE PELLETS
TOTAL MONTH: M 5 = HAIL
GRTST 24HR M ON M 6 = FREEZING RAIN OR DRIZZLE
GRTST DEPTH: M ON M 7 = DUSTSTORM OR SANDSTORM:
VSBY 1/2 MILE OR LESS
8 = SMOKE OR HAZE
[NO. OF DAYS WITH] [WEATHER - DAYS WITH] 9 = BLOWING SNOW
X = TORNADO
MAX 32 OR BELOW: 5 0.01 INCH OR MORE: 5
MAX 90 OR ABOVE: 0 0.10 INCH OR MORE: 1
MIN 32 OR BELOW: 30 0.50 INCH OR MORE: 0
MIN 0 OR BELOW: 4 1.00 INCH OR MORE: 0
[HDD (BASE 65) ]
TOTAL THIS MO. 1102 CLEAR (SCALE 0-3) 22
DPTR FM NORMAL -104 PTCLDY (SCALE 4-7) 4
TOTAL FM JUL 1 2730 CLOUDY (SCALE 8-10) 4
DPTR FM NORMAL -581
[CDD (BASE 65) ]
TOTAL THIS MO. 0
DPTR FM NORMAL 0 [PRESSURE DATA]
TOTAL FM JAN 1 0 HIGHEST SLP 30.51 ON 21
DPTR FM NORMAL 0 LOWEST SLP 29.52 ON 8
[REMARKS]
#FINAL-11-23#