000
CXUS54 KLZK 011330
CF6LZK
PRELIMINARY LOCAL CLIMATOLOGICAL DATA (WS FORM: F-6)
STATION: NORTH LITTLE ROCK
MONTH: FEBRUARY
YEAR: 2024
LATITUDE: 34 50 N
LONGITUDE: 92 16 W
TEMPERATURE IN F: :PCPN: SNOW: WIND :SUNSHINE: SKY :PK WND
================================================================================
1 2 3 4 5 6A 6B 7 8 9 10 11 12 13 14 15 16 17 18
12Z AVG MX 2MIN
DY MAX MIN AVG DEP HDD CDD WTR SNW DPTH SPD SPD DIR MIN PSBL S-S WX SPD DR
================================================================================
1 64 39 52 10 13 0 0.00 0.0 0 M M M M M M M M
2 67 46 57 15 8 0 0.00 0.0 0 M M M M M M M M
3 54 49 52 10 13 0 0.96 0.0 0 M M M M M M 1 M M
4 51 46 49 7 16 0 0.46 0.0 0 M M M M M M 1 M M
5 60 41 51 9 14 0 T 0.0 0 M M M M M M M M
6 62 39 51 8 14 0 0.00 0.0 0 M M M M M M M M
7 60 41 51 8 14 0 0.00 0.0 0 M M M M M M M M
8 65 53 59 16 6 0 0.00 0.0 0 M M M M M M M M
9 70 59 65 22 0 0 0.06 0.0 0 M M M M M M 3 M M
10 63 43 53 9 12 0 0.25 0.0 0 M M M M M M 13 M M
11 47 41 44 0 21 0 0.20 0.0 0 M M M M M M M M
12 47 36 42 -2 23 0 0.03 0.0 0 M M M M M M 1 M M
13 60 34 47 3 18 0 0.00 0.0 0 M M M M M M M M
14 64 38 51 7 14 0 0.00 0.0 0 M M M M M M M M
15 68 46 57 12 8 0 0.00 0.0 0 M M M M M M M M
16 68 34 51 6 14 0 0.00 0.0 0 M M M M M M M M
17 42 28 35 -10 30 0 0.00 0.0 0 M M M M M M M M
18 52 24 38 -8 27 0 0.00 0.0 0 M M M M M M M M
19 59 32 46 0 19 0 0.00 0.0 0 M M M M M M M M
20 69 37 53 7 12 0 0.00 0.0 0 M M M M M M M M
21 72 48 60 14 5 0 0.00 0.0 0 M M M M M M M M
22 73 59 66 20 0 1 T 0.0 0 M M M M M M M M
23 67 51 59 12 6 0 0.00 0.0 0 M M M M M M M M
24 66 48 57 10 8 0 0.00 0.0 0 M M M M M M M M
25 78 47 63 16 2 0 0.00 0.0 0 M M M M M M M M
26 75 56 66 18 0 1 0.00 0.0 0 M M M M M M M M
27 75 66 71 23 0 6 T 0.0 0 M M M M M M M M
28 71 41 56 8 9 0 T 0.0 0 M M M M M M M M
29 48 35 42 -6 23 0 0.11 T 0 M M M M M M 4 M M
================================================================================
SM 1817 1257 349 8 2.07 T M M M
================================================================================
AV 62.7 43.3 M FASTST M M M MAX(MPH)
MISC ----> M M M M
================================================================================
NOTES:
# LAST OF SEVERAL OCCURRENCES
COLUMN 17 PEAK WIND IN M.P.H.
PRELIMINARY LOCAL CLIMATOLOGICAL DATA (WS FORM: F-6) , PAGE 2
STATION: NORTH LITTLE ROCK
MONTH: FEBRUARY
YEAR: 2024
LATITUDE: 34 50 N
LONGITUDE: 92 16 W
[TEMPERATURE DATA] [PRECIPITATION DATA] SYMBOLS USED IN COLUMN 16
AVERAGE MONTHLY: 53.0 TOTAL FOR MONTH: 2.07 1 = FOG OR MIST
DPTR FM NORMAL: 8.3 DPTR FM NORMAL: -1.83 2 = FOG REDUCING VISIBILITY
HIGHEST: 78 ON 25 GRTST 24HR 0.96 ON 3- 3 TO 1/4 MILE OR LESS
LOWEST: 24 ON 18 3 = THUNDER
SNOW, ICE PELLETS, HAIL 4 = ICE PELLETS
TOTAL MONTH: T 5 = HAIL
GRTST 24HR T ON 29-29 6 = FREEZING RAIN OR DRIZZLE
GRTST DEPTH: 0 7 = DUSTSTORM OR SANDSTORM:
VSBY 1/2 MILE OR LESS
8 = SMOKE OR HAZE
[NO. OF DAYS WITH] [WEATHER - DAYS WITH] 9 = BLOWING SNOW
X = TORNADO
MAX 32 OR BELOW: 0 0.01 INCH OR MORE: 7
MAX 90 OR ABOVE: 0 0.10 INCH OR MORE: 5
MIN 32 OR BELOW: 3 0.50 INCH OR MORE: 1
MIN 0 OR BELOW: 0 1.00 INCH OR MORE: 0
[HDD (BASE 65) ]
TOTAL THIS MO. 349 CLEAR (SCALE 0-3) 0
DPTR FM NORMAL -219 PTCLDY (SCALE 4-7) 0
TOTAL FM JUL 1 2240 CLOUDY (SCALE 8-10) 29
DPTR FM NORMAL -366
[CDD (BASE 65) ]
TOTAL THIS MO. 8
DPTR FM NORMAL 7 [PRESSURE DATA]
TOTAL FM JAN 1 8 HIGHEST SLP M ON M
DPTR FM NORMAL 7 LOWEST SLP M ON M
[REMARKS]
#FINAL-02-24#