046
CXUS54 KLZK 130347
CF6LZK
PRELIMINARY LOCAL CLIMATOLOGICAL DATA (WS FORM: F-6)
STATION: North Little Rock
MONTH: OCTOBER
YEAR: 2020
LATITUDE: 34 50 N
LONGITUDE: 92 16 W
TEMPERATURE IN F: :PCPN: SNOW: WIND :SUNSHINE: SKY :PK WND
================================================================================
1 2 3 4 5 6A 6B 7 8 9 10 11 12 13 14 15 16 17 18
12Z AVG MX 2MIN
DY MAX MIN AVG DEP HDD CDD WTR SNW DPTH SPD SPD DIR MIN PSBL S-S WX SPD DR
================================================================================
1 75 55 65 -4 0 0 0.00 0.0 0 6.0 14 360 M M 0 20 340
2 68 49 59 -9 6 0 0.00 0.0 0 4.0 11 40 M M 0 15 60
3 71 52 62 -6 3 0 T 0.0 0 6.0 14 200 M M 0 22 150
4 66 50 58 -10 7 0 0.00 0.0 0 6.0 16 360 M M 0 20 360
5 69 44 57 -10 8 0 0.00 0.0 0 3.5 8 90 M M 0 M M
6 78 49 64 -3 1 0 0.00 0.0 0 3.0 9 150 M M 0 11 130
7 85 56 71 4 0 6 0.00 0.0 0 1.0 6 220 M M M M M
8 78 59 69 3 0 4 0.00 0.0 0 0.5 5 180 M M M M M
9 71 63 67 1 0 2 0.09 0.0 0 7.0 13 60 M M M 17 150
10 72 63 68 2 0 3 0.55 0.0 0 12.0 18 360 M M 7 1 27 30
11 80 66 73 8 0 8 0.00 0.0 0 5.0 9 180 M M 7 1 26 320
12 79 62 71 6 0 6 0.00 0.0 0 9.4 15 230 M M 5 1 22 280
13 76 52 64 -1 1 0 0.00 0.0 0 3.0 9 90 M M 0 11 150
14 78 53 66 2 0 1 0.00 0.0 0 7.0 14 180 M M 1 22 150
15 62 53 58 -6 7 0 0.03 0.0 0 7.0 17 40 M M 9 1 24 40
16 66 47 57 -7 8 0 0.00 0.0 0 5.0 12 90 M M 1 15 40
17 69 46 58 -5 7 0 T 0.0 0 8.0 21 150 M M 4 28 150
18 74 58 66 3 0 1 0.02 0.0 0 7.3 12 170 M M 10 12 99
19 78 62 70 7 0 5 0.64 0.0 0 7.0 14 180 M M 9 13 19 300
20 82 58 70 8 0 5 T 0.0 0 6.0 11 200 M M 5 12 16 180
21 84 62 73 11 0 8 0.00 0.0 0 4.0 11 180 M M 2 1 17 150
22 83 64 74 12 0 9 0.00 0.0 0 6.0 13 150 M M 3 18 180
23 78 47 63 1 2 0 0.62 0.0 0 8.0 18 340 M M 9 13 24 360
24 50 44 47 -14 18 0 T 0.0 0 7.0 13 30 M M 10 17 30
25 51 45 48 -13 17 0 0.01 0.0 0 4.0 13 60 M M 10 1 15 60
26 50 47 49 -12 16 0 0.14 0.0 0 9.0 17 90 M M 10 1 19 90
27 48 42 45 -15 20 0 0.02 0.0 0 9.0 14 40 M M 10 12 20 40
28 52 45 49 -11 16 0 1.80 0.0 0 8.6 13 40 M M 10 123 18 60
29 52 42 47 -13 18 0 0.11 0.0 0 7.0 18 360 M M 8 1 27 340
30 61 38 50 -9 15 0 0.00 0.0 0 4.0 11 60 M M 0 14 90
31 64 39 52 -7 13 0 0.00 0.0 0 4.0 10 180 M M 0 16 180
================================================================================
SM 2150 1612 183 58 4.03 0.0 184.3 M 130
================================================================================
AV 69.4 52.0 5.9 FASTST M M 5 MAX(MPH)
MISC ----> # 21 150 # 28 150
================================================================================
NOTES:
# LAST OF SEVERAL OCCURRENCES
COLUMN 17 PEAK WIND IN M.P.H.
PRELIMINARY LOCAL CLIMATOLOGICAL DATA (WS FORM: F-6) , PAGE 2
STATION: North Little Rock
MONTH: OCTOBER
YEAR: 2020
LATITUDE: 34 50 N
LONGITUDE: 92 16 W
[TEMPERATURE DATA] [PRECIPITATION DATA] SYMBOLS USED IN COLUMN 16
AVERAGE MONTHLY: 60.7 TOTAL FOR MONTH: 4.03 1 = FOG OR MIST
DPTR FM NORMAL: -3.1 DPTR FM NORMAL: -0.77 2 = FOG REDUCING VISIBILITY
HIGHEST: 85 ON 7 GRTST 24HR 1.80 ON 28-28 TO 1/4 MILE OR LESS
LOWEST: 38 ON 30 3 = THUNDER
SNOW, ICE PELLETS, HAIL 4 = ICE PELLETS
TOTAL MONTH: 0.0 INCH 5 = HAIL
GRTST 24HR 0.0 6 = FREEZING RAIN OR DRIZZLE
GRTST DEPTH: 0 7 = DUSTSTORM OR SANDSTORM:
VSBY 1/2 MILE OR LESS
8 = SMOKE OR HAZE
[NO. OF DAYS WITH] [WEATHER - DAYS WITH] 9 = BLOWING SNOW
X = TORNADO
MAX 32 OR BELOW: 0 0.01 INCH OR MORE: 11
MAX 90 OR ABOVE: 0 0.10 INCH OR MORE: 6
MIN 32 OR BELOW: 0 0.50 INCH OR MORE: 4
MIN 0 OR BELOW: 0 1.00 INCH OR MORE: 1
[HDD (BASE 65) ]
TOTAL THIS MO. 183 CLEAR (SCALE 0-3) 13
DPTR FM NORMAL 61 PTCLDY (SCALE 4-7) 6
TOTAL FM JUL 1 196 CLOUDY (SCALE 8-10) 9
DPTR FM NORMAL 61
[CDD (BASE 65) ]
TOTAL THIS MO. 58
DPTR FM NORMAL -26 [PRESSURE DATA]
TOTAL FM JAN 1 1859 HIGHEST SLP M ON M
DPTR FM NORMAL -299 LOWEST SLP 29.85 ON M
[REMARKS]
#FINAL-10-20#