000
CXUS53 KABR 031702
CF6MBG
PRELIMINARY LOCAL CLIMATOLOGICAL DATA (WS FORM: F-6)
STATION: MOBRIDGE SD
MONTH: JULY
YEAR: 2022
LATITUDE: 45 32 N
LONGITUDE: 100 25 W
TEMPERATURE IN F: :PCPN: SNOW: WIND :SUNSHINE: SKY :PK WND
================================================================================
1 2 3 4 5 6A 6B 7 8 9 10 11 12 13 14 15 16 17 18
12Z AVG MX 2MIN
DY MAX MIN AVG DEP HDD CDD WTR SNW DPTH SPD SPD DIR MIN PSBL S-S WX SPD DR
================================================================================
1 88 52 70 -2 0 5 0.00 0.0 0 4.8 10 170 M M 1 15 160
2 88 60 74 2 0 9 0.00 0.0 0 9.4 17 100 M M 1 38 28 90
3 85 62 74 1 0 9 0.40 0.0 0 11.9 28 80 M M 3 13 38 90
4 87 67 77 4 0 12 0.08 0.0 0 8.8 24 280 M M 2 13 33 280
5 82 68 75 2 0 10 0.29 0.0 0 10.5 32 100 M M 2 13 44 20
6 86 66 76 3 0 11 0.00 0.0 0 6.3 15 70 M M 2 1 19 70
7 84 67 76 2 0 11 1.64 0.0 0 10.5 30 330 M M 4 138 39 330
8 86 63 75 1 0 10 0.00 0.0 0 7.9 14 150 M M 0 19 70
9 91 71 81 7 0 16 0.00 0.0 0 14.1 24 150 M M 0 33 150
10 88 68 78 4 0 13 T 0.0 0 12.1 28 320 M M 1 41 340
11 83 59 71 -3 0 6 0.03 0.0 0 12.0 24 330 M M 2 35 300
12 90 55 73 -1 0 8 0.00 0.0 0 7.0 17 300 M M 0 24 260
13 86 55 71 -3 0 6 0.00 0.0 0 9.3 18 130 M M 0 26 120
14 93 68 81 6 0 16 0.00 0.0 0 8.5 23 110 M M 0 28 100
15 91 69 80 5 0 15 0.00 0.0 0 6.3 14 80 M M 0 19 100
16 89 75 82 7 0 17 T 0.0 0 8.4 17 200 M M 2 24 200
17 100 70 85 10 0 20 0.00 0.0 0 6.5 12 150 M M 0 1 16 170
18 101 73 87 12 0 22 0.00 0.0 0 13.6 24 170 M M 0 3 34 160
19 84 66 75 0 0 10 0.00 0.0 0 20.1 37 310 M M 2 52 300
20 100 64 82 7 0 17 0.00 0.0 0 9.8 25 310 M M 0 34 320
21 94 55 75 0 0 10 0.00 0.0 0 7.7 17 40 M M 0 3 22 50
22 95 60 78 3 0 13 0.00 0.0 0 8.6 18 150 M M 0 26 160
23 88 65 77 2 0 12 T 0.0 0 13.9 25 350 M M 0 3 39 340
24 83 57 70 -6 0 5 0.00 0.0 0 7.3 15 10 M M 0 19 10
25 79 64 72 -4 0 7 0.01 0.0 0 9.5 21 200 M M 4 3 30 190
26 84 60 72 -4 0 7 T 0.0 0 7.9 20 320 M M 4 26 330
27 83 55 69 -7 0 4 0.00 0.0 0 7.6 22 360 M M 4 31 330
28 82 50 66 -10 0 1 0.00 0.0 0 8.3 18 10 M M 1 29 340
29 88 51 70 -5 0 5 0.00 0.0 0 10.4 20 130 M M 0 27 150
30 97 67 82 7 0 17 0.03 0.0 0 11.0 20 210 M M 1 26 220
31 88 64 76 1 0 11 T 0.0 0 13.6 28 330 M M 1 38 340
================================================================================
SM 2743 1946 0 335 2.48 0.0 303.6 M 37
================================================================================
AV 88.5 62.8 9.8 FASTST M M 1 MAX(MPH)
MISC ----> 37 310 52 300
================================================================================
NOTES:
# LAST OF SEVERAL OCCURRENCES
COLUMN 17 PEAK WIND IN M.P.H.
PRELIMINARY LOCAL CLIMATOLOGICAL DATA (WS FORM: F-6) , PAGE 2
STATION: MOBRIDGE SD
MONTH: JULY
YEAR: 2022
LATITUDE: 45 32 N
LONGITUDE: 100 25 W
[TEMPERATURE DATA] [PRECIPITATION DATA] SYMBOLS USED IN COLUMN 16
AVERAGE MONTHLY: 75.6 TOTAL FOR MONTH: 2.48 1 = FOG OR MIST
DPTR FM NORMAL: 1.1 DPTR FM NORMAL: 0.15 2 = FOG REDUCING VISIBILITY
HIGHEST: 101 ON 18 GRTST 24HR 1.64 ON 7- 7 TO 1/4 MILE OR LESS
LOWEST: 50 ON 28 3 = THUNDER
SNOW, ICE PELLETS, HAIL 4 = ICE PELLETS
TOTAL MONTH: 0.0 INCH 5 = HAIL
GRTST 24HR 0.0 6 = FREEZING RAIN OR DRIZZLE
GRTST DEPTH: 0 7 = DUSTSTORM OR SANDSTORM:
VSBY 1/2 MILE OR LESS
8 = SMOKE OR HAZE
[NO. OF DAYS WITH] [WEATHER - DAYS WITH] 9 = BLOWING SNOW
X = TORNADO
MAX 32 OR BELOW: 0 0.01 INCH OR MORE: 7
MAX 90 OR ABOVE: 10 0.10 INCH OR MORE: 3
MIN 32 OR BELOW: 0 0.50 INCH OR MORE: 1
MIN 0 OR BELOW: 0 1.00 INCH OR MORE: 1
[HDD (BASE 65) ]
TOTAL THIS MO. 0 CLEAR (SCALE 0-3) 27
DPTR FM NORMAL -6 PTCLDY (SCALE 4-7) 4
TOTAL FM JUL 1 0 CLOUDY (SCALE 8-10) 0
DPTR FM NORMAL 0
[CDD (BASE 65) ]
TOTAL THIS MO. 335
DPTR FM NORMAL 35 [PRESSURE DATA]
TOTAL FM JAN 1 480 HIGHEST SLP 30.13 ON 8
DPTR FM NORMAL 13 LOWEST SLP 29.40 ON 19
[REMARKS]
#FINAL-07-22#