000
CXUS55 KABR 011100
CF6MBG
PRELIMINARY LOCAL CLIMATOLOGICAL DATA (WS FORM: F-6)
STATION: MOBRIDGE SD
MONTH: SEPTEMBER
YEAR: 2021
LATITUDE: 45 32 N
LONGITUDE: 100 25 W
TEMPERATURE IN F: :PCPN: SNOW: WIND :SUNSHINE: SKY :PK WND
================================================================================
1 2 3 4 5 6A 6B 7 8 9 10 11 12 13 14 15 16 17 18
12Z AVG MX 2MIN
DY MAX MIN AVG DEP HDD CDD WTR SNW DPTH SPD SPD DIR MIN PSBL S-S WX SPD DR
================================================================================
1 74 64 69 0 0 4 0.00 0.0 0 15.9 26 160 M M 5 8 34 170
2 72 65 69 1 0 4 0.24 0.0 0 11.6 23 160 M M 8 18 35 170
3 77 53 65 -3 0 0 0.01 0.0 0 5.1 12 320 M M 5 18 15 340
4 78 54 66 -2 0 1 0.00 0.0 0 4.9 12 310 M M 2 15 320
5 83 49 66 -2 0 1 0.00 0.0 0 4.3 9 130 M M 0 11 200
6 90 55 73 6 0 8 0.00 0.0 0 5.8 13 150 M M 0 8 17 340
7 81 53 67 0 0 2 0.00 0.0 0 12.0 26 320 M M 1 41 300
8 78 51 65 -1 0 0 0.00 0.0 0 7.0 16 360 M M 2 25 350
9 81 50 66 0 0 1 0.00 0.0 0 10.6 23 170 M M 0 30 160
10 81 51 66 0 0 1 0.00 0.0 0 3.9 10 340 M M 0 15 330
11 75 52 64 -1 1 0 0.00 0.0 0 10.7 20 10 M M 1 27 10
12 75 49 62 -3 3 0 0.00 0.0 0 10.7 18 170 M M 0 25 180
13 70 53 62 -2 3 0 0.68 0.0 0 6.6 17 280 M M 3 13 24 280
14 77 53 65 1 0 0 0.00 0.0 0 6.1 12 320 M M 1 12 16 310
15 85 54 70 6 0 5 0.00 0.0 0 10.8 22 160 M M 1 35 170
16 79 56 68 5 0 3 0.00 0.0 0 12.5 26 10 M M 2 18 36 20
17 70 45 58 -5 7 0 0.00 0.0 0 9.6 17 160 M M 2 23 160
18 88 58 73 11 0 8 0.00 0.0 0 15.6 24 170 M M 0 36 160
19 88 57 73 11 0 8 0.01 0.0 0 11.6 36 330 M M 1 49 10
20 71 49 60 -2 5 0 0.14 0.0 0 11.3 23 360 M M 5 35 30
21 72 44 58 -3 7 0 0.00 0.0 0 6.2 14 330 M M 1 19 320
22 78 50 64 3 1 0 0.00 0.0 0 11.7 22 160 M M 0 30 170
23 83 48 66 6 0 1 0.01 0.0 0 8.2 22 340 M M 0 32 320
24 68 33 51 -9 14 0 0.01 0.0 0 9.9 24 40 M M 2 35 40
25 81 32 57 -2 8 0 0.00 0.0 0 5.6 12 140 M M 0 15 170
26 90 49 70 11 0 5 0.00 0.0 0 7.4 15 80 M M 0 22 80
27 90 48 69 11 0 4 0.00 0.0 0 9.0 17 170 M M 0 23 170
28 92 62 77 19 0 12 0.00 0.0 0 15.0 24 160 M M 0 33 170
29 76 58 67 10 0 2 0.01 0.0 0 10.7 23 310 M M 4 32 310
30 69 56 63 6 2 0 0.10 0.0 0 6.7 14 360 M M 10 18 18 330
================================================================================
SM 2372 1551 51 70 1.21 0.0 277.0 M 56
================================================================================
AV 79.1 51.7 9.2 FASTST M M 2 MAX(MPH)
MISC ----> 36 330 49 10
================================================================================
NOTES:
# LAST OF SEVERAL OCCURRENCES
COLUMN 17 PEAK WIND IN M.P.H.
PRELIMINARY LOCAL CLIMATOLOGICAL DATA (WS FORM: F-6) , PAGE 2
STATION: MOBRIDGE SD
MONTH: SEPTEMBER
YEAR: 2021
LATITUDE: 45 32 N
LONGITUDE: 100 25 W
[TEMPERATURE DATA] [PRECIPITATION DATA] SYMBOLS USED IN COLUMN 16
AVERAGE MONTHLY: 65.4 TOTAL FOR MONTH: 1.21 1 = FOG OR MIST
DPTR FM NORMAL: 2.2 DPTR FM NORMAL: -0.31 2 = FOG REDUCING VISIBILITY
HIGHEST: 92 ON 28 GRTST 24HR 0.68 ON 13-13 TO 1/4 MILE OR LESS
LOWEST: 32 ON 25 3 = THUNDER
SNOW, ICE PELLETS, HAIL 4 = ICE PELLETS
TOTAL MONTH: 0.0 INCH 5 = HAIL
GRTST 24HR 0.0 6 = FREEZING RAIN OR DRIZZLE
GRTST DEPTH: 0 7 = DUSTSTORM OR SANDSTORM:
VSBY 1/2 MILE OR LESS
8 = SMOKE OR HAZE
[NO. OF DAYS WITH] [WEATHER - DAYS WITH] 9 = BLOWING SNOW
X = TORNADO
MAX 32 OR BELOW: 0 0.01 INCH OR MORE: 9
MAX 90 OR ABOVE: 4 0.10 INCH OR MORE: 4
MIN 32 OR BELOW: 1 0.50 INCH OR MORE: 1
MIN 0 OR BELOW: 0 1.00 INCH OR MORE: 0
[HDD (BASE 65) ]
TOTAL THIS MO. 51 CLEAR (SCALE 0-3) 24
DPTR FM NORMAL -87 PTCLDY (SCALE 4-7) 4
TOTAL FM JUL 1 52 CLOUDY (SCALE 8-10) 2
DPTR FM NORMAL -105
[CDD (BASE 65) ]
TOTAL THIS MO. 70
DPTR FM NORMAL -14 [PRESSURE DATA]
TOTAL FM JAN 1 1117 HIGHEST SLP 30.36 ON 21
DPTR FM NORMAL 312 LOWEST SLP 29.49 ON 19
[REMARKS]
#FINAL-09-21#