000
CXUS55 KABR 011100
CF6MBG
PRELIMINARY LOCAL CLIMATOLOGICAL DATA (WS FORM: F-6)
STATION: MOBRIDGE SD
MONTH: MAY
YEAR: 2021
LATITUDE: 45 32 N
LONGITUDE: 100 25 W
TEMPERATURE IN F: :PCPN: SNOW: WIND :SUNSHINE: SKY :PK WND
================================================================================
1 2 3 4 5 6A 6B 7 8 9 10 11 12 13 14 15 16 17 18
12Z AVG MX 2MIN
DY MAX MIN AVG DEP HDD CDD WTR SNW DPTH SPD SPD DIR MIN PSBL S-S WX SPD DR
================================================================================
1 87 43 65 13 0 0 0.00 0.0 0 6.8 21 310 M M 0 30 300
2 69 45 57 5 8 0 T 0.0 0 10.8 22 360 M M 7 8 32 310
3 63 30 47 -6 18 0 0.00 0.0 0 14.5 28 360 M M 3 43 10
4 65 25 45 -8 20 0 T 0.0 0 7.5 14 130 M M 1 19 120
5 52 37 45 -8 20 0 0.06 0.0 0 10.4 23 70 M M 8 33 70
6 72 30 51 -3 14 0 0.00 0.0 0 7.7 20 300 M M 4 29 300
7 65 37 51 -3 14 0 0.00 0.0 0 14.5 23 90 M M 0 31 80
8 50 36 43 -12 22 0 1.22 0.0 0 13.7 35 110 M M 10 1 45 110
9 55 38 47 -8 18 0 0.01 0.0 0 7.5 15 270 M M 8 19 270
10 61 30 46 -9 19 0 0.00 0.0 0 6.1 15 30 M M 0 20 20
11 64 34 49 -7 16 0 0.00 0.0 0 7.1 16 150 M M 0 23 150
12 71 39 55 -1 10 0 0.00 0.0 0 10.1 18 160 M M 2 31 140
13 74 44 59 3 6 0 0.00 0.0 0 6.4 13 150 M M 2 19 150
14 78 39 59 2 6 0 0.00 0.0 0 4.7 14 10 M M 1 22 310
15 80 46 63 6 2 0 T 0.0 0 3.6 13 160 M M 3 21 140
16 75 54 65 7 0 0 T 0.0 0 10.2 23 170 M M 4 29 150
17 78 47 63 5 2 0 0.00 0.0 0 11.2 22 160 M M 1 128 30 150
18 79 56 68 10 0 3 0.00 0.0 0 16.0 25 160 M M 5 18 34 170
19 87 58 73 14 0 8 0.00 0.0 0 11.3 18 150 M M 2 25 160
20 83 63 73 14 0 8 0.65 0.0 0 17.1 24 150 M M 3 13 34 180
21 75 63 69 9 0 4 T 0.0 0 10.5 21 160 M M 8 3 29 160
22 68 51 60 0 5 0 0.01 0.0 0 11.7 18 330 M M 10 26 330
23 85 52 69 9 0 4 0.43 0.0 0 12.8 25 160 M M 7 13 38 140
24 82 52 67 6 0 2 0.00 0.0 0 15.0 35 220 M M 0 52 230
25 73 46 60 -1 5 0 0.00 0.0 0 15.5 30 310 M M 2 43 310
26 55 45 50 -11 15 0 0.16 0.0 0 10.7 22 70 M M 10 36 70
27 47 38 43 -19 22 0 0.19 0.0 0 12.2 24 40 M M 10 18 32 50
28 61 40 51 -11 14 0 0.00 0.0 0 14.4 25 160 M M 6 35 160
29 60 46 53 -9 12 0 T 0.0 0 10.1 32 160 M M 6 1 41 150
30 77 41 59 -4 6 0 0.00 0.0 0 4.8 15 330 M M 1 12 23 300
31 78 40 59 -4 6 0 0.00 0.0 0 5.0 13 100 M M 0 16 100
================================================================================
SM 2169 1345 280 29 2.73 0.0 319.9 M 124
================================================================================
AV 70.0 43.4 10.3 FASTST M M 4 MAX(MPH)
MISC ----> # 35 110 52 230
================================================================================
NOTES:
# LAST OF SEVERAL OCCURRENCES
COLUMN 17 PEAK WIND IN M.P.H.
PRELIMINARY LOCAL CLIMATOLOGICAL DATA (WS FORM: F-6) , PAGE 2
STATION: MOBRIDGE SD
MONTH: MAY
YEAR: 2021
LATITUDE: 45 32 N
LONGITUDE: 100 25 W
[TEMPERATURE DATA] [PRECIPITATION DATA] SYMBOLS USED IN COLUMN 16
AVERAGE MONTHLY: 56.7 TOTAL FOR MONTH: 2.73 1 = FOG OR MIST
DPTR FM NORMAL: -0.9 DPTR FM NORMAL: -0.21 2 = FOG REDUCING VISIBILITY
HIGHEST: 87 ON 19, 1 GRTST 24HR 1.23 ON 8- 9 TO 1/4 MILE OR LESS
LOWEST: 25 ON 4 3 = THUNDER
SNOW, ICE PELLETS, HAIL 4 = ICE PELLETS
TOTAL MONTH: 0.0 INCH 5 = HAIL
GRTST 24HR 0.0 6 = FREEZING RAIN OR DRIZZLE
GRTST DEPTH: 0 7 = DUSTSTORM OR SANDSTORM:
VSBY 1/2 MILE OR LESS
8 = SMOKE OR HAZE
[NO. OF DAYS WITH] [WEATHER - DAYS WITH] 9 = BLOWING SNOW
X = TORNADO
MAX 32 OR BELOW: 0 0.01 INCH OR MORE: 8
MAX 90 OR ABOVE: 0 0.10 INCH OR MORE: 5
MIN 32 OR BELOW: 4 0.50 INCH OR MORE: 2
MIN 0 OR BELOW: 0 1.00 INCH OR MORE: 1
[HDD (BASE 65) ]
TOTAL THIS MO. 280 CLEAR (SCALE 0-3) 17
DPTR FM NORMAL 23 PTCLDY (SCALE 4-7) 10
TOTAL FM JUL 1 6923 CLOUDY (SCALE 8-10) 4
DPTR FM NORMAL -575
[CDD (BASE 65) ]
TOTAL THIS MO. 29
DPTR FM NORMAL 2 [PRESSURE DATA]
TOTAL FM JAN 1 29 HIGHEST SLP 30.36 ON 11
DPTR FM NORMAL 1 LOWEST SLP 29.47 ON 2
[REMARKS]
#FINAL-05-21#