000
CXUS53 KDTX 132000
CF6MBS
PRELIMINARY LOCAL CLIMATOLOGICAL DATA (WS FORM: F-6)
STATION: TRI CITIES MI
MONTH: OCTOBER
YEAR: 2020
LATITUDE: 43 31 N
LONGITUDE: 84 5 W
TEMPERATURE IN F: :PCPN: SNOW: WIND :SUNSHINE: SKY :PK WND
================================================================================
1 2 3 4 5 6A 6B 7 8 9 10 11 12 13 14 15 16 17 18
12Z AVG MX 2MIN
DY MAX MIN AVG DEP HDD CDD WTR SNW DPTH SPD SPD DIR MIN PSBL S-S WX SPD DR
================================================================================
1 60 44 52 -3 13 0 0.06 0.0 0 9.2 20 320 M M 7 26 270
2 55 37 46 -9 19 0 T 0.0 0 6.3 15 330 M M 6 19 330
3 54 43 49 -5 16 0 T 0.0 0 3.8 13 220 M M 9 17 230
4 51 44 48 -6 17 0 0.16 0.0 0 6.8 13 340 M M 9 8 17 340
5 59 34 47 -7 18 0 0.00 0.0 0 8.8 18 220 M M 1 25 230
6 69 49 59 6 6 0 0.00 0.0 0 13.3 22 220 M M 1 29 230
7 68 45 57 4 8 0 0.08 0.0 0 11.6 25 300 M M 5 39 310
8 67 39 53 1 12 0 0.00 0.0 0 8.0 23 300 M M 0 29 300
9 78 40 59 7 6 0 0.00 0.0 0 9.1 25 220 M M 1 18 38 220
10 73 46 60 8 5 0 0.00 0.0 0 12.9 21 260 M M 2 29 220
11 60 47 54 3 11 0 0.00 0.0 0 10.3 20 30 M M 4 25 60
12 69 45 57 6 8 0 0.31 0.0 0 11.3 24 270 M M 7 138 34 300
13 67 42 55 4 10 0 T 0.0 0 10.5 22 220 M M 1 32 200
14 67 41 54 4 11 0 T 0.0 0 12.0 33 190 M M 3 46 190
15 60 36 48 -2 17 0 0.01 0.0 0 13.8 26 270 M M 7 34 270
16 53 31 42 -8 23 0 0.19 0.0 0 9.2 32 270 M M 2 39 260
17 54 31 43 -6 22 0 0.02 0.0 0 11.4 31 170 M M 6 46 160
18 55 37 46 -3 19 0 0.26 0.0 0 10.8 23 180 M M 8 18 37 180
19 50 34 42 -7 23 0 T 0.0 0 3.0 12 340 M M 4 18 16 340
20 49 40 45 -3 20 0 0.04 0.0 0 8.7 15 60 M M 9 20 80
21 55 45 50 2 15 0 0.18 0.0 0 10.4 26 260 M M 7 138 36 270
22 54 45 50 2 15 0 0.13 0.0 0 7.7 16 80 M M 10 128 21 80
23 68 39 54 7 11 0 0.03 0.0 0 12.3 28 310 M M 7 1238 37 300
24 46 33 40 -7 25 0 0.00 0.0 0 5.0 24 310 M M 3 31 320
25 48 37 43 -4 22 0 0.00 0.0 0 5.9 12 40 M M 6 14 40
26 43 38 41 -5 24 0 0.02 0.0 0 7.6 14 270 M M 10 18 280
27 39 35 37 -9 28 0 0.02 0.0 0 5.6 12 220 M M 9 15 210
28 53 35 44 -2 21 0 0.00 0.0 0 11.2 24 240 M M 2 8 36 230
29 47 35 41 -4 24 0 0.01 0.0 0 12.0 23 10 M M 7 8 29 20
30 36 33 35 -10 30 0 0.00 0.0 0 7.1 15 350 M M 10 19 360
31 51 29 40 -4 25 0 0.00 0.0 0 12.5 25 190 M M 4 35 180
================================================================================
SM 1758 1209 524 0 1.52 0.0 288.1 M 167
================================================================================
AV 56.7 39.0 9.3 FASTST M M 5 MAX(MPH)
MISC ----> 33 190 # 46 190
================================================================================
NOTES:
# LAST OF SEVERAL OCCURRENCES
COLUMN 17 PEAK WIND IN M.P.H.
PRELIMINARY LOCAL CLIMATOLOGICAL DATA (WS FORM: F-6) , PAGE 2
STATION: TRI CITIES MI
MONTH: OCTOBER
YEAR: 2020
LATITUDE: 43 31 N
LONGITUDE: 84 5 W
[TEMPERATURE DATA] [PRECIPITATION DATA] SYMBOLS USED IN COLUMN 16
AVERAGE MONTHLY: 47.9 TOTAL FOR MONTH: 1.52 1 = FOG OR MIST
DPTR FM NORMAL: -1.8 DPTR FM NORMAL: -1.11 2 = FOG REDUCING VISIBILITY
HIGHEST: 78 ON 9 GRTST 24HR 0.31 ON 12-12 TO 1/4 MILE OR LESS
LOWEST: 29 ON 31 3 = THUNDER
SNOW, ICE PELLETS, HAIL 4 = ICE PELLETS
TOTAL MONTH: 0.0 INCH 5 = HAIL
GRTST 24HR 0.0 6 = FREEZING RAIN OR DRIZZLE
GRTST DEPTH: 0 7 = DUSTSTORM OR SANDSTORM:
VSBY 1/2 MILE OR LESS
8 = SMOKE OR HAZE
[NO. OF DAYS WITH] [WEATHER - DAYS WITH] 9 = BLOWING SNOW
X = TORNADO
MAX 32 OR BELOW: 0 0.01 INCH OR MORE: 15
MAX 90 OR ABOVE: 0 0.10 INCH OR MORE: 6
MIN 32 OR BELOW: 3 0.50 INCH OR MORE: 0
MIN 0 OR BELOW: 0 1.00 INCH OR MORE: 0
[HDD (BASE 65) ]
TOTAL THIS MO. 524 CLEAR (SCALE 0-3) 10
DPTR FM NORMAL 44 PTCLDY (SCALE 4-7) 13
TOTAL FM JUL 1 669 CLOUDY (SCALE 8-10) 8
DPTR FM NORMAL -8
[CDD (BASE 65) ]
TOTAL THIS MO. 0
DPTR FM NORMAL -5 [PRESSURE DATA]
TOTAL FM JAN 1 853 HIGHEST SLP 30.42 ON 31
DPTR FM NORMAL 296 LOWEST SLP 29.45 ON 14
[REMARKS]
#FINAL-10-20#
CORRECTED MISSING SNOW/SNOW DEPTH FOR OCT 2ND.