000
CXAK56 PAFG 012350
CF6MCG
PRELIMINARY LOCAL CLIMATOLOGICAL DATA (WS FORM: F-6)
STATION: MCGRATH AK
MONTH: FEBRUARY
YEAR: 2020
LATITUDE: 62 57 N
LONGITUDE: 155 36 W
TEMPERATURE IN F: :PCPN: SNOW: WIND :SUNSHINE: SKY :PK WND
================================================================================
1 2 3 4 5 6A 6B 7 8 9 10 11 12 13 14 15 16 17 18
12Z AVG MX 2MIN
DY MAX MIN AVG DEP HDD CDD WTR SNW DPTH SPD SPD DIR MIN PSBL S-S WX SPD DR
================================================================================
1 -25 -44 -34 -31 99 0 0.00 M M 4.1 9 40 M M 3 18 10 310
2 5 -27 -11 -8 76 0 T M M 4.2 10 310 M M 9 1 11 40
3 19 2 11 14 54 0 T M M 5.8 10 60 M M 9 1 12 50
4 18 14 16 18 49 0 T M M 4.1 9 320 M M 10 1 10 50
5 20 15 18 20 47 0 T M M 3.4 8 320 M M 10 1 11 50
6 28 4 16 18 49 0 T M M 7.7 20 270 M M 10 1 25 270
7 4 -3 1 2 64 0 T M M 9.6 16 320 M M 10 18 19 330
8 35 1 18 19 47 0 0.02 M M 7.1 25 200 M M 10 1 37 200
9 33 -20 7 7 58 0 T M M 12.3 26 200 M M 8 1 35 190
10 -3 -30 -16 -16 81 0 T M M 5.8 13 320 M M 3 18 14 320
11 -8 -34 -21 -21 86 0 0.00 M M 7.4 14 10 M M 1 19 360
12 -4 -27 -15 -16 80 0 0.00 M M 9.5 17 30 M M 1 23 30
13 -12 -40 -26 -27 91 0 T M M 6.6 13 310 M M 0 8 14 320
14 -9 -36 -22 -23 87 0 0.00 M M 4.9 10 330 M M 0 8 12 330
15 -7 -28 -17 -19 82 0 T M M 4.0 12 60 M M 9 18 15 60
16 -5 -8 -6 -8 71 0 0.01 M M 5.6 8 60 M M 10 M M
17 19 -4 8 5 57 0 T M M 6.1 12 320 M M 10 1 14 40
18 25 1 13 10 52 0 T M M 6.1 13 60 M M 8 1 17 190
19 25 17 21 18 44 0 T M M 6.1 13 40 M M 10 1 13 40
20 25 12 19 15 46 0 0.00 M M 6.1 20 50 M M 9 23 50
21 17 5 11 7 54 0 T M M 10.6 18 300 M M 10 18 23 310
22 5 -20 -7 -11 72 0 T M M 12.5 17 300 M M 10 18 22 310
23 -5 -37 -21 -26 86 0 0.00 M M 4.7 12 30 M M 3 1 14 30
24 4 -30 -13 -18 78 0 0.00 M M 5.3 14 320 M M 1 16 320
25 16 -35 -9 -14 74 0 T M M 8.5 22 40 M M 0 25 40
26 8 -26 -9 -15 74 0 0.00 M M 6.9 15 40 M M 0 1 22 30
27 4 -34 -15 -21 80 0 0.00 M M 5.2 10 320 M M 0 12 330
28 -1 -39 -20 -26 85 0 0.00 M M 4.2 12 310 M M 0 18 12 310
29 2 -31 -14 -20 79 0 T M M 7.1 14 320 M M 4 1 16 330
================================================================================
SM 233 -482 2002 0 0.03 M 191.5 M 168
================================================================================
AV 8.0-16.6 6.6 FASTST M M 6 MAX(MPH)
MISC ----> # 26 200 # 37 200
================================================================================
NOTES:
# LAST OF SEVERAL OCCURRENCES
COLUMN 17 PEAK WIND IN M.P.H.
PRELIMINARY LOCAL CLIMATOLOGICAL DATA (WS FORM: F-6) , PAGE 2
STATION: MCGRATH AK
MONTH: FEBRUARY
YEAR: 2020
LATITUDE: 62 57 N
LONGITUDE: 155 36 W
[TEMPERATURE DATA] [PRECIPITATION DATA] SYMBOLS USED IN COLUMN 16
AVERAGE MONTHLY: -4.3 TOTAL FOR MONTH: 0.03 1 = FOG OR MIST
DPTR FM NORMAL: -5.7 DPTR FM NORMAL: -0.91 2 = FOG REDUCING VISIBILITY
HIGHEST: 35 ON 8 GRTST 24HR 0.02 ON 8- 8 TO 1/4 MILE OR LESS
LOWEST: -44 ON 1 3 = THUNDER
SNOW, ICE PELLETS, HAIL 4 = ICE PELLETS
TOTAL MONTH: M 5 = HAIL
GRTST 24HR M ON M 6 = FREEZING RAIN OR DRIZZLE
GRTST DEPTH: M ON M 7 = DUSTSTORM OR SANDSTORM:
VSBY 1/2 MILE OR LESS
8 = SMOKE OR HAZE
[NO. OF DAYS WITH] [WEATHER - DAYS WITH] 9 = BLOWING SNOW
X = TORNADO
MAX 32 OR BELOW: 27 0.01 INCH OR MORE: 2
MAX 90 OR ABOVE: 0 0.10 INCH OR MORE: 0
MIN 32 OR BELOW: 29 0.50 INCH OR MORE: 0
MIN 0 OR BELOW: 20 1.00 INCH OR MORE: 0
[HDD (BASE 65) ]
TOTAL THIS MO. 2002 CLEAR (SCALE 0-3) 11
DPTR FM NORMAL 223 PTCLDY (SCALE 4-7) 4
TOTAL FM JUL 1 10414 CLOUDY (SCALE 8-10) 14
DPTR FM NORMAL 123
[CDD (BASE 65) ]
TOTAL THIS MO. 0
DPTR FM NORMAL 0 [PRESSURE DATA]
TOTAL FM JAN 1 0 HIGHEST SLP 30.62 ON 24
DPTR FM NORMAL 0 LOWEST SLP 28.88 ON 20
[REMARKS]
#FINAL-02-20#