000
CXUS52 KFFC 011110
CF6MCN
PRELIMINARY LOCAL CLIMATOLOGICAL DATA (WS FORM: F-6)
STATION: MACON
MONTH: FEBRUARY
YEAR: 2024
LATITUDE: 32 42 N
LONGITUDE: 83 39 W
TEMPERATURE IN F: :PCPN: SNOW: WIND :SUNSHINE: SKY :PK WND
================================================================================
1 2 3 4 5 6A 6B 7 8 9 10 11 12 13 14 15 16 17 18
12Z AVG MX 2MIN
DY MAX MIN AVG DEP HDD CDD WTR SNW DPTH SPD SPD DIR MIN PSBL S-S WX SPD DR
================================================================================
1 62 28 45 -4 20 0 0.00 0.0 M 3.8 12 260 M M 0 18 270
2 72 34 53 4 12 0 0.00 0.0 M 3.8 13 290 M M 0 1 17 310
3 64 37 51 2 14 0 0.00 0.0 M 9.1 16 70 M M 0 8 24 60
4 51 42 47 -2 18 0 0.73 M M 16.1 31 60 M M 9 1 44 40
5 52 37 45 -4 20 0 0.00 0.0 M 9.7 20 50 M M 9 1 27 40
6 64 30 47 -3 18 0 0.00 0.0 M 5.7 18 30 M M 0 1 28 10
7 60 27 44 -6 21 0 0.00 0.0 M 4.2 15 60 M M 0 20 60
8 63 29 46 -4 19 0 0.00 0.0 M 1.6 12 150 M M 0 1 16 140
9 69 40 55 5 10 0 0.00 0.0 M 5.3 14 210 M M 1 21 200
10 68 57 63 13 2 0 0.00 0.0 M 7.8 18 220 M M 7 27 220
11 67 59 63 13 2 0 1.38 0.0 M 5.3 13 190 M M 10 13 19 190
12 62 51 57 6 8 0 3.63 0.0 M 12.0 30 280 M M 10 13 46 310
13 60 41 51 0 14 0 0.00 0.0 M 12.8 26 280 M M 3 45 280
14 65 32 49 -2 16 0 0.00 0.0 M 2.6 12 40 M M 0 17 40
15 70 35 53 2 12 0 0.00 0.0 M 4.2 15 270 M M 0 20 240
16 67 43 55 3 10 0 0.00 0.0 M 5.1 17 200 M M 1 1 28 200
17 58 41 50 -2 15 0 0.00 0.0 M 9.7 21 350 M M 4 29 350
18 53 36 45 -7 20 0 0.00 0.0 M 5.6 12 360 M M 0 8 15 350
19 64 34 49 -3 16 0 0.00 0.0 M 3.2 10 310 M M 2 15 290
20 67 28 48 -4 17 0 0.00 0.0 M 2.4 10 270 M M 1 1 12 40
21 68 30 49 -4 16 0 0.00 0.0 M 3.1 9 130 M M 0 13 140
22 71 36 54 1 11 0 0.00 0.0 M 9.0 18 220 M M 0 29 210
23 73 51 62 9 3 0 0.05 0.0 M 10.8 21 290 M M 5 1 29 290
24 71 41 56 3 9 0 0.00 0.0 M 10.4 30 280 M M 1 42 260
25 65 29 47 -7 18 0 0.00 0.0 M 3.0 9 210 M M 0 12 210
26 73 35 54 0 11 0 0.00 0.0 M 5.9 15 200 M M 0 24 190
27 75 56 66 12 0 1 0.00 0.0 M 9.8 16 200 M M 5 32 160
28 81 49 65 11 0 0 0.00 0.0 M 13.6 31 300 M M 8 43 300
29 58 43 51 -3 14 0 0.00 0.0 M 9.2 17 70 M M 1 26 80
================================================================================
SM 1893 1131 366 1 5.79 0.0 204.8 M 77
================================================================================
AV 65.3 39.0 7.1 FASTST M M 3 MAX(MPH)
MISC ----> # 31 60 46 310
================================================================================
NOTES:
# LAST OF SEVERAL OCCURRENCES
COLUMN 17 PEAK WIND IN M.P.H.
PRELIMINARY LOCAL CLIMATOLOGICAL DATA (WS FORM: F-6) , PAGE 2
STATION: MACON
MONTH: FEBRUARY
YEAR: 2024
LATITUDE: 32 42 N
LONGITUDE: 83 39 W
[TEMPERATURE DATA] [PRECIPITATION DATA] SYMBOLS USED IN COLUMN 16
AVERAGE MONTHLY: 52.1 TOTAL FOR MONTH: 5.79 1 = FOG OR MIST
DPTR FM NORMAL: 0.9 DPTR FM NORMAL: 1.62 2 = FOG REDUCING VISIBILITY
HIGHEST: 81 ON 28 GRTST 24HR 4.92 ON 11-12 TO 1/4 MILE OR LESS
LOWEST: 27 ON 7 3 = THUNDER
SNOW, ICE PELLETS, HAIL 4 = ICE PELLETS
TOTAL MONTH: 0.0 INCH 5 = HAIL
GRTST 24HR 0.0 6 = FREEZING RAIN OR DRIZZLE
GRTST DEPTH: M ON M 7 = DUSTSTORM OR SANDSTORM:
VSBY 1/2 MILE OR LESS
8 = SMOKE OR HAZE
[NO. OF DAYS WITH] [WEATHER - DAYS WITH] 9 = BLOWING SNOW
X = TORNADO
MAX 32 OR BELOW: 0 0.01 INCH OR MORE: 4
MAX 90 OR ABOVE: 0 0.10 INCH OR MORE: 3
MIN 32 OR BELOW: 8 0.50 INCH OR MORE: 3
MIN 0 OR BELOW: 0 1.00 INCH OR MORE: 2
[HDD (BASE 65) ]
TOTAL THIS MO. 366 CLEAR (SCALE 0-3) 20
DPTR FM NORMAL -24 PTCLDY (SCALE 4-7) 5
TOTAL FM JUL 1 1690 CLOUDY (SCALE 8-10) 4
DPTR FM NORMAL -123
[CDD (BASE 65) ]
TOTAL THIS MO. 1
DPTR FM NORMAL -4 [PRESSURE DATA]
TOTAL FM JAN 1 6 HIGHEST SLP 30.43 ON 29
DPTR FM NORMAL -1 LOWEST SLP 29.54 ON 4
[REMARKS]
#FINAL-02-24#