000
CXUS54 KMAF 011210
CF6MDD
PRELIMINARY LOCAL CLIMATOLOGICAL DATA (WS FORM: F-6)
STATION: MIDLAND AIRPARK
MONTH: DECEMBER
YEAR: 2021
LATITUDE: 32 2 N
LONGITUDE: 102 6 W
TEMPERATURE IN F: :PCPN: SNOW: WIND :SUNSHINE: SKY :PK WND
================================================================================
1 2 3 4 5 6A 6B 7 8 9 10 11 12 13 14 15 16 17 18
12Z AVG MX 2MIN
DY MAX MIN AVG DEP HDD CDD WTR SNW DPTH SPD SPD DIR MIN PSBL S-S WX SPD DR
================================================================================
1 80 41 61 M 4 0 M M M 4.2 8 280 M M 0 M M
2 82 42 62 M 3 0 M M M 5.1 14 190 M M 0 20 260
3 82 51 67 M 0 2 M M M 8.2 14 220 M M 0 18 240
4 69 42 56 M 9 0 M M M 5.7 10 320 M M 0 M M
5 79 45 62 M 3 0 M M M 7.6 15 200 M M 0 20 210
6 54 36 45 M 20 0 M M M 10.2 24 20 M M 0 8 31 20
7 74 33 54 M 11 0 M M M 8.8 16 260 M M 0 22 240
8 76 36 56 M 9 0 M M M 6.8 17 200 M M 0 23 200
9 76 56 66 M 0 1 M M M 13.4 22 250 M M 0 26 250
10 75 55 65 M 0 0 M M M 16.8 36 260 M M 1 8 43 260
11 56 33 45 M 20 0 M M M 7.0 20 340 M M 0 30 350
12 68 34 51 M 14 0 M M M 9.0 13 220 M M 0 18 220
13 75 41 58 M 7 0 M M M 8.7 13 230 M M 0 20 180
14 78 44 61 M 4 0 M M M 10.2 15 170 M M 0 20 190
15 74 59 67 M 0 2 M M M 15.7 30 180 M M 2 35 180
16 67 44 56 M 9 0 M M M 5.9 12 M M M 0 1 M M
17 74 47 61 M 4 0 M M M 5.9 14 190 M M 4 20 200
18 61 40 51 M 14 0 M M M 14.7 23 40 M M 0 8 30 40
19 49 36 43 M 22 0 M M M 6.4 12 170 M M 0 17 210
20 68 28 48 M 17 0 M M M 4.9 13 270 M M 0 M M
21 72 28 50 M 15 0 M M M 7.7 15 250 M M 0 21 240
22 78 40 59 M 6 0 M M M 8.6 15 270 M M 0 20 270
23 81 43 62 M 3 0 M M M 8.5 18 250 M M 0 23 260
24 85 54 70 M 0 5 M M M 14.1 25 240 M M 0 8 33 240
25 78 50 64 M 1 0 M M M 6.6 21 250 M M 0 26 250
26 84 54 69 M 0 4 M M M 12.1 26 250 M M 0 37 250
27 79 53 66 M 0 1 M M M 5.3 14 210 M M 0 20 210
28 72 53 63 M 2 0 M M M 11.8 30 260 M M 1 8 39 260
29 70 46 58 M 7 0 M M M 11.2 28 270 M M 1 36 250
30 69 40 55 M 10 0 M M M 7.6 15 270 M M 1 21 250
31 66 51 59 M 6 0 0.02 M M 6.3 20 310 M M 5 25 290
================================================================================
SM 2251 1355 220 15 0.02 M 274.9 M 15
================================================================================
AV 72.6 43.7 8.9 FASTST M M 0 MAX(MPH)
MISC ----> 36 260 43 260
================================================================================
NOTES:
# LAST OF SEVERAL OCCURRENCES
COLUMN 17 PEAK WIND IN M.P.H.
PRELIMINARY LOCAL CLIMATOLOGICAL DATA (WS FORM: F-6) , PAGE 2
STATION: MIDLAND AIRPARK
MONTH: DECEMBER
YEAR: 2021
LATITUDE: 32 2 N
LONGITUDE: 102 6 W
[TEMPERATURE DATA] [PRECIPITATION DATA] SYMBOLS USED IN COLUMN 16
AVERAGE MONTHLY: 58.2 TOTAL FOR MONTH: 0.02 1 = FOG OR MIST
DPTR FM NORMAL: 0.0 DPTR FM NORMAL: M 2 = FOG REDUCING VISIBILITY
HIGHEST: 85 ON 24 GRTST 24HR 0.02 ON 31-31 TO 1/4 MILE OR LESS
LOWEST: 28 ON 21,20 3 = THUNDER
SNOW, ICE PELLETS, HAIL 4 = ICE PELLETS
TOTAL MONTH: M 5 = HAIL
GRTST 24HR M ON M 6 = FREEZING RAIN OR DRIZZLE
GRTST DEPTH: M ON M 7 = DUSTSTORM OR SANDSTORM:
VSBY 1/2 MILE OR LESS
8 = SMOKE OR HAZE
[NO. OF DAYS WITH] [WEATHER - DAYS WITH] 9 = BLOWING SNOW
X = TORNADO
MAX 32 OR BELOW: 0 0.01 INCH OR MORE: 1
MAX 90 OR ABOVE: 0 0.10 INCH OR MORE: 0
MIN 32 OR BELOW: 2 0.50 INCH OR MORE: 0
MIN 0 OR BELOW: 0 1.00 INCH OR MORE: 0
[HDD (BASE 65) ]
TOTAL THIS MO. 220 CLEAR (SCALE 0-3) 29
DPTR FM NORMAL M PTCLDY (SCALE 4-7) 2
TOTAL FM JUL 1 500 CLOUDY (SCALE 8-10) 0
DPTR FM NORMAL M
[CDD (BASE 65) ]
TOTAL THIS MO. 15
DPTR FM NORMAL M [PRESSURE DATA]
TOTAL FM JAN 1 2513 HIGHEST SLP M ON M
DPTR FM NORMAL M LOWEST SLP M ON M
[REMARKS]
#FINAL-12-21#