000
CXUS51 KCTP 010800
CF6MDT
PRELIMINARY LOCAL CLIMATOLOGICAL DATA (WS FORM: F-6)
STATION: HARRISBURG PA
MONTH: JUNE
YEAR: 2023
LATITUDE: 40 11 N
LONGITUDE: 76 46 W
TEMPERATURE IN F: :PCPN: SNOW: WIND :SUNSHINE: SKY :PK WND
================================================================================
1 2 3 4 5 6A 6B 7 8 9 10 11 12 13 14 15 16 17 18
12Z AVG MX 2MIN
DY MAX MIN AVG DEP HDD CDD WTR SNW DPTH SPD SPD DIR MIN PSBL S-S WX SPD DR
================================================================================
1 90 53 72 4 0 7 0.00 0.0 0 2.4 9 130 M M 0 13 90
2 96 61 79 11 0 14 0.00 0.0 0 5.2 17 50 M M 3 28 50
3 86 63 75 6 0 10 0.12 0.0 0 9.2 24 100 M M 8 3 27 100
4 78 59 69 0 0 4 0.00 0.0 0 6.1 16 340 M M 5 22 20
5 78 54 66 -3 0 1 0.00 0.0 0 5.6 16 340 M M 3 23 320
6 80 57 69 -1 0 4 0.09 0.0 0 8.3 35 300 M M 3 38 47 310
7 76 54 65 -5 0 0 0.00 0.0 0 5.8 18 290 M M 3 8 23 290
8 75 51 63 -7 2 0 0.00 0.0 0 6.7 17 310 M M 7 8 24 310
9 74 57 66 -5 0 1 T 0.0 0 8.0 31 310 M M 8 8 38 320
10 84 55 70 -1 0 5 T 0.0 0 5.5 15 280 M M 3 19 310
11 88 58 73 2 0 8 0.00 0.0 0 5.0 17 150 M M 7 22 150
12 76 62 69 -3 0 4 1.55 0.0 0 10.3 25 290 M M 9 12 30 290
13 76 56 66 -6 0 1 0.00 0.0 0 7.7 18 270 M M 3 25 270
14 74 61 68 -4 0 3 0.24 0.0 0 11.5 29 280 M M 7 3 38 320
15 78 58 68 -5 0 3 0.00 0.0 0 6.7 14 310 M M 4 16 310
16 76 60 68 -5 0 3 0.12 0.0 0 4.7 23 310 M M 9 13 27 310
17 80 60 70 -3 0 5 0.00 0.0 0 10.9 23 310 M M 5 18 29 290
18 83 60 72 -2 0 7 0.00 0.0 0 5.5 15 290 M M 2 17 290
19 87 60 74 0 0 9 0.00 0.0 0 5.8 20 130 M M 5 18 24 140
20 82 68 75 1 0 10 0.00 0.0 0 9.2 17 140 M M 8 8 19 110
21 74 58 66 -8 0 1 0.18 0.0 0 9.7 24 110 M M 8 1 30 110
22 66 58 62 -13 3 0 0.13 0.0 0 5.4 14 110 M M 10 18 17 110
23 71 63 67 -8 0 2 0.51 0.0 0 5.7 12 110 M M 10 1 15 110
24 83 68 76 1 0 11 0.46 0.0 0 3.3 23 210 M M 8 123 31 210
25 85 67 76 1 0 11 0.03 0.0 0 4.7 31 220 M M 5 3 38 220
26 88 68 78 2 0 13 0.11 0.0 0 5.1 28 220 M M 7 13 35 220
27 82 66 74 -2 0 9 0.83 0.0 0 4.5 29 190 M M 8 138 33 200
28 76 66 71 -5 0 6 0.00 0.0 0 10.4 20 290 M M 5 8 24 290
29 83 62 73 -3 0 8 0.00 0.0 0 4.6 10 270 M M 4 18 12 270
30 84 64 74 -2 0 9 T 0.0 0 6.2 15 190 M M 5 18 19 200
================================================================================
SM 2409 1807 5 169 4.37 0.0 199.7 M 172
================================================================================
AV 80.3 60.2 6.7 FASTST M M 6 MAX(MPH)
MISC ----> 35 300 47 310
================================================================================
NOTES:
# LAST OF SEVERAL OCCURRENCES
COLUMN 17 PEAK WIND IN M.P.H.
PRELIMINARY LOCAL CLIMATOLOGICAL DATA (WS FORM: F-6) , PAGE 2
STATION: HARRISBURG PA
MONTH: JUNE
YEAR: 2023
LATITUDE: 40 11 N
LONGITUDE: 76 46 W
[TEMPERATURE DATA] [PRECIPITATION DATA] SYMBOLS USED IN COLUMN 16
AVERAGE MONTHLY: 70.3 TOTAL FOR MONTH: 4.37 1 = FOG OR MIST
DPTR FM NORMAL: -2.2 DPTR FM NORMAL: 0.39 2 = FOG REDUCING VISIBILITY
HIGHEST: 96 ON 2 GRTST 24HR 1.55 ON 12-12 TO 1/4 MILE OR LESS
LOWEST: 51 ON 8 3 = THUNDER
SNOW, ICE PELLETS, HAIL 4 = ICE PELLETS
TOTAL MONTH: 0.0 INCH 5 = HAIL
GRTST 24HR 0.0 6 = FREEZING RAIN OR DRIZZLE
GRTST DEPTH: 0 7 = DUSTSTORM OR SANDSTORM:
VSBY 1/2 MILE OR LESS
8 = SMOKE OR HAZE
[NO. OF DAYS WITH] [WEATHER - DAYS WITH] 9 = BLOWING SNOW
X = TORNADO
MAX 32 OR BELOW: 0 0.01 INCH OR MORE: 12
MAX 90 OR ABOVE: 2 0.10 INCH OR MORE: 10
MIN 32 OR BELOW: 0 0.50 INCH OR MORE: 3
MIN 0 OR BELOW: 0 1.00 INCH OR MORE: 1
[HDD (BASE 65) ]
TOTAL THIS MO. 5 CLEAR (SCALE 0-3) 6
DPTR FM NORMAL -7 PTCLDY (SCALE 4-7) 17
TOTAL FM JUL 1 4346 CLOUDY (SCALE 8-10) 7
DPTR FM NORMAL -675
[CDD (BASE 65) ]
TOTAL THIS MO. 169
DPTR FM NORMAL -70 [PRESSURE DATA]
TOTAL FM JAN 1 214 HIGHEST SLP 30.21 ON 21
DPTR FM NORMAL -107 LOWEST SLP 29.49 ON 14
[REMARKS]
#FINAL-06-23#