000
CXUS54 KMEG 011252
CF6MEG
PRELIMINARY LOCAL CLIMATOLOGICAL DATA (WS FORM: F-6)
STATION: MEMPHIS/GERMANTOWN WFO
MONTH: JANUARY
YEAR: 2023
LATITUDE: 35 7 N
LONGITUDE: 89 48 W
TEMPERATURE IN F: :PCPN: SNOW: WIND :SUNSHINE: SKY :PK WND
================================================================================
1 2 3 4 5 6A 6B 7 8 9 10 11 12 13 14 15 16 17 18
12Z AVG MX 2MIN
DY MAX MIN AVG DEP HDD CDD WTR SNW DPTH SPD SPD DIR MIN PSBL S-S WX SPD DR
================================================================================
1 74 51 63 23 2 0 0.00 0.0 0 M M M M M M 1 M M
2 71 63 67 27 0 2 0.48 0.0 0 M M M M M M 13 M M
3 72 54 63 23 2 0 4.49 0.0 0 M M M M M M 13 M M
4 60 38 49 9 16 0 0.00 0.0 0 M M M M M M M M
5 54 37 46 6 19 0 0.00 0.0 0 M M M M M M M M
6 56 31 44 4 21 0 0.00 0.0 0 M M M M M M M M
7 54 47 51 11 14 0 0.15 0.0 0 M M M M M M 1 M M
8 55 35 45 5 20 0 0.00 0.0 0 M M M M M M 12 M M
9 57 31 44 5 21 0 0.00 0.0 0 M M M M M M 1 M M
10 62 37 50 11 15 0 0.00 0.0 0 M M M M M M M M
11 71 58 65 26 0 0 0.00 0.0 0 M M M M M M M M
12 68 41 55 16 10 0 0.22 0.0 0 M M M M M M 13 M M
13 40 33 37 -2 28 0 0.00 0.0 0 M M M M M M M M
14 47 28 38 -1 27 0 0.00 0.0 0 M M M M M M M M
15 58 29 44 5 21 0 0.00 0.0 0 M M M M M M M M
16 60 49 55 16 10 0 0.25 0.0 0 M M M M M M 12 M M
17 69 54 62 23 3 0 0.45 0.0 0 M M M M M M 1 M M
18 72 51 62 23 3 0 0.84 0.0 0 M M M M M M 18 M M
19 57 39 48 9 17 0 0.00 0.0 0 M M M M M M M M
20 51 32 42 3 23 0 0.00 0.0 0 M M M M M M M M
21 52 29 41 1 24 0 0.05 0.0 0 M M M M M M 1 M M
22 47 40 44 4 21 0 0.53 0.0 0 M M M M M M 1 M M
23 50 32 41 1 24 0 0.00 0.0 0 M M M M M M M M
24 49 29 39 -1 26 0 0.74 0.0 0 M M M M M M 1 M M
25 47 36 42 2 23 0 0.07 0.0 0 M M M M M M 1 M M
26 42 29 36 -4 29 0 0.00 0.0 0 M M M M M M M M
27 56 29 43 3 22 0 0.00 0.0 0 M M M M M M M M
28 58 37 48 8 17 0 0.06 0.0 0 M M M M M M M M
29 58 45 52 12 13 0 0.78 0.0 0 M M M M M M 1 M M
30 45 31 38 -2 27 0 0.43 0.0 0 M M M M M M 16 M M
31 32 26 29 -11 36 0 0.70 0.5 T M M M M M M 146 M M
================================================================================
SM 1744 1201 534 2 10.24 0.5 M M M
================================================================================
AV 56.3 38.7 M FASTST M M M MAX(MPH)
MISC ----> M M M M
================================================================================
NOTES:
# LAST OF SEVERAL OCCURRENCES
COLUMN 17 PEAK WIND IN M.P.H.
PRELIMINARY LOCAL CLIMATOLOGICAL DATA (WS FORM: F-6) , PAGE 2
STATION: MEMPHIS/GERMANTOWN WFO
MONTH: JANUARY
YEAR: 2023
LATITUDE: 35 7 N
LONGITUDE: 89 48 W
[TEMPERATURE DATA] [PRECIPITATION DATA] SYMBOLS USED IN COLUMN 16
AVERAGE MONTHLY: 47.5 TOTAL FOR MONTH: 10.24 1 = FOG OR MIST
DPTR FM NORMAL: 7.9 DPTR FM NORMAL: 5.90 2 = FOG REDUCING VISIBILITY
HIGHEST: 74 ON 1 GRTST 24HR 4.49 ON 3- 3 TO 1/4 MILE OR LESS
LOWEST: 26 ON 31 3 = THUNDER
SNOW, ICE PELLETS, HAIL 4 = ICE PELLETS
TOTAL MONTH: 0.5 INCH 5 = HAIL
GRTST 24HR 0.5 ON 31-31 6 = FREEZING RAIN OR DRIZZLE
GRTST DEPTH: T 7 = DUSTSTORM OR SANDSTORM:
VSBY 1/2 MILE OR LESS
8 = SMOKE OR HAZE
[NO. OF DAYS WITH] [WEATHER - DAYS WITH] 9 = BLOWING SNOW
X = TORNADO
MAX 32 OR BELOW: 1 0.01 INCH OR MORE: 15
MAX 90 OR ABOVE: 0 0.10 INCH OR MORE: 12
MIN 32 OR BELOW: 12 0.50 INCH OR MORE: 6
MIN 0 OR BELOW: 0 1.00 INCH OR MORE: 1
[HDD (BASE 65) ]
TOTAL THIS MO. 534 CLEAR (SCALE 0-3) 0
DPTR FM NORMAL -252 PTCLDY (SCALE 4-7) 0
TOTAL FM JUL 1 1755 CLOUDY (SCALE 8-10) 31
DPTR FM NORMAL -348
[CDD (BASE 65) ]
TOTAL THIS MO. 2
DPTR FM NORMAL 2 [PRESSURE DATA]
TOTAL FM JAN 1 2 HIGHEST SLP M ON M
DPTR FM NORMAL 2 LOWEST SLP M ON M
[REMARKS]
#FINAL-01-23#