000
CXUS54 KMEG 011000
CF6MEG
PRELIMINARY LOCAL CLIMATOLOGICAL DATA (WS FORM: F-6)
STATION: MEMPHIS/GERMANTOWN WFO
MONTH: DECEMBER
YEAR: 2023
LATITUDE: 35 7 N
LONGITUDE: 89 48 W
TEMPERATURE IN F: :PCPN: SNOW: WIND :SUNSHINE: SKY :PK WND
================================================================================
1 2 3 4 5 6A 6B 7 8 9 10 11 12 13 14 15 16 17 18
12Z AVG MX 2MIN
DY MAX MIN AVG DEP HDD CDD WTR SNW DPTH SPD SPD DIR MIN PSBL S-S WX SPD DR
================================================================================
1 66 43 55 9 10 0 0.65 0.0 0 M M M M M M 1 M M
2 63 46 55 9 10 0 0.00 0.0 0 M M M M M M 12 M M
3 62 44 53 8 12 0 0.00 0.0 0 M M M M M M 12 M M
4 52 35 44 -1 21 0 0.00 0.0 0 M M M M M M M M
5 61 33 47 2 18 0 0.00 0.0 0 M M M M M M M M
6 52 34 43 -2 22 0 0.00 0.0 0 M M M M M M M M
7 61 35 48 4 17 0 0.00 0.0 0 M M M M M M M M
8 64 47 56 12 9 0 0.06 0.0 0 M M M M M M 1 M M
9 69 49 59 15 6 0 0.77 0.0 0 M M M M M M 13 M M
10 49 29 39 -5 26 0 0.00 0.0 0 M M M M M M M M
11 56 27 42 -1 23 0 0.00 0.0 0 M M M M M M M M
12 60 30 45 2 20 0 0.00 0.0 0 M M M M M M M M
13 60 33 47 4 18 0 0.00 0.0 0 M M M M M M M M
14 66 37 52 9 13 0 0.00 0.0 0 M M M M M M M M
15 67 42 55 12 10 0 0.00 0.0 0 M M M M M M M M
16 56 46 51 9 14 0 0.03 0.0 0 M M M M M M M M
17 53 34 44 2 21 0 0.00 0.0 0 M M M M M M M M
18 51 29 40 -2 25 0 0.00 0.0 0 M M M M M M M M
19 48 23 36 -6 29 0 0.00 0.0 0 M M M M M M M M
20 52 31 42 0 23 0 0.00 0.0 0 M M M M M M M M
21 58 31 45 3 20 0 0.00 0.0 0 M M M M M M M M
22 63 36 50 9 15 0 T 0.0 0 M M M M M M M M
23 63 52 58 17 7 0 0.23 0.0 0 M M M M M M M M
24 64 50 57 16 8 0 0.08 0.0 0 M M M M M M M M
25 59 42 51 10 14 0 0.94 0.0 0 M M M M M M M M
26 54 33 44 3 21 0 0.00 0.0 0 M M M M M M M M
27 52 31 42 1 23 0 0.00 0.0 0 M M M M M M M M
28 44 33 39 -1 26 0 T 0.0 0 M M M M M M M M
29 39 35 37 -3 28 0 0.02 0.0 0 M M M M M M M M
30 51 32 42 2 23 0 0.00 0.0 0 M M M M M M M M
31 58 35 47 7 18 0 0.00 0.0 0 M M M M M M M M
================================================================================
SM 1773 1137 550 0 2.78 0.0 M M M
================================================================================
AV 57.2 36.7 M FASTST M M M MAX(MPH)
MISC ----> M M M M
================================================================================
NOTES:
# LAST OF SEVERAL OCCURRENCES
COLUMN 17 PEAK WIND IN M.P.H.
PRELIMINARY LOCAL CLIMATOLOGICAL DATA (WS FORM: F-6) , PAGE 2
STATION: MEMPHIS/GERMANTOWN WFO
MONTH: DECEMBER
YEAR: 2023
LATITUDE: 35 7 N
LONGITUDE: 89 48 W
[TEMPERATURE DATA] [PRECIPITATION DATA] SYMBOLS USED IN COLUMN 16
AVERAGE MONTHLY: 46.9 TOTAL FOR MONTH: 2.78 1 = FOG OR MIST
DPTR FM NORMAL: 4.3 DPTR FM NORMAL: -2.90 2 = FOG REDUCING VISIBILITY
HIGHEST: 69 ON 9 GRTST 24HR 0.94 ON 25-25 TO 1/4 MILE OR LESS
LOWEST: 23 ON 19 3 = THUNDER
SNOW, ICE PELLETS, HAIL 4 = ICE PELLETS
TOTAL MONTH: 0.0 INCH 5 = HAIL
GRTST 24HR 0.0 6 = FREEZING RAIN OR DRIZZLE
GRTST DEPTH: 0 7 = DUSTSTORM OR SANDSTORM:
VSBY 1/2 MILE OR LESS
8 = SMOKE OR HAZE
[NO. OF DAYS WITH] [WEATHER - DAYS WITH] 9 = BLOWING SNOW
X = TORNADO
MAX 32 OR BELOW: 0 0.01 INCH OR MORE: 8
MAX 90 OR ABOVE: 0 0.10 INCH OR MORE: 4
MIN 32 OR BELOW: 9 0.50 INCH OR MORE: 3
MIN 0 OR BELOW: 0 1.00 INCH OR MORE: 0
[HDD (BASE 65) ]
TOTAL THIS MO. 550 CLEAR (SCALE 0-3) 0
DPTR FM NORMAL -145 PTCLDY (SCALE 4-7) 0
TOTAL FM JUL 1 1032 CLOUDY (SCALE 8-10) 31
DPTR FM NORMAL -280
[CDD (BASE 65) ]
TOTAL THIS MO. 0
DPTR FM NORMAL -1 [PRESSURE DATA]
TOTAL FM JAN 1 2200 HIGHEST SLP M ON M
DPTR FM NORMAL 224 LOWEST SLP M ON M
[REMARKS]
#FINAL-12-23#