000
CXUS54 KLZK 171230
CF6MEZ
PRELIMINARY LOCAL CLIMATOLOGICAL DATA (WS FORM: F-6)
STATION: MENA AIRPORT
MONTH: APRIL
YEAR: 2024
LATITUDE: 34 9 N
LONGITUDE: 94 15 W
TEMPERATURE IN F: :PCPN: SNOW: WIND :SUNSHINE: SKY :PK WND
================================================================================
1 2 3 4 5 6A 6B 7 8 9 10 11 12 13 14 15 16 17 18
12Z AVG MX 2MIN
DY MAX MIN AVG DEP HDD CDD WTR SNW DPTH SPD SPD DIR MIN PSBL S-S WX SPD DR
================================================================================
1 75 67 71 17 0 6 T M M 5.6 9 250 M M 6 18 220
2 70 41 56 1 9 0 0.02 M M 10.9 18 300 M M 5 25 290
3 61 38 50 -5 15 0 0.00 M M 10.9 22 280 M M 0 37 330
4 69 32 51 -4 14 0 0.00 M M 7.5 17 300 M M 0 8 23 300
5 76 34 55 -1 10 0 0.00 M M 1.8 7 60 M M 0 M M
6 76 46 61 5 4 0 T M M 4.5 9 120 M M 2 20 99
7 77 44 61 5 4 0 0.01 M M 5.8 13 270 M M 3 1 20 250
8 79 37 58 2 7 0 0.03 M M 2.3 7 99 M M 2 M M
9 65 55 60 3 5 0 2.16 M M 7.3 13 100 M M 8 1 32 350
10 63 51 57 0 8 0 1.07 M M 5.8 9 330 M M 9 1 17 350
11 67 41 54 -3 11 0 0.05 M M 11.4 23 290 M M 1 36 310
12 76 37 57 -1 8 0 0.00 M M 4.2 10 290 M M 0 M M
13 82 48 65 7 0 0 0.00 M M 5.9 15 250 M M 0 22 250
14 77 60 69 11 0 4 0.00 M M 6.0 12 240 M M 7 22 230
15 71 64 68 10 0 3 T M M 3.2 6 110 M M 6 M M
16 71 66 69 10 0 4 0.05 M M 6.1 9 150 M M 6 1 20 99
================================================================================
SM 1155 761 95 17 3.39 M 99.1 M 55
================================================================================
AV 72.2 47.6 6.2 FASTST M M 3 MAX(MPH)
MISC ----> 23 290 37 330
================================================================================
NOTES:
# LAST OF SEVERAL OCCURRENCES
COLUMN 17 PEAK WIND IN M.P.H.
PRELIMINARY LOCAL CLIMATOLOGICAL DATA (WS FORM: F-6) , PAGE 2
STATION: MENA AIRPORT
MONTH: APRIL
YEAR: 2024
LATITUDE: 34 9 N
LONGITUDE: 94 15 W
[TEMPERATURE DATA] [PRECIPITATION DATA] SYMBOLS USED IN COLUMN 16
AVERAGE MONTHLY: 59.9 TOTAL FOR MONTH: 3.39 1 = FOG OR MIST
DPTR FM NORMAL: 3.3 DPTR FM NORMAL: 0.75 2 = FOG REDUCING VISIBILITY
HIGHEST: 82 ON 13 GRTST 24HR 2.16 ON 9- 9 TO 1/4 MILE OR LESS
LOWEST: 32 ON 4 3 = THUNDER
SNOW, ICE PELLETS, HAIL 4 = ICE PELLETS
TOTAL MONTH: M 5 = HAIL
GRTST 24HR M ON M 6 = FREEZING RAIN OR DRIZZLE
GRTST DEPTH: M ON M 7 = DUSTSTORM OR SANDSTORM:
VSBY 1/2 MILE OR LESS
8 = SMOKE OR HAZE
[NO. OF DAYS WITH] [WEATHER - DAYS WITH] 9 = BLOWING SNOW
X = TORNADO
MAX 32 OR BELOW: 0 0.01 INCH OR MORE: 7
MAX 90 OR ABOVE: 0 0.10 INCH OR MORE: 2
MIN 32 OR BELOW: 1 0.50 INCH OR MORE: 2
MIN 0 OR BELOW: 0 1.00 INCH OR MORE: 2
[HDD (BASE 65) ]
TOTAL THIS MO. 95 CLEAR (SCALE 0-3) 9
DPTR FM NORMAL -50 PTCLDY (SCALE 4-7) 6
TOTAL FM JUL 1 2976 CLOUDY (SCALE 8-10) 1
DPTR FM NORMAL -520
[CDD (BASE 65) ]
TOTAL THIS MO. 17
DPTR FM NORMAL 7 [PRESSURE DATA]
TOTAL FM JAN 1 45 HIGHEST SLP M ON M
DPTR FM NORMAL 29 LOWEST SLP M ON M
[REMARKS]