000
CXUS54 KBRO 010900
CF6MFE
PRELIMINARY LOCAL CLIMATOLOGICAL DATA (WS FORM: F-6)
STATION: MCALLEN
MONTH: APRIL
YEAR: 2020
LATITUDE: 26 10 N
LONGITUDE: 98 14 W
TEMPERATURE IN F: :PCPN: SNOW: WIND :SUNSHINE: SKY :PK WND
================================================================================
1 2 3 4 5 6A 6B 7 8 9 10 11 12 13 14 15 16 17 18
12Z AVG MX 2MIN
DY MAX MIN AVG DEP HDD CDD WTR SNW DPTH SPD SPD DIR MIN PSBL S-S WX SPD DR
================================================================================
1 89 67 78 4 0 13 0.00 0.0 0 11.1 22 120 M M 2 29 130
2 88 73 81 7 0 16 T 0.0 0 15.0 23 130 M M 9 30 140
3 89 75 82 8 0 17 0.00 0.0 0 12.1 20 130 M M 10 23 140
4 81 61 71 -4 0 6 0.05 0.0 0 10.5 21 350 M M 10 13 25 360
5 71 61 66 -9 0 1 0.03 0.0 0 8.0 17 340 M M 10 1 21 10
6 84 68 76 1 0 11 0.03 0.0 0 4.4 10 70 M M 10 1 14 70
7 90 74 82 7 0 17 T 0.0 0 5.7 10 130 M M 7 18 16 110
8 94 75 85 10 0 20 0.00 0.0 0 7.3 15 150 M M 5 18 19 160
9 96 74 85 9 0 20 T 0.0 0 8.6 20 120 M M 3 128 23 130
10 90 73 82 6 0 17 0.09 0.0 0 10.1 21 120 M M 8 138 26 120
11 91 72 82 6 0 17 0.00 0.0 0 12.4 23 130 M M 6 18 28 140
12 102 66 84 8 0 19 0.00 0.0 0 9.7 23 350 M M 1 18 29 330
13 86 61 74 -2 0 9 0.00 0.0 0 9.5 20 60 M M 1 8 24 80
14 81 64 73 -3 0 8 0.00 0.0 0 11.6 22 360 M M 10 26 10
15 74 59 67 -9 0 2 0.00 0.0 0 9.9 18 20 M M 8 23 10
16 74 62 68 -9 0 3 0.00 0.0 0 8.1 18 100 M M 8 23 110
17 91 71 81 4 0 16 T 0.0 0 8.7 17 130 M M 9 18 21 150
18 86 74 80 3 0 15 T 0.0 0 9.0 17 130 M M 7 18 22 140
19 102 77 90 13 0 25 0.00 0.0 0 9.6 22 350 M M 5 18 27 360
20 101 70 86 9 0 21 0.00 0.0 0 10.5 24 130 M M 3 128 31 120
21 92 77 85 8 0 20 0.00 0.0 0 14.1 21 130 M M 10 18 26 140
22 97 79 88 10 0 23 0.00 0.0 0 15.2 24 150 M M 5 18 32 150
23 103 73 88 10 0 23 0.07 0.0 0 8.5 24 50 M M 4 138 29 50
24 101 73 87 9 0 22 0.00 0.0 0 11.8 22 130 M M 4 18 27 110
25 95 77 86 8 0 21 0.00 0.0 0 12.1 22 60 M M 8 18 29 90
26 92 73 83 5 0 18 0.00 0.0 0 10.3 18 80 M M 3 24 80
27 94 72 83 5 0 18 0.00 0.0 0 14.8 26 130 M M 5 33 130
28 98 77 88 9 0 23 T 0.0 0 13.8 28 140 M M 6 32 170
29 92 75 84 5 0 19 0.00 0.0 0 12.0 26 70 M M 3 18 35 40
30 94 64 79 0 0 14 0.00 0.0 0 5.9 21 110 M M 1 25 120
================================================================================
SM 2718 2117 0 474 0.27 0.0 310.3 M 181
================================================================================
AV 90.6 70.6 10.3 FASTST M M 6 MAX(MPH)
MISC ----> # 28 140 # 35 40
================================================================================
NOTES:
# LAST OF SEVERAL OCCURRENCES
COLUMN 17 PEAK WIND IN M.P.H.
PRELIMINARY LOCAL CLIMATOLOGICAL DATA (WS FORM: F-6) , PAGE 2
STATION: MCALLEN
MONTH: APRIL
YEAR: 2020
LATITUDE: 26 10 N
LONGITUDE: 98 14 W
[TEMPERATURE DATA] [PRECIPITATION DATA] SYMBOLS USED IN COLUMN 16
AVERAGE MONTHLY: 80.6 TOTAL FOR MONTH: 0.27 1 = FOG OR MIST
DPTR FM NORMAL: 4.1 DPTR FM NORMAL: -1.07 2 = FOG REDUCING VISIBILITY
HIGHEST: 103 ON 23 GRTST 24HR 0.09 ON 10-10 TO 1/4 MILE OR LESS
LOWEST: 59 ON 15 3 = THUNDER
SNOW, ICE PELLETS, HAIL 4 = ICE PELLETS
TOTAL MONTH: 0.0 INCH 5 = HAIL
GRTST 24HR 0.0 6 = FREEZING RAIN OR DRIZZLE
GRTST DEPTH: 0 7 = DUSTSTORM OR SANDSTORM:
VSBY 1/2 MILE OR LESS
8 = SMOKE OR HAZE
[NO. OF DAYS WITH] [WEATHER - DAYS WITH] 9 = BLOWING SNOW
X = TORNADO
MAX 32 OR BELOW: 0 0.01 INCH OR MORE: 5
MAX 90 OR ABOVE: 19 0.10 INCH OR MORE: 0
MIN 32 OR BELOW: 0 0.50 INCH OR MORE: 0
MIN 0 OR BELOW: 0 1.00 INCH OR MORE: 0
[HDD (BASE 65) ]
TOTAL THIS MO. 0 CLEAR (SCALE 0-3) 7
DPTR FM NORMAL -8 PTCLDY (SCALE 4-7) 14
TOTAL FM JUL 1 335 CLOUDY (SCALE 8-10) 9
DPTR FM NORMAL -244
[CDD (BASE 65) ]
TOTAL THIS MO. 474
DPTR FM NORMAL 120 [PRESSURE DATA]
TOTAL FM JAN 1 1138 HIGHEST SLP 30.20 ON 15
DPTR FM NORMAL 407 LOWEST SLP 29.50 ON 12
[REMARKS]
#FINAL-04-20#