000
CXUS53 KGRB 290530
CF6MFI
PRELIMINARY LOCAL CLIMATOLOGICAL DATA (WS FORM: F-6)
STATION: MARSHFIELD WI
MONTH: MARCH
YEAR: 2021
LATITUDE: 44 37 N
LONGITUDE: 90 11 W
TEMPERATURE IN F: :PCPN: SNOW: WIND :SUNSHINE: SKY :PK WND
================================================================================
1 2 3 4 5 6A 6B 7 8 9 10 11 12 13 14 15 16 17 18
12Z AVG MX 2MIN
DY MAX MIN AVG DEP HDD CDD WTR SNW DPTH SPD SPD DIR MIN PSBL S-S WX SPD DR
================================================================================
1 22 9 16 -8 49 0 0.00 0.0 4 9.8 20 330 M M 2 8 26 310
2 44 12 28 4 37 0 0.00 0.0 4 12.6 26 210 M M 2 36 220
3 42 27 35 10 30 0 0.00 0.0 3 7.9 15 330 M M 1 1 17 320
4 38 22 30 5 35 0 0.00 0.0 1 4.6 12 80 M M 1 14 80
5 44 20 32 6 33 0 0.00 0.0 1 5.2 13 330 M M 4 16 330
6 44 19 32 6 33 0 0.00 0.0 0 2.5 10 330 M M 0 12 320
7 47 22 35 9 30 0 0.00 0.0 0 11.1 20 160 M M 2 1 27 150
8 55 33 44 17 21 0 0.00 0.0 0 5.2 13 290 M M 0 17 290
9 62 32 47 20 18 0 0.00 0.0 0 11.0 30 190 M M 3 42 160
10 56 43 50 22 15 0 0.64 0.0 0 11.8 33 220 M M 8 1238 47 220
11 48 34 41 13 24 0 T T 0 17.9 32 250 M M 5 1 50 260
12 39 24 32 3 33 0 0.00 0.0 0 8.4 21 340 M M 0 26 340
13 59 22 41 12 24 0 0.00 0.0 0 8.2 21 280 M M 0 29 270
14 47 26 37 7 28 0 0.00 0.0 0 10.8 20 70 M M 0 28 90
15 34 22 28 -2 37 0 0.11 1.4 1 13.8 22 100 M M 4 1 31 110
16 34 26 30 0 35 0 0.00 0.0 1 3.1 10 90 M M 10 15 80
17 44 30 37 6 28 0 0.03 0.8 1 5.5 15 30 M M 7 18 24 20
18 52 31 42 11 23 0 0.00 0.0 0 12.4 23 60 M M 0 37 40
19 53 24 39 7 26 0 0.00 0.0 0 5.9 12 170 M M 0 17 220
20 59 26 43 11 22 0 0.00 0.0 0 10.6 22 190 M M 0 30 160
21 64 32 48 15 17 0 0.00 0.0 0 15.5 29 180 M M 1 41 190
22 63 43 53 20 12 0 T 0.0 0 5.3 15 190 M M 5 20 180
23 64 43 54 20 11 0 0.06 0.0 0 11.5 22 90 M M 7 1 31 80
24 54 34 44 10 21 0 0.54 0.0 0 12.1 24 310 M M 9 1 34 310
25 45 33 39 5 26 0 0.00 0.0 0 8.0 15 70 M M 9 20 40
26 44 26 35 0 30 0 0.00 0.0 0 5.7 14 10 M M 5 8 20 10
27 43 29 36 1 29 0 0.12 T 0 5.9 17 340 M M 8 1 M M
28 39 26 33 -3 32 0 0.20 1.5 1 15.5 30 330 M M 4 1 39 330
29 65 25 45 9 20 0 0.00 0.0 0 16.4 25 180 M M 2 47 210
30 56 29 43 6 22 0 0.00 0.0 0 16.1 28 290 M M 3 39 280
31 35 20 28 -9 37 0 0.00 0.0 0 15.4 23 310 M M 6 33 310
================================================================================
SM 1495 844 838 0 1.70 3.7 305.7 M 108
================================================================================
AV 48.2 27.2 9.9 FASTST M M 3 MAX(MPH)
MISC ----> 33 220 50 260
================================================================================
NOTES:
# LAST OF SEVERAL OCCURRENCES
COLUMN 17 PEAK WIND IN M.P.H.
PRELIMINARY LOCAL CLIMATOLOGICAL DATA (WS FORM: F-6) , PAGE 2
STATION: MARSHFIELD WI
MONTH: MARCH
YEAR: 2021
LATITUDE: 44 37 N
LONGITUDE: 90 11 W
[TEMPERATURE DATA] [PRECIPITATION DATA] SYMBOLS USED IN COLUMN 16
AVERAGE MONTHLY: 37.7 TOTAL FOR MONTH: 1.70 1 = FOG OR MIST
DPTR FM NORMAL: 7.3 DPTR FM NORMAL: 0.45 2 = FOG REDUCING VISIBILITY
HIGHEST: 65 ON 29 GRTST 24HR 0.64 ON 10-10 TO 1/4 MILE OR LESS
LOWEST: 9 ON 1 3 = THUNDER
SNOW, ICE PELLETS, HAIL 4 = ICE PELLETS
TOTAL MONTH: 3.7 INCHES 5 = HAIL
GRTST 24HR 1.5 ON 28-28 6 = FREEZING RAIN OR DRIZZLE
GRTST DEPTH: 5 ON M 7 = DUSTSTORM OR SANDSTORM:
VSBY 1/2 MILE OR LESS
8 = SMOKE OR HAZE
[NO. OF DAYS WITH] [WEATHER - DAYS WITH] 9 = BLOWING SNOW
X = TORNADO
MAX 32 OR BELOW: 1 0.01 INCH OR MORE: 7
MAX 90 OR ABOVE: 0 0.10 INCH OR MORE: 5
MIN 32 OR BELOW: 24 0.50 INCH OR MORE: 2
MIN 0 OR BELOW: 0 1.00 INCH OR MORE: 0
[HDD (BASE 65) ]
TOTAL THIS MO. 838 CLEAR (SCALE 0-3) 17
DPTR FM NORMAL -233 PTCLDY (SCALE 4-7) 11
TOTAL FM JUL 1 6749 CLOUDY (SCALE 8-10) 3
DPTR FM NORMAL -357
[CDD (BASE 65) ]
TOTAL THIS MO. 0
DPTR FM NORMAL 0 [PRESSURE DATA]
TOTAL FM JAN 1 0 HIGHEST SLP 30.59 ON 19
DPTR FM NORMAL 0 LOWEST SLP 29.44 ON 24
[REMARKS]
#FINAL-03-21#