000
CXUS54 KBMX 021224
CF6MGM
PRELIMINARY LOCAL CLIMATOLOGICAL DATA (WS FORM: F-6)
STATION: MONTGOMERY
MONTH: DECEMBER
YEAR: 2020
LATITUDE: 32 17 N
LONGITUDE: 86 24 W
TEMPERATURE IN F: :PCPN: SNOW: WIND :SUNSHINE: SKY :PK WND
================================================================================
1 2 3 4 5 6A 6B 7 8 9 10 11 12 13 14 15 16 17 18
12Z AVG MX 2MIN
DY MAX MIN AVG DEP HDD CDD WTR SNW DPTH SPD SPD DIR MIN PSBL S-S WX SPD DR
================================================================================
1 50 28 39 -13 26 0 0.00 0.0 0 6.5 17 300 M M 0 21 290
2 58 24 41 -11 24 0 0.00 0.0 0 2.4 14 360 M M 0 19 20
3 62 31 47 -4 18 0 0.00 0.0 0 6.2 13 110 M M 1 15 80
4 57 37 47 -4 18 0 0.01 0.0 0 7.4 21 290 M M 6 1 28 300
5 64 33 49 -2 16 0 0.00 0.0 0 4.7 9 340 M M 0 1 13 340
6 59 38 49 -1 16 0 0.03 0.0 0 3.5 8 300 M M 4 18 10 270
7 52 34 43 -7 22 0 0.00 0.0 0 10.8 22 310 M M 2 29 330
8 55 29 42 -8 23 0 0.00 0.0 0 4.4 13 300 M M 0 16 300
9 67 31 49 -1 16 0 0.00 0.0 0 2.1 12 290 M M 0 1 15 270
10 72 36 54 5 11 0 0.00 0.0 0 0.8 8 220 M M 0 11 220
11 69 39 54 5 11 0 0.00 0.0 0 3.2 12 140 M M 4 12 16 150
12 73 57 65 16 0 0 0.06 0.0 0 8.5 21 180 M M 8 12 29 170
13 69 52 61 12 4 0 0.01 0.0 0 5.3 17 160 M M 10 12 24 160
14 72 39 56 7 9 0 0.28 0.0 0 12.5 31 270 M M 8 1 41 290
15 61 33 47 -1 18 0 T 0.0 0 5.0 21 100 M M 5 1 25 110
16 51 41 46 -2 19 0 0.28 0.0 0 9.1 17 300 M M 10 18 21 310
17 43 30 37 -11 28 0 0.00 0.0 0 8.1 15 300 M M 7 19 300
18 56 25 41 -7 24 0 0.00 0.0 0 1.8 10 10 M M 0 1 13 10
19 60 28 44 -4 21 0 0.06 0.0 0 5.0 15 110 M M 1 1 18 110
20 59 45 52 4 13 0 T 0.0 0 4.7 15 110 M M 8 1 18 110
21 61 40 51 4 14 0 0.00 0.0 0 6.8 13 280 M M 5 1 16 280
22 70 35 53 6 12 0 0.00 0.0 0 2.6 9 20 M M 0 13 30
23 70 36 53 6 12 0 0.03 0.0 0 7.4 22 130 M M 4 3 29 130
24 62 31 47 0 18 0 1.14 0.0 0 12.4 26 290 M M 6 1 35 280
25 42 26 34 -13 31 0 0.00 0.0 0 8.6 22 290 M M 0 29 300
26 50 22 36 -11 29 0 0.00 0.0 0 2.0 8 240 M M 0 9 260
27 62 26 44 -3 21 0 0.00 0.0 0 3.8 12 130 M M 0 14 140
28 69 32 51 4 14 0 0.00 0.0 0 2.4 8 320 M M 4 12 230
29 69 42 56 10 9 0 0.00 0.0 0 6.1 13 130 M M 3 12 18 100
30 75 44 60 14 5 0 0.00 0.0 0 8.8 20 150 M M 6 27 160
31 70 53 62 16 3 0 0.08 0.0 0 8.7 16 80 M M 7 1 19 100
================================================================================
SM 1909 1097 505 0 1.98 0.0 181.6 M 109
================================================================================
AV 61.6 35.4 5.9 FASTST M M 4 MAX(MPH)
MISC ----> 31 270 41 290
================================================================================
NOTES:
# LAST OF SEVERAL OCCURRENCES
COLUMN 17 PEAK WIND IN M.P.H.
PRELIMINARY LOCAL CLIMATOLOGICAL DATA (WS FORM: F-6) , PAGE 2
STATION: MONTGOMERY
MONTH: DECEMBER
YEAR: 2020
LATITUDE: 32 17 N
LONGITUDE: 86 24 W
[TEMPERATURE DATA] [PRECIPITATION DATA] SYMBOLS USED IN COLUMN 16
AVERAGE MONTHLY: 48.5 TOTAL FOR MONTH: 1.98 1 = FOG OR MIST
DPTR FM NORMAL: 0.0 DPTR FM NORMAL: -2.88 2 = FOG REDUCING VISIBILITY
HIGHEST: 75 ON 30 GRTST 24HR 1.17 ON 23-24 TO 1/4 MILE OR LESS
LOWEST: 22 ON 26 3 = THUNDER
SNOW, ICE PELLETS, HAIL 4 = ICE PELLETS
TOTAL MONTH: 0.0 INCH 5 = HAIL
GRTST 24HR 0.0 6 = FREEZING RAIN OR DRIZZLE
GRTST DEPTH: 0 7 = DUSTSTORM OR SANDSTORM:
VSBY 1/2 MILE OR LESS
8 = SMOKE OR HAZE
[NO. OF DAYS WITH] [WEATHER - DAYS WITH] 9 = BLOWING SNOW
X = TORNADO
MAX 32 OR BELOW: 0 0.01 INCH OR MORE: 10
MAX 90 OR ABOVE: 0 0.10 INCH OR MORE: 3
MIN 32 OR BELOW: 13 0.50 INCH OR MORE: 1
MIN 0 OR BELOW: 0 1.00 INCH OR MORE: 1
[HDD (BASE 65) ]
TOTAL THIS MO. 505 CLEAR (SCALE 0-3) 15
DPTR FM NORMAL -12 PTCLDY (SCALE 4-7) 13
TOTAL FM JUL 1 694 CLOUDY (SCALE 8-10) 3
DPTR FM NORMAL -195
[CDD (BASE 65) ]
TOTAL THIS MO. 0
DPTR FM NORMAL -6 [PRESSURE DATA]
TOTAL FM JAN 1 2725 HIGHEST SLP 30.45 ON 18
DPTR FM NORMAL 451 LOWEST SLP 29.68 ON 14
[REMARKS]
#FINAL-12-20#