000
CXUS52 KMFL 011030
CF6MIA
PRELIMINARY LOCAL CLIMATOLOGICAL DATA (WS FORM: F-6)
STATION: MIAMI
MONTH: JULY
YEAR: 2022
LATITUDE: 25 49 N
LONGITUDE: 80 17 W
TEMPERATURE IN F: :PCPN: SNOW: WIND :SUNSHINE: SKY :PK WND
================================================================================
1 2 3 4 5 6A 6B 7 8 9 10 11 12 13 14 15 16 17 18
12Z AVG MX 2MIN
DY MAX MIN AVG DEP HDD CDD WTR SNW DPTH SPD SPD DIR MIN PSBL S-S WX SPD DR
================================================================================
1 90 81 86 2 0 21 0.01 0.0 0 11.4 21 130 M M 5 27 110
2 90 79 85 1 0 20 0.00 0.0 0 10.9 18 130 M M 5 26 140
3 91 79 85 1 0 20 T 0.0 0 11.3 20 110 M M 5 27 140
4 91 81 86 2 0 21 T 0.0 0 10.2 20 110 M M 5 24 110
5 91 79 85 1 0 20 0.07 0.0 0 8.9 16 120 M M 7 3 20 80
6 91 80 86 2 0 21 0.07 0.0 0 7.7 20 90 M M 5 3 25 130
7 91 79 85 1 0 20 0.04 0.0 0 8.4 17 120 M M 5 24 110
8 91 80 86 2 0 21 0.29 0.0 0 10.3 20 100 M M 5 25 90
9 92 80 86 2 0 21 0.08 0.0 0 8.8 17 140 M M 3 27 130
10 93 80 87 3 0 22 0.10 0.0 0 6.2 23 200 M M 4 38 28 200
11 94 79 87 3 0 22 0.00 0.0 M 7.6 17 150 M M 4 3 30 160
12 92 81 87 3 0 22 T 0.0 0 7.4 16 130 M M 5 23 140
13 93 82 88 4 0 23 0.00 0.0 0 6.3 17 120 M M 6 23 150
14 90 76 83 -1 0 18 0.11 0.0 0 7.5 17 110 M M 5 138 23 120
15 87 74 81 -3 0 16 0.77 0.0 0 10.2 29 80 M M 7 13 38 110
16 88 73 81 -3 0 16 0.85 0.0 0 7.4 26 130 M M 7 13 34 130
17 91 78 85 1 0 20 0.01 M M 8.1 18 130 M M 7 3 27 120
18 90 81 86 2 0 21 0.00 0.0 0 9.2 18 120 M M 4 26 140
19 90 79 85 1 0 20 0.00 0.0 0 7.0 15 120 M M 3 22 120
20 90 81 86 2 0 21 T 0.0 0 10.3 16 100 M M 3 21 100
21 91 82 87 3 0 22 0.00 0.0 0 9.6 17 120 M M 4 24 120
22 90 78 84 0 0 19 0.05 0.0 0 9.0 18 100 M M 6 3 24 140
23 91 79 85 1 0 20 0.01 0.0 0 10.2 21 110 M M 6 3 26 110
24 91 81 86 2 0 21 0.03 0.0 0 12.6 24 110 M M 6 3 29 110
25 91 79 85 1 0 20 0.14 0.0 0 12.1 22 110 M M 6 3 26 110
26 86 73 80 -4 0 15 1.70 0.0 0 7.3 25 170 M M 8 13 37 70
27 90 72 81 -3 0 16 0.48 0.0 0 8.8 17 180 M M 6 13 21 150
28 91 80 86 2 0 21 0.00 0.0 0 9.4 16 110 M M 3 21 100
29 90 81 86 2 0 21 0.00 0.0 0 11.7 18 90 M M 5 23 140
30 90 77 84 0 0 19 T 0.0 0 12.7 22 140 M M 6 3 27 140
31 91 81 86 2 0 21 0.00 0.0 0 12.2 20 90 M M 5 23 100
================================================================================
SM 2808 2445 0 621 4.81 0.0 290.7 M 161
================================================================================
AV 90.6 78.9 9.4 FASTST M M 5 MAX(MPH)
MISC ----> 29 80 38 110
================================================================================
NOTES:
# LAST OF SEVERAL OCCURRENCES
COLUMN 17 PEAK WIND IN M.P.H.
PRELIMINARY LOCAL CLIMATOLOGICAL DATA (WS FORM: F-6) , PAGE 2
STATION: MIAMI
MONTH: JULY
YEAR: 2022
LATITUDE: 25 49 N
LONGITUDE: 80 17 W
[TEMPERATURE DATA] [PRECIPITATION DATA] SYMBOLS USED IN COLUMN 16
AVERAGE MONTHLY: 84.7 TOTAL FOR MONTH: 4.81 1 = FOG OR MIST
DPTR FM NORMAL: 0.6 DPTR FM NORMAL: -2.55 2 = FOG REDUCING VISIBILITY
HIGHEST: 94 ON 11 GRTST 24HR 1.97 ON 26-27 TO 1/4 MILE OR LESS
LOWEST: 72 ON 27 3 = THUNDER
SNOW, ICE PELLETS, HAIL 4 = ICE PELLETS
TOTAL MONTH: 0.0 INCH 5 = HAIL
GRTST 24HR 0.0 6 = FREEZING RAIN OR DRIZZLE
GRTST DEPTH: 0 7 = DUSTSTORM OR SANDSTORM:
VSBY 1/2 MILE OR LESS
8 = SMOKE OR HAZE
[NO. OF DAYS WITH] [WEATHER - DAYS WITH] 9 = BLOWING SNOW
X = TORNADO
MAX 32 OR BELOW: 0 0.01 INCH OR MORE: 17
MAX 90 OR ABOVE: 28 0.10 INCH OR MORE: 8
MIN 32 OR BELOW: 0 0.50 INCH OR MORE: 3
MIN 0 OR BELOW: 0 1.00 INCH OR MORE: 1
[HDD (BASE 65) ]
TOTAL THIS MO. 0 CLEAR (SCALE 0-3) 2
DPTR FM NORMAL 0 PTCLDY (SCALE 4-7) 29
TOTAL FM JUL 1 0 CLOUDY (SCALE 8-10) 0
DPTR FM NORMAL 0
[CDD (BASE 65) ]
TOTAL THIS MO. 621
DPTR FM NORMAL 31 [PRESSURE DATA]
TOTAL FM JAN 1 2858 HIGHEST SLP 30.20 ON 31
DPTR FM NORMAL 318 LOWEST SLP 29.92 ON 11
[REMARKS]
#FINAL-07-22#