000
CXUS52 KMFL 011030
CF6MIA
PRELIMINARY LOCAL CLIMATOLOGICAL DATA (WS FORM: F-6)
STATION: MIAMI
MONTH: AUGUST
YEAR: 2023
LATITUDE: 25 49 N
LONGITUDE: 80 17 W
TEMPERATURE IN F: :PCPN: SNOW: WIND :SUNSHINE: SKY :PK WND
================================================================================
1 2 3 4 5 6A 6B 7 8 9 10 11 12 13 14 15 16 17 18
12Z AVG MX 2MIN
DY MAX MIN AVG DEP HDD CDD WTR SNW DPTH SPD SPD DIR MIN PSBL S-S WX SPD DR
================================================================================
1 94 81 88 4 0 23 T 0.0 0 2.5 23 80 M M 6 3 28 90
2 94 79 87 3 0 22 0.27 0.0 0 3.4 15 240 M M 7 138 21 220
3 92 79 86 2 0 21 0.46 0.0 0 4.6 14 120 M M 6 13 27 160
4 91 77 84 0 0 19 1.69 0.0 0 3.8 18 210 M M 6 13 27 220
5 94 81 88 4 0 23 0.62 0.0 0 4.4 16 120 M M 6 3 23 120
6 95 82 89 5 0 24 0.26 0.0 0 4.9 14 190 M M 5 3 24 220
7 95 83 89 5 0 24 0.00 0.0 0 5.9 15 110 M M 5 3 21 130
8 95 83 89 5 0 24 0.02 0.0 0 5.5 15 140 M M 4 3 21 270
9 95 83 89 5 0 24 0.01 0.0 0 4.7 17 180 M M 4 3 23 200
10 94 81 88 4 0 23 0.05 0.0 0 5.0 17 100 M M 6 38 22 100
11 94 80 87 3 0 22 0.76 0.0 0 3.8 17 310 M M 4 13 25 310
12 93 83 88 4 0 23 T 0.0 0 8.1 21 100 M M 6 26 100
13 94 82 88 4 0 23 T 0.0 0 8.0 21 150 M M 7 26 150
14 94 83 89 5 0 24 0.00 0.0 0 7.7 16 100 M M 4 23 120
15 96 78 87 3 0 22 0.03 0.0 0 5.8 23 90 M M 6 3 29 100
16 92 78 85 1 0 20 0.15 0.0 0 5.6 18 140 M M 8 3 27 130
17 93 75 84 0 0 19 3.42 0.0 0 5.8 28 120 M M 8 138 35 120
18 90 77 84 0 0 19 0.21 0.0 0 2.4 17 130 M M 8 13 22 110
19 92 77 85 1 0 20 0.93 0.0 0 7.3 23 90 M M 8 13 28 120
20 90 78 84 0 0 19 0.17 0.0 0 8.0 29 110 M M 7 38 36 110
21 91 82 87 3 0 22 0.10 0.0 0 12.1 23 80 M M 6 3 29 80
22 92 80 86 2 0 21 0.03 0.0 0 9.8 20 80 M M 5 3 26 80
23 93 80 87 3 0 22 0.12 0.0 0 7.4 21 70 M M 5 25 80
24 94 78 86 2 0 21 0.24 0.0 0 6.3 18 30 M M 6 13 29 20
25 93 81 87 3 0 22 0.01 0.0 0 6.7 16 50 M M 5 22 40
26 92 80 86 2 0 21 0.00 0.0 0 6.6 17 80 M M 4 20 60
27 93 80 87 3 0 22 T 0.0 0 5.2 15 100 M M 6 19 170
28 91 80 86 2 0 21 0.07 0.0 0 5.5 16 160 M M 7 38 26 170
29 93 78 86 2 0 21 0.48 0.0 0 11.5 24 200 M M 7 13 37 120
30 94 83 89 5 0 24 0.00 0.0 0 13.7 24 210 M M 6 36 180
31 96 79 88 4 0 23 0.15 0.0 0 6.9 22 260 M M 7 3 31 250
================================================================================
SM 2889 2481 0 678 10.25 0.0 198.9 M 185
================================================================================
AV 93.2 80.0 6.4 FASTST M M 6 MAX(MPH)
MISC ----> 29 110 37 120
================================================================================
NOTES:
# LAST OF SEVERAL OCCURRENCES
COLUMN 17 PEAK WIND IN M.P.H.
PRELIMINARY LOCAL CLIMATOLOGICAL DATA (WS FORM: F-6) , PAGE 2
STATION: MIAMI
MONTH: AUGUST
YEAR: 2023
LATITUDE: 25 49 N
LONGITUDE: 80 17 W
[TEMPERATURE DATA] [PRECIPITATION DATA] SYMBOLS USED IN COLUMN 16
AVERAGE MONTHLY: 86.6 TOTAL FOR MONTH: 10.25 1 = FOG OR MIST
DPTR FM NORMAL: 2.4 DPTR FM NORMAL: 0.67 2 = FOG REDUCING VISIBILITY
HIGHEST: 96 ON 31,15 GRTST 24HR 3.42 ON 17-17 TO 1/4 MILE OR LESS
LOWEST: 75 ON 17 3 = THUNDER
SNOW, ICE PELLETS, HAIL 4 = ICE PELLETS
TOTAL MONTH: 0.0 INCH 5 = HAIL
GRTST 24HR 0.0 6 = FREEZING RAIN OR DRIZZLE
GRTST DEPTH: 0 7 = DUSTSTORM OR SANDSTORM:
VSBY 1/2 MILE OR LESS
8 = SMOKE OR HAZE
[NO. OF DAYS WITH] [WEATHER - DAYS WITH] 9 = BLOWING SNOW
X = TORNADO
MAX 32 OR BELOW: 0 0.01 INCH OR MORE: 23
MAX 90 OR ABOVE: 31 0.10 INCH OR MORE: 16
MIN 32 OR BELOW: 0 0.50 INCH OR MORE: 5
MIN 0 OR BELOW: 0 1.00 INCH OR MORE: 2
[HDD (BASE 65) ]
TOTAL THIS MO. 0 CLEAR (SCALE 0-3) 0
DPTR FM NORMAL 0 PTCLDY (SCALE 4-7) 29
TOTAL FM JUL 1 0 CLOUDY (SCALE 8-10) 2
DPTR FM NORMAL 0
[CDD (BASE 65) ]
TOTAL THIS MO. 678
DPTR FM NORMAL 83 [PRESSURE DATA]
TOTAL FM JAN 1 3794 HIGHEST SLP 30.09 ON 7
DPTR FM NORMAL 659 LOWEST SLP 29.71 ON 27
[REMARKS]
#FINAL-08-23#