000
CXUS52 KMFL 011437
CLMMIA
CLIMATE REPORT
NATIONAL WEATHER SERVICE MIAMI, FL
937 AM EST THU FEB 01 2024
...................................
...THE MIAMI CLIMATE SUMMARY FOR THE MONTH OF JANUARY 2024...
CLIMATE NORMAL PERIOD: 1991 TO 2020
CLIMATE RECORD PERIOD: 1895 TO 2024
WEATHER OBSERVED NORMAL DEPART LAST YEAR`S
VALUE DATE(S) VALUE FROM VALUE
NORMAL
..............................................................
TEMPERATURE (F)
RECORD
HIGH 88 01/19/1987
01/27/1984
LOW 28 01/28/1940
01/27/1940
HIGHEST 87 01/12 88
LOWEST 52 01/01 44
01/21
AVG. MAXIMUM 77.6 76.2 1.4 80.4
AVG. MINIMUM 64.1 61.0 3.1 63.9
MEAN 70.8 68.6 2.2 72.1
DAYS MAX >= 90 0 0
DAYS MAX <= 32 0 0
DAYS MIN <= 32 MM 0
DAYS MIN <= 0 0 0
PRECIPITATION (INCHES)
RECORD
MAXIMUM 7.93 1926
MINIMUM 0.00 1902
TOTALS 0.89 1.83 -0.94 0.05
DAILY AVG. 0.03 0.06 -0.03
DAYS >= .01 10 2
DAYS >= .10 3 0
DAYS >= .50 0 0
DAYS >= 1.00 0 0
GREATEST
24 HR. TOTAL 0.38 01/11 TO 01/11 0.03
DEGREE DAYS
HEATING TOTAL 11 44 -33 26
SINCE 7/1 19 77 -58 MM
COOLING TOTAL 200 156 44 255
SINCE 1/1 200 156 44 MM
..............................................................
WIND (MPH)
AVERAGE WIND SPEED 8.9
HIGHEST WIND SPEED/DIRECTION 28/090 DATE 01/22
HIGHEST GUST SPEED/DIRECTION 42/180 DATE 01/09
SKY COVER
POSSIBLE SUNSHINE (PERCENT) MM
AVERAGE SKY COVER 0.68
NUMBER OF DAYS FAIR 5
NUMBER OF DAYS PC 12
NUMBER OF DAYS CLOUDY 14
AVERAGE RH (PERCENT) 74
WEATHER CONDITIONS. NUMBER OF DAYS WITH
THUNDERSTORM 1 MIXED PRECIP 0
HEAVY RAIN 0 RAIN 3
LIGHT RAIN 8 FREEZING RAIN 0
LT FREEZING RAIN 0 HAIL 0
HEAVY SNOW 0 SNOW 0
LIGHT SNOW 0 SLEET 0
FOG 8 FOG W/VIS <= 1/4 MILE 1
HAZE 1
- INDICATES NEGATIVE NUMBERS.
R INDICATES RECORD WAS SET OR TIED.
MM INDICATES DATA IS MISSING.
T INDICATES TRACE AMOUNT.
$$