000
CXUS53 KIND 010600
CF6MIE
PRELIMINARY LOCAL CLIMATOLOGICAL DATA (WS FORM: F-6)
STATION: MUNCIE IN
MONTH: OCTOBER
YEAR: 2022
LATITUDE: 40 13 N
LONGITUDE: 85 23 W
TEMPERATURE IN F: :PCPN: SNOW: WIND :SUNSHINE: SKY :PK WND
================================================================================
1 2 3 4 5 6A 6B 7 8 9 10 11 12 13 14 15 16 17 18
12Z AVG MX 2MIN
DY MAX MIN AVG DEP HDD CDD WTR SNW DPTH SPD SPD DIR MIN PSBL S-S WX SPD DR
================================================================================
1 75 42 59 -3 6 0 0.00 M M 9.6 22 20 M M 0 34 30
2 72 47 60 -1 5 0 0.00 M M 11.4 22 20 M M 1 29 20
3 70 39 55 -6 10 0 0.00 M M 6.9 15 60 M M 0 8 23 60
4 75 32 54 -6 11 0 0.00 M M 2.5 12 360 M M 1 128 14 10
5 79 42 61 1 4 0 0.00 M M 1.6 10 300 M M 0 8 15 260
6 77 50 64 4 1 0 0.00 M M 6.6 17 350 M M 4 8 23 240
7 61 40 51 -8 14 0 0.00 M M 11.2 20 10 M M 6 28 20
8 58 30 44 -15 21 0 0.00 M M 6.5 20 300 M M 1 18 27 300
9 66 40 53 -5 12 0 0.00 M M 8.7 18 260 M M 1 27 240
10 75 47 61 3 4 0 0.00 M M 7.2 15 260 M M 1 25 260
11 76 55 66 8 0 1 0.00 M M 9.4 18 190 M M 6 28 200
12 74 50 62 5 3 0 0.07 M M 10.8 22 310 M M 8 1 35 210
13 62 37 50 -7 15 0 0.03 M M 11.6 26 270 M M 4 1 39 240
14 65 38 52 -5 13 0 T M M 10.4 25 250 M M 3 40 270
15 58 40 49 -7 16 0 0.00 M M 8.8 20 280 M M 3 26 270
16 70 48 59 3 6 0 0.00 M M 10.1 21 290 M M 5 30 270
17 48 37 43 -13 22 0 T M M 15.4 26 290 M M 6 36 290
18 42 35 39 -16 26 0 0.06 M M 13.6 28 330 M M 10 1 38 330
19 53 37 45 -10 20 0 T M M 12.4 21 270 M M 5 32 280
20 58 33 46 -8 19 0 0.00 M M 9.8 21 250 M M 3 31 210
21 74 47 61 7 4 0 0.00 M M 11.3 21 210 M M 0 30 220
22 79 56 68 14 0 3 0.00 M M 11.7 18 190 M M 0 31 190
23 78 60 69 16 0 4 0.00 M M 9.9 22 180 M M 1 31 180
24 77 57 67 14 0 2 0.00 M M 9.1 16 190 M M 0 27 40
25 73 60 67 15 0 2 0.40 M M 10.4 22 190 M M 4 1 31 160
26 63 37 50 -2 15 0 0.07 M M 9.1 22 310 M M 7 18 30 310
27 55 29 42 -10 23 0 0.00 M M 6.7 15 80 M M 1 128 20 110
28 65 34 50 -1 15 0 0.00 M M 5.3 12 100 M M 0 8 14 80
29 70 33 52 1 13 0 0.00 M M 4.6 13 120 M M 0 18 120
30 67 41 54 4 11 0 0.16 M M 4.7 12 190 M M 4 18 18 160
31 64 57 61 11 4 0 0.19 M M 8.0 16 220 M M 10 1 25 250
================================================================================
SM 2079 1330 313 12 0.98 M 275.3 M 95
================================================================================
AV 67.1 42.9 8.9 FASTST M M 3 MAX(MPH)
MISC ----> 28 330 40 270
================================================================================
NOTES:
# LAST OF SEVERAL OCCURRENCES
COLUMN 17 PEAK WIND IN M.P.H.
PRELIMINARY LOCAL CLIMATOLOGICAL DATA (WS FORM: F-6) , PAGE 2
STATION: MUNCIE IN
MONTH: OCTOBER
YEAR: 2022
LATITUDE: 40 13 N
LONGITUDE: 85 23 W
[TEMPERATURE DATA] [PRECIPITATION DATA] SYMBOLS USED IN COLUMN 16
AVERAGE MONTHLY: 55.0 TOTAL FOR MONTH: 0.98 1 = FOG OR MIST
DPTR FM NORMAL: -0.8 DPTR FM NORMAL: -1.98 2 = FOG REDUCING VISIBILITY
HIGHEST: 79 ON 22, 5 GRTST 24HR 0.47 ON 25-26 TO 1/4 MILE OR LESS
LOWEST: 29 ON 27 3 = THUNDER
SNOW, ICE PELLETS, HAIL 4 = ICE PELLETS
TOTAL MONTH: M 5 = HAIL
GRTST 24HR M ON M 6 = FREEZING RAIN OR DRIZZLE
GRTST DEPTH: M ON M 7 = DUSTSTORM OR SANDSTORM:
VSBY 1/2 MILE OR LESS
8 = SMOKE OR HAZE
[NO. OF DAYS WITH] [WEATHER - DAYS WITH] 9 = BLOWING SNOW
X = TORNADO
MAX 32 OR BELOW: 0 0.01 INCH OR MORE: 7
MAX 90 OR ABOVE: 0 0.10 INCH OR MORE: 3
MIN 32 OR BELOW: 3 0.50 INCH OR MORE: 0
MIN 0 OR BELOW: 0 1.00 INCH OR MORE: 0
[HDD (BASE 65) ]
TOTAL THIS MO. 313 CLEAR (SCALE 0-3) 18
DPTR FM NORMAL 2 PTCLDY (SCALE 4-7) 11
TOTAL FM JUL 1 388 CLOUDY (SCALE 8-10) 2
DPTR FM NORMAL 5
[CDD (BASE 65) ]
TOTAL THIS MO. 12
DPTR FM NORMAL -15 [PRESSURE DATA]
TOTAL FM JAN 1 1236 HIGHEST SLP M ON M
DPTR FM NORMAL 66 LOWEST SLP 29.57 ON 25
[REMARKS]
#FINAL-10-22#