000
CXUS53 KIND 010600
CF6MIE
PRELIMINARY LOCAL CLIMATOLOGICAL DATA (WS FORM: F-6)
STATION: MUNCIE IN
MONTH: MARCH
YEAR: 2024
LATITUDE: 40 13 N
LONGITUDE: 85 23 W
TEMPERATURE IN F: :PCPN: SNOW: WIND :SUNSHINE: SKY :PK WND
================================================================================
1 2 3 4 5 6A 6B 7 8 9 10 11 12 13 14 15 16 17 18
12Z AVG MX 2MIN
DY MAX MIN AVG DEP HDD CDD WTR SNW DPTH SPD SPD DIR MIN PSBL S-S WX SPD DR
================================================================================
1 46 24 35 -1 30 0 0.04 M M 5.9 13 140 M M 5 1 17 200
2 55 41 48 11 17 0 0.00 M M 5.2 14 190 M M 9 1 20 200
3 67 40 54 17 11 0 0.00 M M 9.1 20 190 M M 0 1 28 200
4 75 56 66 29 0 1 0.00 M M 10.6 20 190 M M 4 1 31 200
5 66 54 60 22 5 0 0.25 M M 8.4 17 110 M M 5 13 25 230
6 54 43 49 11 16 0 T M M 10.5 17 20 M M 10 12 22 30
7 48 41 45 7 20 0 0.00 M M 8.4 16 110 M M 10 1 20 90
8 56 46 51 12 14 0 0.36 M M 8.4 14 150 M M 9 1 19 150
9 57 37 47 8 18 0 0.09 M M 13.0 21 320 M M 10 1 28 310
10 44 29 37 -3 28 0 0.00 M M 14.7 31 320 M M 5 41 310
11 59 29 44 4 21 0 0.00 M M 9.8 20 240 M M 0 28 250
12 69 44 57 17 8 0 0.00 M M 9.6 20 240 M M 0 27 230
13 73 48 61 21 4 0 0.00 M M 7.3 14 220 M M 0 20 210
14 72 53 63 22 2 0 0.89 M M 11.7 23 280 M M 5 1238 38 220
15 59 40 50 9 15 0 0.00 M M 10.5 20 20 M M 6 1 24 30
16 63 37 50 8 15 0 0.02 M M 14.2 31 280 M M 3 44 280
17 44 34 39 -3 26 0 0.00 M M 14.2 21 300 M M 6 31 290
18 35 29 32 -10 33 0 T M M 11.5 21 310 M M 10 28 320
19 54 28 41 -2 24 0 0.00 M M 15.0 29 260 M M 1 45 230
20 50 24 37 -6 28 0 0.00 M M 14.9 28 320 M M 1 39 330
21 41 22 32 -12 33 0 0.00 M M 5.8 13 90 M M 2 19 100
22 44 28 36 -8 29 0 0.01 M M 10.2 18 40 M M 6 26 30
23 43 26 35 -9 30 0 0.01 M M 10.9 20 10 M M 5 26 20
24 52 23 38 -7 27 0 0.00 M M 12.6 23 110 M M 2 29 100
25 70 41 56 11 9 0 T M M 14.7 23 190 M M 1 37 190
26 66 41 54 9 11 0 0.11 M M 17.1 31 210 M M 8 13 47 180
27 45 30 38 -8 27 0 0.00 M M 11.0 21 280 M M 7 26 290
28 57 27 42 -4 23 0 0.03 M M 8.5 24 270 M M 5 32 280
29 65 36 51 4 14 0 T M M 3.8 10 310 M M 4 1 15 320
30 75 47 61 14 4 0 0.21 M M 13.0 28 280 M M 5 3 43 270
31 67 42 55 8 10 0 0.39 M M 6.7 25 60 M M 7 138 33 60
================================================================================
SM 1771 1140 552 1 2.41 M 327.2 M 151
================================================================================
AV 57.1 36.8 10.6 FASTST M M 5 MAX(MPH)
MISC ----> # 31 320 47 180
================================================================================
NOTES:
# LAST OF SEVERAL OCCURRENCES
COLUMN 17 PEAK WIND IN M.P.H.
PRELIMINARY LOCAL CLIMATOLOGICAL DATA (WS FORM: F-6) , PAGE 2
STATION: MUNCIE IN
MONTH: MARCH
YEAR: 2024
LATITUDE: 40 13 N
LONGITUDE: 85 23 W
[TEMPERATURE DATA] [PRECIPITATION DATA] SYMBOLS USED IN COLUMN 16
AVERAGE MONTHLY: 47.0 TOTAL FOR MONTH: 2.41 1 = FOG OR MIST
DPTR FM NORMAL: 5.3 DPTR FM NORMAL: -0.67 2 = FOG REDUCING VISIBILITY
HIGHEST: 75 ON 30, 4 GRTST 24HR 0.89 ON 14-14 TO 1/4 MILE OR LESS
LOWEST: 22 ON 21 3 = THUNDER
SNOW, ICE PELLETS, HAIL 4 = ICE PELLETS
TOTAL MONTH: M 5 = HAIL
GRTST 24HR M ON M 6 = FREEZING RAIN OR DRIZZLE
GRTST DEPTH: M ON M 7 = DUSTSTORM OR SANDSTORM:
VSBY 1/2 MILE OR LESS
8 = SMOKE OR HAZE
[NO. OF DAYS WITH] [WEATHER - DAYS WITH] 9 = BLOWING SNOW
X = TORNADO
MAX 32 OR BELOW: 0 0.01 INCH OR MORE: 12
MAX 90 OR ABOVE: 0 0.10 INCH OR MORE: 6
MIN 32 OR BELOW: 12 0.50 INCH OR MORE: 1
MIN 0 OR BELOW: 0 1.00 INCH OR MORE: 0
[HDD (BASE 65) ]
TOTAL THIS MO. 552 CLEAR (SCALE 0-3) 10
DPTR FM NORMAL -173 PTCLDY (SCALE 4-7) 15
TOTAL FM JUL 1 3917 CLOUDY (SCALE 8-10) 6
DPTR FM NORMAL -844
[CDD (BASE 65) ]
TOTAL THIS MO. 1
DPTR FM NORMAL -2 [PRESSURE DATA]
TOTAL FM JAN 1 1 HIGHEST SLP M ON M
DPTR FM NORMAL -2 LOWEST SLP 29.53 ON 26
[REMARKS]
#FINAL-03-24#