000
CXUS53 KDMX 050156
CF6MIW
PRELIMINARY LOCAL CLIMATOLOGICAL DATA (WS FORM: F-6)
STATION: MARSHALLTOWN IA
MONTH: OCTOBER
YEAR: 2022
LATITUDE: 42 6 N
LONGITUDE: 92 55 W
TEMPERATURE IN F: :PCPN: SNOW: WIND :SUNSHINE: SKY :PK WND
================================================================================
1 2 3 4 5 6A 6B 7 8 9 10 11 12 13 14 15 16 17 18
12Z AVG MX 2MIN
DY MAX MIN AVG DEP HDD CDD WTR SNW DPTH SPD SPD DIR MIN PSBL S-S WX SPD DR
================================================================================
1 74 43 59 2 6 0 0.00 0.0 0 5.9 15 130 M M 1 21 130
2 75 45 60 3 5 0 0.00 0.0 0 5.8 13 140 M M 0 20 120
3 76 48 62 6 3 0 0.00 0.0 0 7.9 14 120 M M 0 8 18 150
4 75 43 59 3 6 0 0.00 0.0 0 8.1 16 160 M M 0 22 150
5 67 48 58 3 7 0 0.19 0.0 0 5.1 10 80 M M 6 123 14 150
6 68 39 54 -1 11 0 0.00 0.0 0 10.9 23 350 M M 3 12 33 350
7 55 34 45 -9 20 0 0.00 0.0 0 7.7 15 20 M M 3 21 360
8 61 27 44 -10 21 0 0.00 0.0 0 7.1 21 260 M M 0 1 27 260
9 75 36 56 2 9 0 0.00 0.0 0 7.4 23 250 M M 0 33 240
10 77 37 57 4 8 0 0.00 0.0 0 6.7 17 210 M M 0 24 220
11 73 49 61 8 4 0 0.00 0.0 0 13.7 26 200 M M 4 35 200
12 68 38 53 1 12 0 0.05 0.0 0 14.3 39 300 M M 5 3 51 300
13 50 28 39 -13 26 0 0.00 0.0 0 11.3 31 300 M M 4 41 310
14 55 27 41 -10 24 0 T 0.0 0 12.5 33 270 M M 3 46 270
15 64 26 45 -6 20 0 0.00 0.0 0 11.0 23 240 M M 0 32 240
16 54 32 43 -7 22 0 0.00 0.0 0 14.5 30 310 M M 5 39 330
17 42 24 33 -17 32 0 0.00 0.0 0 16.3 28 320 M M 0 36 310
18 45 18 32 -17 33 0 0.00 0.0 0 12.8 23 320 M M 0 30 310
19 48 16 32 -17 33 0 0.00 0.0 0 9.1 17 290 M M 0 8 24 280
20 68 31 50 2 15 0 0.00 0.0 0 8.1 17 300 M M 0 8 23 280
21 78 38 58 10 7 0 0.00 0.0 0 8.0 18 250 M M 0 25 250
22 83 48 66 19 0 1 0.00 0.0 0 11.3 26 170 M M 0 36 190
23 77 59 68 21 0 3 0.03 0.0 0 20.4 32 160 M M 1 3 45 160
24 70 43 57 11 8 0 0.92 0.0 0 13.2 23 170 M M 6 1 34 170
25 46 33 40 -6 25 0 0.00 0.0 0 9.5 23 320 M M 2 29 320
26 58 30 44 -2 21 0 0.00 0.0 0 5.6 13 340 M M 0 8 17 340
27 59 37 48 3 17 0 0.00 0.0 0 10.4 23 150 M M 4 29 140
28 62 32 47 2 18 0 0.00 0.0 0 6.1 10 180 M M 0 1 17 190
29 66 32 49 5 16 0 0.00 0.0 0 5.4 10 160 M M 0 14 160
30 64 38 51 7 14 0 0.00 0.0 0 3.1 10 130 M M 0 14 80
31 67 34 51 8 14 0 0.00 0.0 0 4.6 12 280 M M 0 18 16 290
================================================================================
SM 2000 1113 457 4 1.19 0.0 293.8 M 47
================================================================================
AV 64.5 35.9 9.5 FASTST M M 2 MAX(MPH)
MISC ----> 39 300 51 300
================================================================================
NOTES:
# LAST OF SEVERAL OCCURRENCES
COLUMN 17 PEAK WIND IN M.P.H.
PRELIMINARY LOCAL CLIMATOLOGICAL DATA (WS FORM: F-6) , PAGE 2
STATION: MARSHALLTOWN IA
MONTH: OCTOBER
YEAR: 2022
LATITUDE: 42 6 N
LONGITUDE: 92 55 W
[TEMPERATURE DATA] [PRECIPITATION DATA] SYMBOLS USED IN COLUMN 16
AVERAGE MONTHLY: 50.2 TOTAL FOR MONTH: 1.19 1 = FOG OR MIST
DPTR FM NORMAL: 0.0 DPTR FM NORMAL: -1.26 2 = FOG REDUCING VISIBILITY
HIGHEST: 83 ON 22 GRTST 24HR 0.92 ON 24-24 TO 1/4 MILE OR LESS
LOWEST: 16 ON 19 3 = THUNDER
SNOW, ICE PELLETS, HAIL 4 = ICE PELLETS
TOTAL MONTH: 0.0 INCH 5 = HAIL
GRTST 24HR 0.0 6 = FREEZING RAIN OR DRIZZLE
GRTST DEPTH: 0 7 = DUSTSTORM OR SANDSTORM:
VSBY 1/2 MILE OR LESS
8 = SMOKE OR HAZE
[NO. OF DAYS WITH] [WEATHER - DAYS WITH] 9 = BLOWING SNOW
X = TORNADO
MAX 32 OR BELOW: 0 0.01 INCH OR MORE: 4
MAX 90 OR ABOVE: 0 0.10 INCH OR MORE: 2
MIN 32 OR BELOW: 12 0.50 INCH OR MORE: 1
MIN 0 OR BELOW: 0 1.00 INCH OR MORE: 0
[HDD (BASE 65) ]
TOTAL THIS MO. 457 CLEAR (SCALE 0-3) 23
DPTR FM NORMAL -10 PTCLDY (SCALE 4-7) 8
TOTAL FM JUL 1 566 CLOUDY (SCALE 8-10) 0
DPTR FM NORMAL -61
[CDD (BASE 65) ]
TOTAL THIS MO. 4
DPTR FM NORMAL -6 [PRESSURE DATA]
TOTAL FM JAN 1 916 HIGHEST SLP 30.54 ON 7
DPTR FM NORMAL 188 LOWEST SLP 29.48 ON 23
[REMARKS]
#FINAL-10-22#