000
CXUS53 KDMX 130321
CF6MIW
PRELIMINARY LOCAL CLIMATOLOGICAL DATA (WS FORM: F-6)
STATION: MARSHALLTOWN IA
MONTH: JULY
YEAR: 2022
LATITUDE: 42 6 N
LONGITUDE: 92 55 W
TEMPERATURE IN F: :PCPN: SNOW: WIND :SUNSHINE: SKY :PK WND
================================================================================
1 2 3 4 5 6A 6B 7 8 9 10 11 12 13 14 15 16 17 18
12Z AVG MX 2MIN
DY MAX MIN AVG DEP HDD CDD WTR SNW DPTH SPD SPD DIR MIN PSBL S-S WX SPD DR
================================================================================
1 81 63 72 0 0 7 T 0.0 0 4.8 13 10 M M 1 18 360
2 85 56 71 -1 0 6 0.00 0.0 0 5.4 14 190 M M 0 1 21 200
3 88 56 72 0 0 7 0.00 0.0 0 8.6 17 160 M M 1 29 150
4 91 67 79 7 0 14 1.08 0.0 0 9.9 20 200 M M 3 13 27 190
5 94 70 82 10 0 17 0.21 0.0 0 9.4 36 300 M M 1 13 56 280
6 81 69 75 2 0 10 0.00 0.0 0 4.9 16 80 M M 6 1 19 80
7 82 69 76 3 0 11 0.00 0.0 0 6.8 14 130 M M 6 18 18 110
8 81 70 76 3 0 11 0.07 0.0 0 9.0 28 70 M M 8 1 34 80
9 83 63 73 0 0 8 0.00 0.0 0 5.7 9 50 M M 1 13 40
10 86 64 75 2 0 10 0.00 0.0 0 9.9 24 180 M M 1 36 170
11 82 64 73 0 0 8 0.56 0.0 0 12.2 38 260 M M 2 13 55 270
12 82 58 70 -3 0 5 0.00 0.0 0 9.2 17 320 M M 1 23 290
13 85 61 73 0 0 8 0.00 0.0 0 5.8 16 350 M M 2 22 350
14 88 64 76 3 0 11 0.00 0.0 0 10.9 18 140 M M 1 23 140
15 85 71 78 5 0 13 0.18 0.0 0 11.5 22 140 M M 3 13 33 120
16 79 70 75 2 0 10 T 0.0 0 6.4 13 80 M M 9 1 18 80
17 85 65 75 2 0 10 0.01 0.0 0 5.0 13 360 M M 4 1 19 320
18 87 62 75 2 0 10 0.00 0.0 0 4.2 10 260 M M 0 1 16 220
19 92 69 81 8 0 16 0.00 0.0 0 11.2 23 210 M M 0 33 200
20 86 67 77 4 0 12 0.00 0.0 0 13.6 29 310 M M 0 8 35 290
21 88 62 75 2 0 10 0.00 0.0 0 8.4 24 310 M M 0 32 310
22 91 61 76 3 0 11 T 0.0 0 7.8 20 130 M M 1 3 26 220
23 96 73 85 12 0 20 0.37 0.0 0 8.6 32 270 M M 2 13 43 270
24 81 62 72 -1 0 7 0.12 0.0 0 10.2 21 340 M M 1 13 27 330
25 76 56 66 -7 0 1 0.00 0.0 0 1.9 6 120 M M 0 9 10
26 81 57 69 -4 0 4 T 0.0 0 4.1 10 120 M M 2 15 170
27 84 65 75 2 0 10 0.26 0.0 0 9.3 25 300 M M 3 1 37 290
28 77 61 69 -3 0 4 0.11 0.0 0 8.5 29 330 M M 3 1 40 330
29 79 54 67 -5 0 2 0.00 0.0 0 6.2 17 300 M M 1 27 290
30 83 54 69 -3 0 4 0.00 0.0 0 3.9 12 170 M M 2 1 16 230
31 86 59 73 1 0 8 0.02 0.0 0 9.1 20 200 M M 4 3 26 210
================================================================================
SM 2625 1962 0 285 2.99 0.0 242.4 M 69
================================================================================
AV 84.7 63.3 7.8 FASTST M M 2 MAX(MPH)
MISC ----> 38 260 56 280
================================================================================
NOTES:
# LAST OF SEVERAL OCCURRENCES
COLUMN 17 PEAK WIND IN M.P.H.
PRELIMINARY LOCAL CLIMATOLOGICAL DATA (WS FORM: F-6) , PAGE 2
STATION: MARSHALLTOWN IA
MONTH: JULY
YEAR: 2022
LATITUDE: 42 6 N
LONGITUDE: 92 55 W
[TEMPERATURE DATA] [PRECIPITATION DATA] SYMBOLS USED IN COLUMN 16
AVERAGE MONTHLY: 74.0 TOTAL FOR MONTH: 2.99 1 = FOG OR MIST
DPTR FM NORMAL: 1.4 DPTR FM NORMAL: -0.68 2 = FOG REDUCING VISIBILITY
HIGHEST: 96 ON 23 GRTST 24HR 1.08 ON 4- 4 TO 1/4 MILE OR LESS
LOWEST: 54 ON 30,29 3 = THUNDER
SNOW, ICE PELLETS, HAIL 4 = ICE PELLETS
TOTAL MONTH: 0.0 INCH 5 = HAIL
GRTST 24HR 0.0 6 = FREEZING RAIN OR DRIZZLE
GRTST DEPTH: 0 7 = DUSTSTORM OR SANDSTORM:
VSBY 1/2 MILE OR LESS
8 = SMOKE OR HAZE
[NO. OF DAYS WITH] [WEATHER - DAYS WITH] 9 = BLOWING SNOW
X = TORNADO
MAX 32 OR BELOW: 0 0.01 INCH OR MORE: 11
MAX 90 OR ABOVE: 5 0.10 INCH OR MORE: 8
MIN 32 OR BELOW: 0 0.50 INCH OR MORE: 2
MIN 0 OR BELOW: 0 1.00 INCH OR MORE: 1
[HDD (BASE 65) ]
TOTAL THIS MO. 0 CLEAR (SCALE 0-3) 22
DPTR FM NORMAL -7 PTCLDY (SCALE 4-7) 8
TOTAL FM JUL 1 0 CLOUDY (SCALE 8-10) 1
DPTR FM NORMAL 0
[CDD (BASE 65) ]
TOTAL THIS MO. 285
DPTR FM NORMAL 41 [PRESSURE DATA]
TOTAL FM JAN 1 587 HIGHEST SLP 30.21 ON 9
DPTR FM NORMAL 120 LOWEST SLP 29.64 ON 19
[REMARKS]
#FINAL-07-22#