000
CXUS53 KEAX 010736
CF6MKC
PRELIMINARY LOCAL CLIMATOLOGICAL DATA (WS FORM: F-6)
STATION: DOWNTOWN KANSAS CITY MO
MONTH: JULY
YEAR: 2023
LATITUDE: 39 7 N
LONGITUDE: 94 36 W
TEMPERATURE IN F: :PCPN: SNOW: WIND :SUNSHINE: SKY :PK WND
================================================================================
1 2 3 4 5 6A 6B 7 8 9 10 11 12 13 14 15 16 17 18
12Z AVG MX 2MIN
DY MAX MIN AVG DEP HDD CDD WTR SNW DPTH SPD SPD DIR MIN PSBL S-S WX SPD DR
================================================================================
1 87 70 79 -1 0 14 0.11 M M 6.1 28 320 M M 3 13 42 330
2 87 67 77 -3 0 12 0.00 M M 6.5 15 290 M M 2 21 290
3 91 67 79 -1 0 14 0.00 M M 4.0 13 50 M M 0 19 100
4 98 69 84 4 0 19 0.15 M M 8.0 45 320 M M 0 13 68 330
5 82 67 75 -5 0 10 0.75 M M 7.0 25 320 M M 5 13 36 340
6 79 67 73 -7 0 8 0.00 M M 5.8 13 340 M M 0 16 330
7 82 67 75 -6 0 10 0.00 M M 6.0 22 20 M M 4 29 20
8 77 66 72 -9 0 7 T M M 7.0 15 20 M M 7 3 20 20
9 83 64 74 -7 0 9 0.00 M M 3.1 13 350 M M 1 17 340
10 89 63 76 -5 0 11 0.00 M M 4.5 15 230 M M 0 21 230
11 94 74 84 3 0 19 0.00 M M 8.8 17 210 M M 1 24 230
12 94 76 85 4 0 20 T M M 9.5 20 330 M M 2 3 27 320
13 93 75 84 3 0 19 0.00 M M 4.0 14 310 M M 1 18 340
14 96 69 83 2 0 18 1.92 M M 5.5 41 260 M M 2 13 59 250
15 87 68 78 -3 0 13 0.00 M M 4.8 12 260 M M 2 18 16 320
16 87 67 77 -4 0 12 0.70 M M 4.0 17 340 M M 2 13 24 310
17 90 71 81 0 0 16 T M M 6.2 15 60 M M 3 8 20 70
18 81 69 75 -6 0 10 0.21 M M 8.9 18 100 M M 5 13 26 100
19 86 73 80 -1 0 15 T M M 7.2 14 30 M M 4 18 40
20 89 73 81 -1 0 16 0.01 M M 6.9 16 350 M M 2 22 350
21 81 69 75 -7 0 10 T M M 5.7 16 20 M M 2 22 20
22 87 64 76 -6 0 11 0.00 M M 4.2 15 240 M M 1 21 260
23 92 67 80 -2 0 15 0.00 M M 5.4 16 270 M M 0 21 260
24 92 70 81 -1 0 16 0.61 M M 7.1 28 240 M M 1 13 43 260
25 93 77 85 3 0 20 0.00 M M 8.6 18 210 M M 0 27 210
26 100 81 91 9 0 26 0.02 M M 11.3 23 210 M M 0 3 37 210
27 96 79 88 6 0 23 T M M 9.7 17 190 M M 0 24 190
28 102 79 91 9 0 26 0.00 M M 13.7 21 200 M M 0 28 230
29 89 74 82 0 0 17 0.06 M M 5.9 28 340 M M 1 3 43 350
30 92 68 80 -1 0 15 1.06 M M 7.2 52 10 M M 1 13 76 10
31 83 70 77 -4 0 12 0.44 M M 8.2 16 60 M M 3 138 23 40
================================================================================
SM 2759 2180 0 463 6.04 M 210.8 M 55
================================================================================
AV 89.0 70.3 6.8 FASTST M M 2 MAX(MPH)
MISC ----> 52 10 76 10
================================================================================
NOTES:
# LAST OF SEVERAL OCCURRENCES
COLUMN 17 PEAK WIND IN M.P.H.
PRELIMINARY LOCAL CLIMATOLOGICAL DATA (WS FORM: F-6) , PAGE 2
STATION: DOWNTOWN KANSAS CITY MO
MONTH: JULY
YEAR: 2023
LATITUDE: 39 7 N
LONGITUDE: 94 36 W
[TEMPERATURE DATA] [PRECIPITATION DATA] SYMBOLS USED IN COLUMN 16
AVERAGE MONTHLY: 79.7 TOTAL FOR MONTH: 6.04 1 = FOG OR MIST
DPTR FM NORMAL: -1.3 DPTR FM NORMAL: 1.66 2 = FOG REDUCING VISIBILITY
HIGHEST: 102 ON 28 GRTST 24HR 1.92 ON 14-14 TO 1/4 MILE OR LESS
LOWEST: 63 ON 10 3 = THUNDER
SNOW, ICE PELLETS, HAIL 4 = ICE PELLETS
TOTAL MONTH: M 5 = HAIL
GRTST 24HR M ON M 6 = FREEZING RAIN OR DRIZZLE
GRTST DEPTH: M ON M 7 = DUSTSTORM OR SANDSTORM:
VSBY 1/2 MILE OR LESS
8 = SMOKE OR HAZE
[NO. OF DAYS WITH] [WEATHER - DAYS WITH] 9 = BLOWING SNOW
X = TORNADO
MAX 32 OR BELOW: 0 0.01 INCH OR MORE: 12
MAX 90 OR ABOVE: 14 0.10 INCH OR MORE: 9
MIN 32 OR BELOW: 0 0.50 INCH OR MORE: 5
MIN 0 OR BELOW: 0 1.00 INCH OR MORE: 2
[HDD (BASE 65) ]
TOTAL THIS MO. 0 CLEAR (SCALE 0-3) 24
DPTR FM NORMAL 0 PTCLDY (SCALE 4-7) 7
TOTAL FM JUL 1 0 CLOUDY (SCALE 8-10) 0
DPTR FM NORMAL 0
[CDD (BASE 65) ]
TOTAL THIS MO. 463
DPTR FM NORMAL -35 [PRESSURE DATA]
TOTAL FM JAN 1 1040 HIGHEST SLP M ON M
DPTR FM NORMAL 26 LOWEST SLP 29.62 ON 14
[REMARKS]
#FINAL-07-23#