000
CXUS53 KEAX 010836
CF6MKC
PRELIMINARY LOCAL CLIMATOLOGICAL DATA (WS FORM: F-6)
STATION: DOWNTOWN KANSAS CITY MO
MONTH: JANUARY
YEAR: 2023
LATITUDE: 39 7 N
LONGITUDE: 94 36 W
TEMPERATURE IN F: :PCPN: SNOW: WIND :SUNSHINE: SKY :PK WND
================================================================================
1 2 3 4 5 6A 6B 7 8 9 10 11 12 13 14 15 16 17 18
12Z AVG MX 2MIN
DY MAX MIN AVG DEP HDD CDD WTR SNW DPTH SPD SPD DIR MIN PSBL S-S WX SPD DR
================================================================================
1 58 32 45 13 20 0 0.00 M M 3.1 10 60 M M 0 18 15 60
2 57 42 50 18 15 0 1.84 M M 6.8 16 80 M M 9 123 25 70
3 57 33 45 13 20 0 T M M 13.6 26 230 M M 9 1 37 240
4 46 33 40 9 25 0 0.00 M M 12.1 21 280 M M 7 31 310
5 44 27 36 5 29 0 0.00 M M 8.3 20 290 M M 4 28 290
6 51 23 37 6 28 0 0.00 M M 4.9 13 70 M M 2 21 80
7 37 31 34 3 31 0 T M M 8.2 14 20 M M 10 21 60
8 48 24 36 5 29 0 0.00 M M 2.4 10 220 M M 1 18 14 230
9 60 27 44 13 21 0 0.00 M M 5.9 21 210 M M 0 1 28 220
10 58 29 44 13 21 0 0.00 M M 3.2 10 120 M M 0 15 80
11 55 29 42 11 23 0 T M M 5.1 23 350 M M 1 32 350
12 37 27 32 1 33 0 0.01 M M 14.1 25 340 M M 10 18 35 330
13 35 23 29 -2 36 0 0.00 M M 5.1 16 350 M M 5 22 350
14 48 23 36 5 29 0 0.00 M M 7.0 16 170 M M 0 24 160
15 58 39 49 18 16 0 0.00 M M 11.9 21 150 M M 2 33 180
16 59 40 50 19 15 0 0.00 M M 13.8 30 210 M M 3 43 200
17 48 33 41 10 24 0 0.00 M M 5.8 13 310 M M 2 19 320
18 40 35 38 7 27 0 0.37 M M 9.6 25 60 M M 9 1 38 70
19 38 27 33 2 32 0 T M M 13.0 23 230 M M 10 1 33 290
20 44 26 35 4 30 0 0.00 M M 3.9 10 310 M M 3 15 310
21 39 27 33 2 32 0 0.01 M M 3.4 9 200 M M 7 1 12 200
22 33 26 30 -1 35 0 T M M 5.6 13 310 M M 10 18 17 310
23 42 22 32 1 33 0 0.00 M M 6.6 15 240 M M 3 18 22 250
24 40 26 33 2 32 0 0.01 M M 0.7 5 330 M M 3 18 7 260
25 35 23 29 -2 36 0 0.05 M M 10.2 22 310 M M 10 1 31 300
26 31 15 23 -8 42 0 0.00 M M 8.2 18 290 M M 3 29 300
27 51 27 39 8 26 0 0.00 M M 8.9 23 210 M M 3 30 220
28 54 21 38 7 27 0 0.00 M M 11.3 22 340 M M 5 28 340
29 24 13 19 -13 46 0 0.00 M M 14.1 20 10 M M 9 27 350
30 21 12 17 -15 48 0 0.00 M M 10.3 18 10 M M 7 24 10
31 26 9 18 -14 47 0 0.00 M M 4.7 8 230 M M 0 14 270
================================================================================
SM 1374 824 908 0 2.29 M 241.8 M 147
================================================================================
AV 44.3 26.6 7.8 FASTST M M 5 MAX(MPH)
MISC ----> 30 210 43 200
================================================================================
NOTES:
# LAST OF SEVERAL OCCURRENCES
COLUMN 17 PEAK WIND IN M.P.H.
PRELIMINARY LOCAL CLIMATOLOGICAL DATA (WS FORM: F-6) , PAGE 2
STATION: DOWNTOWN KANSAS CITY MO
MONTH: JANUARY
YEAR: 2023
LATITUDE: 39 7 N
LONGITUDE: 94 36 W
[TEMPERATURE DATA] [PRECIPITATION DATA] SYMBOLS USED IN COLUMN 16
AVERAGE MONTHLY: 35.5 TOTAL FOR MONTH: 2.29 1 = FOG OR MIST
DPTR FM NORMAL: 4.5 DPTR FM NORMAL: 1.27 2 = FOG REDUCING VISIBILITY
HIGHEST: 60 ON 9 GRTST 24HR 1.84 ON 2- 2 TO 1/4 MILE OR LESS
LOWEST: 9 ON 31 3 = THUNDER
SNOW, ICE PELLETS, HAIL 4 = ICE PELLETS
TOTAL MONTH: M 5 = HAIL
GRTST 24HR M ON M 6 = FREEZING RAIN OR DRIZZLE
GRTST DEPTH: M ON M 7 = DUSTSTORM OR SANDSTORM:
VSBY 1/2 MILE OR LESS
8 = SMOKE OR HAZE
[NO. OF DAYS WITH] [WEATHER - DAYS WITH] 9 = BLOWING SNOW
X = TORNADO
MAX 32 OR BELOW: 4 0.01 INCH OR MORE: 6
MAX 90 OR ABOVE: 0 0.10 INCH OR MORE: 2
MIN 32 OR BELOW: 24 0.50 INCH OR MORE: 1
MIN 0 OR BELOW: 0 1.00 INCH OR MORE: 1
[HDD (BASE 65) ]
TOTAL THIS MO. 908 CLEAR (SCALE 0-3) 14
DPTR FM NORMAL -144 PTCLDY (SCALE 4-7) 8
TOTAL FM JUL 1 2786 CLOUDY (SCALE 8-10) 9
DPTR FM NORMAL -57
[CDD (BASE 65) ]
TOTAL THIS MO. 0
DPTR FM NORMAL 0 [PRESSURE DATA]
TOTAL FM JAN 1 0 HIGHEST SLP 30.56 ON 30
DPTR FM NORMAL 0 LOWEST SLP 29.38 ON 16
[REMARKS]
#FINAL-01-23#