000
CXUS54 KMEG 010900
CF6MKL
PRELIMINARY LOCAL CLIMATOLOGICAL DATA (WS FORM: F-6)
STATION: JACKSON
MONTH: JUNE
YEAR: 2021
LATITUDE: 35 35 N
LONGITUDE: 88 55 W
TEMPERATURE IN F: :PCPN: SNOW: WIND :SUNSHINE: SKY :PK WND
================================================================================
1 2 3 4 5 6A 6B 7 8 9 10 11 12 13 14 15 16 17 18
12Z AVG MX 2MIN
DY MAX MIN AVG DEP HDD CDD WTR SNW DPTH SPD SPD DIR MIN PSBL S-S WX SPD DR
================================================================================
1 71 59 65 -8 0 0 0.33 M M 2.3 8 90 M M 5 1 11 80
2 83 67 75 1 0 10 0.90 M M 6.9 14 250 M M 7 13 18 240
3 81 63 72 -2 0 7 0.21 M M 4.0 12 320 M M 6 12 16 280
4 84 59 72 -2 0 7 0.00 M M 1.7 8 310 M M 1 1 10 310
5 85 60 73 -1 0 8 0.01 M M 2.6 12 200 M M 5 1 14 190
6 73 69 71 -3 0 6 0.09 M M 3.3 10 180 M M 8 1 15 180
7 82 68 75 0 0 10 T M M 7.9 16 220 M M 6 27 230
8 78 68 73 -2 0 8 0.34 M M 7.3 16 190 M M 6 1 23 200
9 84 69 77 2 0 12 0.31 M M 6.6 14 230 M M 6 1 16 230
10 82 70 76 1 0 11 0.36 M M 5.8 14 200 M M 7 13 18 210
11 90 69 80 4 0 15 0.00 M M 3.8 10 210 M M 4 1 13 200
12 94 71 83 7 0 18 0.00 M M 2.6 13 250 M M 2 18 16 250
13 94 74 84 8 0 19 0.00 M M 5.0 16 360 M M 1 1 18 350
14 92 68 80 4 0 15 0.00 M M 3.9 14 20 M M 0 17 330
15 87 61 74 -2 0 9 0.00 M M 6.6 16 10 M M 0 22 30
16 89 58 74 -3 0 9 0.00 M M 2.3 9 10 M M 1 13 30
17 91 65 78 1 0 13 0.00 M M 4.8 10 230 M M 1 14 320
18 90 69 80 3 0 15 0.00 M M 6.1 14 190 M M 0 19 180
19 85 68 77 0 0 12 0.00 M M 5.0 12 180 M M 1 16 190
20 91 66 79 1 0 14 0.00 M M 6.8 17 200 M M 1 21 210
21 88 68 78 0 0 13 T M M 9.5 29 340 M M 4 35 340
22 78 55 67 -11 0 2 0.00 M M 5.3 17 350 M M 0 21 350
23 83 51 67 -11 0 2 0.00 M M 3.3 10 110 M M 0 14 140
24 87 59 73 -5 0 8 0.00 M M 4.5 14 170 M M 2 21 160
25 86 76 81 3 0 16 0.00 M M 9.1 16 180 M M 3 23 190
26 89 73 81 3 0 16 0.00 M M 9.0 18 200 M M 2 24 200
27 91 74 83 5 0 18 0.00 M M 7.3 15 200 M M 1 19 190
28 91 72 82 3 0 17 T M M 3.6 14 110 M M 1 1 18 110
29 90 68 79 0 0 14 0.02 M M 3.2 21 170 M M 2 123 32 160
30 80 68 74 -5 0 9 0.26 M M 3.0 13 240 M M 4 13 17 230
================================================================================
SM 2569 1985 0 333 2.83 M 153.1 M 87
================================================================================
AV 85.6 66.2 5.1 FASTST M M 3 MAX(MPH)
MISC ----> 29 340 35 340
================================================================================
NOTES:
# LAST OF SEVERAL OCCURRENCES
COLUMN 17 PEAK WIND IN M.P.H.
PRELIMINARY LOCAL CLIMATOLOGICAL DATA (WS FORM: F-6) , PAGE 2
STATION: JACKSON
MONTH: JUNE
YEAR: 2021
LATITUDE: 35 35 N
LONGITUDE: 88 55 W
[TEMPERATURE DATA] [PRECIPITATION DATA] SYMBOLS USED IN COLUMN 16
AVERAGE MONTHLY: 75.9 TOTAL FOR MONTH: 2.83 1 = FOG OR MIST
DPTR FM NORMAL: -0.5 DPTR FM NORMAL: -1.93 2 = FOG REDUCING VISIBILITY
HIGHEST: 94 ON 13,12 GRTST 24HR 0.97 ON 1- 2 TO 1/4 MILE OR LESS
LOWEST: 51 ON 23 3 = THUNDER
SNOW, ICE PELLETS, HAIL 4 = ICE PELLETS
TOTAL MONTH: M 5 = HAIL
GRTST 24HR M ON M 6 = FREEZING RAIN OR DRIZZLE
GRTST DEPTH: M ON M 7 = DUSTSTORM OR SANDSTORM:
VSBY 1/2 MILE OR LESS
8 = SMOKE OR HAZE
[NO. OF DAYS WITH] [WEATHER - DAYS WITH] 9 = BLOWING SNOW
X = TORNADO
MAX 32 OR BELOW: 0 0.01 INCH OR MORE: 10
MAX 90 OR ABOVE: 10 0.10 INCH OR MORE: 7
MIN 32 OR BELOW: 0 0.50 INCH OR MORE: 1
MIN 0 OR BELOW: 0 1.00 INCH OR MORE: 0
[HDD (BASE 65) ]
TOTAL THIS MO. 0 CLEAR (SCALE 0-3) 18
DPTR FM NORMAL -1 PTCLDY (SCALE 4-7) 12
TOTAL FM JUL 1 3576 CLOUDY (SCALE 8-10) 0
DPTR FM NORMAL 56
[CDD (BASE 65) ]
TOTAL THIS MO. 333
DPTR FM NORMAL -10 [PRESSURE DATA]
TOTAL FM JAN 1 473 HIGHEST SLP 30.20 ON 29
DPTR FM NORMAL -99 LOWEST SLP 29.76 ON 21
[REMARKS]
#FINAL-06-21#