000
CXUS52 KMLB 010632
CF6MLB
PRELIMINARY LOCAL CLIMATOLOGICAL DATA (WS FORM: F-6)
STATION: MELBOURNE
MONTH: MAY
YEAR: 2020
LATITUDE: 28 6 N
LONGITUDE: 80 39 W
TEMPERATURE IN F: :PCPN: SNOW: WIND :SUNSHINE: SKY :PK WND
================================================================================
1 2 3 4 5 6A 6B 7 8 9 10 11 12 13 14 15 16 17 18
12Z AVG MX 2MIN
DY MAX MIN AVG DEP HDD CDD WTR SNW DPTH SPD SPD DIR MIN PSBL S-S WX SPD DR
================================================================================
1 81 54 68 -5 0 3 0.00 0.0 0 6.9 15 290 M M 0 20 320
2 81 55 68 -6 0 3 0.00 0.0 0 7.4 14 70 M M 0 17 40
3 81 59 70 -4 0 5 0.00 0.0 0 7.1 14 130 M M 0 20 100
4 85 62 74 0 0 9 0.00 0.0 0 6.9 15 140 M M 0 19 110
5 87 65 76 2 0 11 0.00 0.0 0 7.5 16 120 M M 1 20 130
6 89 67 78 4 0 13 0.00 0.0 0 10.6 18 270 M M 3 23 270
7 77 62 70 -4 0 5 0.00 0.0 0 14.3 25 20 M M 0 31 10
8 83 55 69 -6 0 4 0.00 0.0 0 9.6 21 110 M M 0 28 140
9 82 61 72 -3 0 7 T 0.0 0 11.0 22 50 M M 4 12 26 40
10 75 67 71 -4 0 6 0.60 0.0 0 8.9 22 340 M M 9 13 32 340
11 81 65 73 -2 0 8 0.04 0.0 0 10.8 20 20 M M 2 1 26 40
12 82 61 72 -4 0 7 0.00 0.0 0 10.6 20 70 M M 1 24 50
13 82 73 78 2 0 13 0.00 0.0 0 15.7 23 70 M M 3 29 70
14 82 73 78 2 0 13 0.00 0.0 0 17.3 23 80 M M 6 28 100
15 83 72 78 2 0 13 0.02 0.0 0 15.1 23 70 M M 7 18 30 60
16 83 72 78 2 0 13 0.41 0.0 0 12.3 22 50 M M 6 18 28 40
17 87 70 79 2 0 14 0.04 0.0 0 7.0 13 240 M M 5 1 15 80
18 85 70 78 1 0 13 T 0.0 0 9.7 24 250 M M 2 1 33 270
19 92 69 81 4 0 16 T 0.0 0 10.9 22 270 M M 3 29 250
20 92 65 79 2 0 14 0.00 0.0 0 9.7 18 140 M M 0 24 220
21 88 70 79 2 0 14 0.15 0.0 0 9.4 33 200 M M 2 13 50 210
22 87 74 81 3 0 16 0.00 0.0 0 10.7 20 110 M M 1 25 110
23 86 77 82 4 0 17 T 0.0 0 10.6 18 110 M M 3 23 110
24 83 78 81 3 0 16 0.01 0.0 0 12.9 20 100 M M 4 25 120
25 79 72 76 -2 0 11 1.76 0.0 0 13.8 25 100 M M 9 12 29 100
26 86 73 80 2 0 15 0.34 0.0 0 9.3 20 100 M M 6 13 25 110
27 87 70 79 1 0 14 1.36 0.0 0 7.6 33 230 M M 5 1238 40 240
28 87 71 79 0 0 14 T 0.0 0 8.9 21 130 M M 3 13 29 150
29 86 72 79 0 0 14 0.01 0.0 0 8.8 18 110 M M 2 23 110
30 88 74 81 2 0 16 0.46 0.0 0 8.3 16 150 M M 3 123 20 150
31 88 72 80 1 0 15 0.00 0.0 0 6.2 15 90 M M 1 1 17 90
================================================================================
SM 2615 2100 0 352 5.20 0.0 315.8 M 91
================================================================================
AV 84.4 67.7 10.2 FASTST M M 3 MAX(MPH)
MISC ----> # 33 200 50 210
================================================================================
NOTES:
# LAST OF SEVERAL OCCURRENCES
COLUMN 17 PEAK WIND IN M.P.H.
PRELIMINARY LOCAL CLIMATOLOGICAL DATA (WS FORM: F-6) , PAGE 2
STATION: MELBOURNE
MONTH: MAY
YEAR: 2020
LATITUDE: 28 6 N
LONGITUDE: 80 39 W
[TEMPERATURE DATA] [PRECIPITATION DATA] SYMBOLS USED IN COLUMN 16
AVERAGE MONTHLY: 76.0 TOTAL FOR MONTH: 5.20 1 = FOG OR MIST
DPTR FM NORMAL: -0.3 DPTR FM NORMAL: 1.91 2 = FOG REDUCING VISIBILITY
HIGHEST: 92 ON 20,19 GRTST 24HR 1.82 ON 25-26 TO 1/4 MILE OR LESS
LOWEST: 54 ON 1 3 = THUNDER
SNOW, ICE PELLETS, HAIL 4 = ICE PELLETS
TOTAL MONTH: 0.0 INCH 5 = HAIL
GRTST 24HR 0.0 6 = FREEZING RAIN OR DRIZZLE
GRTST DEPTH: 0 7 = DUSTSTORM OR SANDSTORM:
VSBY 1/2 MILE OR LESS
8 = SMOKE OR HAZE
[NO. OF DAYS WITH] [WEATHER - DAYS WITH] 9 = BLOWING SNOW
X = TORNADO
MAX 32 OR BELOW: 0 0.01 INCH OR MORE: 12
MAX 90 OR ABOVE: 2 0.10 INCH OR MORE: 7
MIN 32 OR BELOW: 0 0.50 INCH OR MORE: 3
MIN 0 OR BELOW: 0 1.00 INCH OR MORE: 2
[HDD (BASE 65) ]
TOTAL THIS MO. 0 CLEAR (SCALE 0-3) 20
DPTR FM NORMAL -1 PTCLDY (SCALE 4-7) 9
TOTAL FM JUL 1 300 CLOUDY (SCALE 8-10) 2
DPTR FM NORMAL -276
[CDD (BASE 65) ]
TOTAL THIS MO. 352
DPTR FM NORMAL 1 [PRESSURE DATA]
TOTAL FM JAN 1 1096 HIGHEST SLP M ON M
DPTR FM NORMAL 370 LOWEST SLP 29.76 ON 19
[REMARKS]
#FINAL-05-20#