000
CXUS51 KCAR 010700
CF6MLT
PRELIMINARY LOCAL CLIMATOLOGICAL DATA (WS FORM: F-6)
STATION: MILLINOCKET ME
MONTH: NOVEMBER
YEAR: 2022
LATITUDE: 45 39 N
LONGITUDE: 68 41 W
TEMPERATURE IN F: :PCPN: SNOW: WIND :SUNSHINE: SKY :PK WND
================================================================================
1 2 3 4 5 6A 6B 7 8 9 10 11 12 13 14 15 16 17 18
12Z AVG MX 2MIN
DY MAX MIN AVG DEP HDD CDD WTR SNW DPTH SPD SPD DIR MIN PSBL S-S WX SPD DR
================================================================================
1 63 44 54 14 11 0 0.00 M M 1.7 16 300 M M 7 12 27 290
2 59 36 48 8 17 0 0.00 M M 8.6 20 310 M M 0 29 300
3 60 29 45 5 20 0 0.00 M M 1.8 9 180 M M 0 1 19 260
4 71 35 53 14 12 0 0.00 M M 1.6 8 230 M M 0 15 180
5 72 39 56 17 9 0 0.00 M M 2.5 9 220 M M 0 22 180
6 71 61 66 28 0 1 0.04 M M 4.8 13 230 M M 5 1 30 180
7 69 44 57 19 8 0 0.36 M M 9.9 23 280 M M 4 1 44 300
8 46 32 39 1 26 0 0.00 M M 13.4 30 310 M M 0 49 340
9 47 28 38 1 27 0 0.00 M M 3.3 15 310 M M 1 21 310
10 59 40 50 13 15 0 0.00 M M 2.7 8 340 M M 9 15 210
11 68 41 55 19 10 0 0.31 M M 2.3 8 160 M M 3 1 17 160
12 65 44 55 19 10 0 1.48 M M 6.3 22 300 M M 9 12 37 280
13 44 34 39 3 26 0 0.59 M M 6.0 12 300 M M 10 1 19 280
14 36 28 32 -3 33 0 0.04 M M 15.2 28 310 M M 7 49 260
15 38 26 32 -3 33 0 0.00 M M 5.2 14 280 M M 2 25 300
16 30 27 29 -5 36 0 0.56 M M 8.0 16 330 M M 9 126 25 60
17 33 27 30 -4 35 0 T M M 8.5 17 300 M M 8 28 290
18 31 22 27 -7 38 0 0.00 M M 4.5 20 290 M M 7 35 290
19 36 17 27 -6 38 0 0.00 M M 1.6 9 330 M M 4 13 160
20 32 20 26 -7 39 0 0.01 M M 8.1 23 300 M M 7 18 46 260
21 29 14 22 -10 43 0 0.00 M M 8.1 26 290 M M 4 42 290
22 34 25 30 -2 35 0 0.00 M M 5.5 23 310 M M 3 8 37 290
23 34 18 26 -6 39 0 T M M 6.4 16 300 M M 5 24 300
24 32 13 23 -8 42 0 0.00 M M 2.7 8 300 M M 3 14 300
25 38 21 30 -1 35 0 0.22 M M 1.9 15 300 M M 8 16 26 280
26 37 27 32 2 33 0 T M M 10.2 24 310 M M 4 39 310
27 52 24 38 8 27 0 0.14 M M 0.8 8 150 M M 2 1 11 120
28 42 29 36 6 29 0 0.12 M M 8.0 17 310 M M 8 1 24 320
29 34 18 26 -3 39 0 0.00 M M 1.4 9 310 M M 1 1 11 300
30 52 15 34 5 31 0 1.42 M M 6.4 21 300 M M 8 1 42 310
================================================================================
SM 1414 878 796 1 5.29 M 167.4 M 138
================================================================================
AV 47.1 29.3 5.6 FASTST M M 5 MAX(MPH)
MISC ----> 30 310 # 49 340
================================================================================
NOTES:
# LAST OF SEVERAL OCCURRENCES
COLUMN 17 PEAK WIND IN M.P.H.
PRELIMINARY LOCAL CLIMATOLOGICAL DATA (WS FORM: F-6) , PAGE 2
STATION: MILLINOCKET ME
MONTH: NOVEMBER
YEAR: 2022
LATITUDE: 45 39 N
LONGITUDE: 68 41 W
[TEMPERATURE DATA] [PRECIPITATION DATA] SYMBOLS USED IN COLUMN 16
AVERAGE MONTHLY: 38.2 TOTAL FOR MONTH: 5.29 1 = FOG OR MIST
DPTR FM NORMAL: 3.6 DPTR FM NORMAL: 1.19 2 = FOG REDUCING VISIBILITY
HIGHEST: 72 ON 5 GRTST 24HR 1.79 ON 11-12 TO 1/4 MILE OR LESS
LOWEST: 13 ON 24 3 = THUNDER
SNOW, ICE PELLETS, HAIL 4 = ICE PELLETS
TOTAL MONTH: M 5 = HAIL
GRTST 24HR M ON M 6 = FREEZING RAIN OR DRIZZLE
GRTST DEPTH: M ON M 7 = DUSTSTORM OR SANDSTORM:
VSBY 1/2 MILE OR LESS
8 = SMOKE OR HAZE
[NO. OF DAYS WITH] [WEATHER - DAYS WITH] 9 = BLOWING SNOW
X = TORNADO
MAX 32 OR BELOW: 5 0.01 INCH OR MORE: 12
MAX 90 OR ABOVE: 0 0.10 INCH OR MORE: 9
MIN 32 OR BELOW: 20 0.50 INCH OR MORE: 4
MIN 0 OR BELOW: 0 1.00 INCH OR MORE: 2
[HDD (BASE 65) ]
TOTAL THIS MO. 796 CLEAR (SCALE 0-3) 11
DPTR FM NORMAL -116 PTCLDY (SCALE 4-7) 14
TOTAL FM JUL 1 1463 CLOUDY (SCALE 8-10) 5
DPTR FM NORMAL -336
[CDD (BASE 65) ]
TOTAL THIS MO. 1
DPTR FM NORMAL 1 [PRESSURE DATA]
TOTAL FM JAN 1 367 HIGHEST SLP 30.66 ON 9
DPTR FM NORMAL 74 LOWEST SLP 29.24 ON 28
[REMARKS]
#FINAL-11-22#