000
CXUS54 KSHV 011500
CF6MLU
PRELIMINARY LOCAL CLIMATOLOGICAL DATA (WS FORM: F-6)
STATION: MONROE
MONTH: SEPTEMBER
YEAR: 2020
LATITUDE: 32 30 N
LONGITUDE: 92 2 W
TEMPERATURE IN F: :PCPN: SNOW: WIND :SUNSHINE: SKY :PK WND
================================================================================
1 2 3 4 5 6A 6B 7 8 9 10 11 12 13 14 15 16 17 18
12Z AVG MX 2MIN
DY MAX MIN AVG DEP HDD CDD WTR SNW DPTH SPD SPD DIR MIN PSBL S-S WX SPD DR
================================================================================
1 96 78 87 6 0 22 0.00 0.0 0 8.0 18 200 M M 4 1 25 230
2 95 77 86 5 0 21 0.00 0.0 0 7.8 17 200 M M 5 8 26 240
3 95 76 86 5 0 21 T 0.0 0 5.6 17 350 M M 3 18 22 300
4 96 74 85 5 0 20 0.00 0.0 0 5.1 14 20 M M 1 1 18 30
5 92 74 83 3 0 18 0.00 0.0 0 6.7 16 30 M M 1 20 20
6 96 66 81 1 0 16 0.00 0.0 0 1.9 8 40 M M 0 10 40
7 94 65 80 0 0 15 0.00 0.0 0 2.1 8 160 M M 0 1 11 200
8 94 68 81 2 0 16 0.00 0.0 0 2.2 10 60 M M 2 14 180
9 96 72 84 5 0 19 0.00 0.0 0 2.4 9 80 M M 3 14 150
10 96 72 84 5 0 19 0.00 0.0 0 4.3 13 40 M M 4 16 30
11 96 72 84 6 0 19 T 0.0 0 4.2 14 20 M M 4 17 30
12 96 74 85 7 0 20 0.28 0.0 0 3.5 24 90 M M 3 13 32 90
13 89 75 82 4 0 17 0.00 0.0 0 6.8 14 10 M M 6 17 10
14 93 75 84 7 0 19 0.28 0.0 0 9.2 18 50 M M 5 138 25 50
15 93 73 83 6 0 18 T 0.0 0 9.2 17 10 M M 2 23 10
16 91 74 83 6 0 18 T 0.0 0 8.5 18 340 M M 2 23 340
17 89 69 79 3 0 14 0.00 0.0 0 8.0 16 360 M M 1 21 10
18 88 67 78 2 0 13 0.00 0.0 0 9.9 16 10 M M 1 23 40
19 83 63 73 -3 0 8 0.00 0.0 0 9.8 17 50 M M 0 8 24 30
20 87 64 76 1 0 11 0.00 0.0 0 9.9 21 60 M M 3 30 50
21 75 65 70 -5 0 5 0.69 0.0 0 7.3 13 70 M M 10 1 18 50
22 71 66 69 -6 0 4 1.29 0.0 0 7.5 15 70 M M 9 1 20 60
23 70 66 68 -6 0 3 2.80 0.0 0 9.7 17 20 M M 10 1 26 10
24 69 65 67 -7 0 2 0.05 0.0 0 9.3 18 10 M M 9 1 24 10
25 74 65 70 -4 0 5 0.01 0.0 0 2.1 7 340 M M 10 1 10 330
26 82 64 73 0 0 8 T 0.0 0 2.2 9 200 M M 7 1 11 210
27 88 62 75 2 0 10 0.00 0.0 0 3.4 9 190 M M 2 12 17 190
28 76 60 68 -4 0 3 0.04 0.0 0 10.4 23 350 M M 5 1 30 10
29 79 52 66 -6 0 1 0.00 0.0 0 5.7 22 290 M M 0 27 300
30 85 50 68 -4 0 3 0.00 0.0 0 3.9 12 210 M M 0 16 220
================================================================================
SM 2624 2043 0 388 5.44 0.0 186.6 M 112
================================================================================
AV 87.5 68.1 6.2 FASTST M M 4 MAX(MPH)
MISC ----> # 24 90 # 32 90
================================================================================
NOTES:
# LAST OF SEVERAL OCCURRENCES
COLUMN 17 PEAK WIND IN M.P.H.
PRELIMINARY LOCAL CLIMATOLOGICAL DATA (WS FORM: F-6) , PAGE 2
STATION: MONROE
MONTH: SEPTEMBER
YEAR: 2020
LATITUDE: 32 30 N
LONGITUDE: 92 2 W
[TEMPERATURE DATA] [PRECIPITATION DATA] SYMBOLS USED IN COLUMN 16
AVERAGE MONTHLY: 77.8 TOTAL FOR MONTH: 5.44 1 = FOG OR MIST
DPTR FM NORMAL: 1.1 DPTR FM NORMAL: 1.81 2 = FOG REDUCING VISIBILITY
HIGHEST: 96 ON 12,11 GRTST 24HR 2.80 ON 23-23 TO 1/4 MILE OR LESS
LOWEST: 50 ON 30 3 = THUNDER
SNOW, ICE PELLETS, HAIL 4 = ICE PELLETS
TOTAL MONTH: 0.0 INCH 5 = HAIL
GRTST 24HR 0.0 6 = FREEZING RAIN OR DRIZZLE
GRTST DEPTH: 0 7 = DUSTSTORM OR SANDSTORM:
VSBY 1/2 MILE OR LESS
8 = SMOKE OR HAZE
[NO. OF DAYS WITH] [WEATHER - DAYS WITH] 9 = BLOWING SNOW
X = TORNADO
MAX 32 OR BELOW: 0 0.01 INCH OR MORE: 8
MAX 90 OR ABOVE: 15 0.10 INCH OR MORE: 5
MIN 32 OR BELOW: 0 0.50 INCH OR MORE: 3
MIN 0 OR BELOW: 0 1.00 INCH OR MORE: 2
[HDD (BASE 65) ]
TOTAL THIS MO. 0 CLEAR (SCALE 0-3) 16
DPTR FM NORMAL -6 PTCLDY (SCALE 4-7) 9
TOTAL FM JUL 1 0 CLOUDY (SCALE 8-10) 5
DPTR FM NORMAL -6
[CDD (BASE 65) ]
TOTAL THIS MO. 388
DPTR FM NORMAL 31 [PRESSURE DATA]
TOTAL FM JAN 1 2396 HIGHEST SLP 30.25 ON 5
DPTR FM NORMAL 32 LOWEST SLP 29.74 ON 24
[REMARKS]
#FINAL-09-20#