230
CXUS56 KPQR 011537
CF6MMV
PRELIMINARY LOCAL CLIMATOLOGICAL DATA (WS FORM: F-6)
STATION: MCMINNVILLE OR
MONTH: DECEMBER
YEAR: 2020
LATITUDE: 45 11 N
LONGITUDE: 123 8 W
TEMPERATURE IN F: :PCPN: SNOW: WIND :SUNSHINE: SKY :PK WND
================================================================================
1 2 3 4 5 6A 6B 7 8 9 10 11 12 13 14 15 16 17 18
12Z AVG MX 2MIN
DY MAX MIN AVG DEP HDD CDD WTR SNW DPTH SPD SPD DIR MIN PSBL S-S WX SPD DR
================================================================================
1 50 28 39 -3 26 0 T M M 7.6 15 340 M M 4 12 19 10
2 57 40 49 7 16 0 0.00 M M 11.4 16 340 M M 0 20 340
3 49 33 41 0 24 0 0.00 M M 2.8 10 350 M M 1 8 13 360
4 58 28 43 2 22 0 0.00 M M 5.3 12 360 M M 0 1 16 350
5 54 35 45 4 20 0 0.07 M M 3.4 12 350 M M 3 1 16 350
6 50 40 45 4 20 0 T M M 3.3 9 340 M M 10 12 11 350
7 47 37 42 2 23 0 0.00 M M 1.4 9 110 M M 7 12 11 160
8 47 37 42 2 23 0 0.11 M M 0.7 8 350 M M 9 12 9 350
9 55 37 46 6 19 0 0.00 M M 3.2 10 210 M M 7 12 14 260
10 43 37 40 0 25 0 0.13 M M 3.1 13 110 M M 9 12 16 110
11 44 36 40 0 25 0 0.50 M M 3.1 10 330 M M 9 1 13 340
12 46 36 41 1 24 0 0.05 M M 4.8 9 320 M M 7 1 13 360
13 45 39 42 2 23 0 0.31 M M 2.5 8 220 M M 10 1 11 10
14 50 37 44 4 21 0 0.09 M M 2.7 10 60 M M 8 12 18 130
15 51 42 47 8 18 0 0.18 M M 9.0 24 190 M M 9 1 34 190
16 52 42 47 8 18 0 0.38 M M 7.6 28 180 M M 9 12 38 180
17 54 37 46 7 19 0 0.09 M M 9.0 16 240 M M 5 1 22 210
18 52 37 45 6 20 0 0.27 M M 8.1 25 180 M M 7 1 30 180
19 56 48 52 13 13 0 0.89 M M 14.4 28 190 M M 10 1 34 190
20 56 47 52 13 13 0 1.72 M M 5.1 18 190 M M 10 1 22 200
21 61 42 52 13 13 0 0.38 M M 13.3 30 190 M M 9 1 38 190
22 49 31 40 1 25 0 0.06 M M 6.5 25 250 M M 5 1 30 260
23 49 32 41 2 24 0 0.00 M M 6.7 10 350 M M 3 1 15 340
24 35 28 32 -7 33 0 0.00 M M 2.4 8 360 M M 8 12 9 350
25 50 33 42 3 23 0 0.89 M M 6.5 23 170 M M 10 12 28 170
26 52 42 47 8 18 0 0.10 M M 8.2 15 170 M M 6 1 20 170
27 52 38 45 6 20 0 0.03 M M 5.5 13 340 M M 5 12 21 30
28 50 27 39 0 26 0 0.00 M M 5.6 13 330 M M 0 15 340
29 37 26 32 -7 33 0 0.04 M M 1.6 9 240 M M 6 12 11 240
30 49 37 43 4 22 0 0.67 M M 8.7 28 170 M M 9 1 34 170
31 52 48 50 11 15 0 0.09 M M 10.1 20 220 M M 10 1 27 220
================================================================================
SM 1552 1137 664 0 7.05 M 183.6 M 205
================================================================================
AV 50.1 36.7 5.9 FASTST M M 7 MAX(MPH)
MISC ----> 30 190 # 38 180
================================================================================
NOTES:
# LAST OF SEVERAL OCCURRENCES
COLUMN 17 PEAK WIND IN M.P.H.
PRELIMINARY LOCAL CLIMATOLOGICAL DATA (WS FORM: F-6) , PAGE 2
STATION: MCMINNVILLE OR
MONTH: DECEMBER
YEAR: 2020
LATITUDE: 45 11 N
LONGITUDE: 123 8 W
[TEMPERATURE DATA] [PRECIPITATION DATA] SYMBOLS USED IN COLUMN 16
AVERAGE MONTHLY: 43.4 TOTAL FOR MONTH: 7.05 1 = FOG OR MIST
DPTR FM NORMAL: 3.6 DPTR FM NORMAL: 0.96 2 = FOG REDUCING VISIBILITY
HIGHEST: 61 ON 21 GRTST 24HR 2.24 ON 19-20 TO 1/4 MILE OR LESS
LOWEST: 26 ON 29 3 = THUNDER
SNOW, ICE PELLETS, HAIL 4 = ICE PELLETS
TOTAL MONTH: M 5 = HAIL
GRTST 24HR M ON M 6 = FREEZING RAIN OR DRIZZLE
GRTST DEPTH: M ON M 7 = DUSTSTORM OR SANDSTORM:
VSBY 1/2 MILE OR LESS
8 = SMOKE OR HAZE
[NO. OF DAYS WITH] [WEATHER - DAYS WITH] 9 = BLOWING SNOW
X = TORNADO
MAX 32 OR BELOW: 0 0.01 INCH OR MORE: 21
MAX 90 OR ABOVE: 0 0.10 INCH OR MORE: 13
MIN 32 OR BELOW: 7 0.50 INCH OR MORE: 5
MIN 0 OR BELOW: 0 1.00 INCH OR MORE: 1
[HDD (BASE 65) ]
TOTAL THIS MO. 664 CLEAR (SCALE 0-3) 6
DPTR FM NORMAL -119 PTCLDY (SCALE 4-7) 11
TOTAL FM JUL 1 1696 CLOUDY (SCALE 8-10) 14
DPTR FM NORMAL -310
[CDD (BASE 65) ]
TOTAL THIS MO. 0
DPTR FM NORMAL 0 [PRESSURE DATA]
TOTAL FM JAN 1 343 HIGHEST SLP 30.57 ON 1
DPTR FM NORMAL 128 LOWEST SLP 29.61 ON 16
[REMARKS]
#FINAL-12-20#