000
CXUS56 KSTO 020954
CF6MOD
PRELIMINARY LOCAL CLIMATOLOGICAL DATA (WS FORM: F-6)
STATION: MODESTO CA
MONTH: JULY
YEAR: 2023
LATITUDE: 37 37 N
LONGITUDE: 120 57 W
TEMPERATURE IN F: :PCPN: SNOW: WIND :SUNSHINE: SKY :PK WND
================================================================================
1 2 3 4 5 6A 6B 7 8 9 10 11 12 13 14 15 16 17 18
12Z AVG MX 2MIN
DY MAX MIN AVG DEP HDD CDD WTR SNW DPTH SPD SPD DIR MIN PSBL S-S WX SPD DR
================================================================================
1 106 68 87 9 0 22 0.00 M M 8.0 17 310 M M 0 21 330
2 105 75 90 12 0 25 0.00 M M 9.4 22 320 M M 0 27 310
3 99 70 85 7 0 20 0.00 M M 7.4 17 340 M M 0 22 330
4 93 61 77 -1 0 12 0.00 M M 8.1 16 330 M M 0 19 330
5 90 59 75 -3 0 10 0.00 M M 8.8 15 320 M M 0 19 340
6 89 56 73 -5 0 8 0.00 M M 10.0 15 340 M M 0 1 20 320
7 85 57 71 -7 0 6 0.00 M M 10.8 18 320 M M 0 22 310
8 84 57 71 -8 0 6 0.00 M M 11.8 20 320 M M 0 23 320
9 81 54 68 -11 0 3 0.00 M M 9.8 17 320 M M 0 24 340
10 88 55 72 -7 0 7 0.00 M M 7.3 13 320 M M 0 17 330
11 95 58 77 -2 0 12 0.00 M M 3.7 12 310 M M 0 16 310
12 96 63 80 1 0 15 0.00 M M 6.3 16 300 M M 0 19 310
13 95 64 80 1 0 15 0.00 M M 8.5 16 330 M M 0 23 310
14 98 65 82 3 0 17 0.00 M M 7.2 14 320 M M 0 20 330
15 102 65 84 5 0 19 0.00 M M 5.5 13 320 M M 0 17 330
16 104 69 87 8 0 22 0.00 M M 4.7 13 320 M M 0 8 15 320
17 101 75 88 9 0 23 0.00 M M 6.8 14 320 M M 0 19 330
18 98 70 84 5 0 19 0.00 M M 6.7 15 340 M M 0 8 22 310
19 94 63 79 0 0 14 0.00 M M 8.7 15 320 M M 0 29 360
20 98 63 81 2 0 16 0.00 M M 7.6 15 340 M M 0 8 19 350
21 103 66 85 6 0 20 0.00 M M 7.2 15 320 M M 0 20 330
22 103 68 86 7 0 21 0.00 M M 4.5 12 300 M M 0 15 290
23 101 72 87 8 0 22 0.00 M M 6.6 15 340 M M 1 19 340
24 95 66 81 2 0 16 0.00 M M 8.8 21 300 M M 1 25 300
25 97 66 82 3 0 17 0.00 M M 7.8 14 330 M M 0 18 320
26 95 67 81 2 0 16 0.00 M M 6.7 15 330 M M 0 19 330
27 94 64 79 0 0 14 0.00 M M 7.6 20 320 M M 0 24 340
28 94 61 78 -1 0 13 0.00 M M 9.3 15 340 M M 0 8 20 320
29 95 63 79 0 0 14 0.00 M M 7.9 18 320 M M 0 21 320
30 96 66 81 2 0 16 0.00 M M 7.1 16 330 M M 0 20 340
31 96 66 81 2 0 16 0.00 M M 8.3 17 300 M M 0 20 300
================================================================================
SM 2970 1992 0 476 0.00 M 238.9 M 2
================================================================================
AV 95.8 64.3 7.7 FASTST M M 0 MAX(MPH)
MISC ----> 22 320 29 360
================================================================================
NOTES:
# LAST OF SEVERAL OCCURRENCES
COLUMN 17 PEAK WIND IN M.P.H.
PRELIMINARY LOCAL CLIMATOLOGICAL DATA (WS FORM: F-6) , PAGE 2
STATION: MODESTO CA
MONTH: JULY
YEAR: 2023
LATITUDE: 37 37 N
LONGITUDE: 120 57 W
[TEMPERATURE DATA] [PRECIPITATION DATA] SYMBOLS USED IN COLUMN 16
AVERAGE MONTHLY: 80.0 TOTAL FOR MONTH: 0.00 1 = FOG OR MIST
DPTR FM NORMAL: 1.2 DPTR FM NORMAL: 0.00 2 = FOG REDUCING VISIBILITY
HIGHEST: 106 ON 1 GRTST 24HR 0.00 ON 17-17 TO 1/4 MILE OR LESS
LOWEST: 54 ON 9 3 = THUNDER
SNOW, ICE PELLETS, HAIL 4 = ICE PELLETS
TOTAL MONTH: M 5 = HAIL
GRTST 24HR M ON M 6 = FREEZING RAIN OR DRIZZLE
GRTST DEPTH: M ON M 7 = DUSTSTORM OR SANDSTORM:
VSBY 1/2 MILE OR LESS
8 = SMOKE OR HAZE
[NO. OF DAYS WITH] [WEATHER - DAYS WITH] 9 = BLOWING SNOW
X = TORNADO
MAX 32 OR BELOW: 0 0.01 INCH OR MORE: 0
MAX 90 OR ABOVE: 26 0.10 INCH OR MORE: 0
MIN 32 OR BELOW: 0 0.50 INCH OR MORE: 0
MIN 0 OR BELOW: 0 1.00 INCH OR MORE: 0
[HDD (BASE 65) ]
TOTAL THIS MO. 0 CLEAR (SCALE 0-3) 31
DPTR FM NORMAL 0 PTCLDY (SCALE 4-7) 0
TOTAL FM JUL 1 0 CLOUDY (SCALE 8-10) 0
DPTR FM NORMAL 0
[CDD (BASE 65) ]
TOTAL THIS MO. 476
DPTR FM NORMAL 47 [PRESSURE DATA]
TOTAL FM JAN 1 798 HIGHEST SLP 30.01 ON 25
DPTR FM NORMAL -84 LOWEST SLP 29.71 ON 22
[REMARKS]
#FINAL-07-23#