000
CXUS53 KBIS 022029
CF6MOT
PRELIMINARY LOCAL CLIMATOLOGICAL DATA (WS FORM: F-6)
STATION: MINOT ND
MONTH: AUGUST
YEAR: 2022
LATITUDE: 48 15 N
LONGITUDE: 101 16 W
TEMPERATURE IN F: :PCPN: SNOW: WIND :SUNSHINE: SKY :PK WND
================================================================================
1 2 3 4 5 6A 6B 7 8 9 10 11 12 13 14 15 16 17 18
12Z AVG MX 2MIN
DY MAX MIN AVG DEP HDD CDD WTR SNW DPTH SPD SPD DIR MIN PSBL S-S WX SPD DR
================================================================================
1 88 58 73 1 0 8 0.38 M M 8.0 20 300 M M 2 13 30 300
2 93 59 76 4 0 11 0.00 M M 10.8 28 300 M M 1 12 38 300
3 77 57 67 -5 0 2 0.00 M M 10.0 24 290 M M 2 32 280
4 97 59 78 6 0 13 0.00 M M 10.9 25 160 M M 0 35 170
5 85 63 74 2 0 9 0.01 M M 11.2 24 310 M M 1 3 36 170
6 64 55 60 -12 5 0 0.00 M M 8.2 20 300 M M 3 29 300
7 72 55 64 -8 1 0 0.05 M M 5.5 15 180 M M 6 22 170
8 93 61 77 5 0 12 0.00 M M 15.0 22 180 M M 0 32 180
9 81 59 70 -2 0 5 0.00 M M 11.6 22 340 M M 0 35 190
10 81 52 67 -5 0 2 0.00 M M 6.4 14 70 M M 0 24 60
11 75 57 66 -5 0 1 T M M 11.2 21 110 M M 2 28 110
12 85 59 72 1 0 7 0.00 M M 5.2 16 20 M M 5 1 20 20
13 83 58 71 0 0 6 T M M 6.4 14 100 M M 6 12 19 110
14 91 64 78 7 0 13 0.60 M M 8.6 18 150 M M 2 13 28 110
15 86 67 77 6 0 12 0.00 M M 5.8 16 360 M M 3 3 22 350
16 86 63 75 5 0 10 0.00 M M 4.1 7 290 M M 3 18 M M
17 83 62 73 3 0 8 0.28 M M 3.8 26 330 M M 5 123 37 360
18 82 61 72 2 0 7 0.31 M M 10.6 29 330 M M 3 13 41 360
19 80 59 70 0 0 5 0.00 M M 9.2 16 350 M M 3 23 20
20 83 54 69 -1 0 4 0.00 M M 4.3 12 100 M M 1 12 17 160
21 91 63 77 8 0 12 0.00 M M 6.2 14 170 M M 1 20 180
22 91 61 76 7 0 11 0.00 M M 5.8 13 140 M M 2 22 140
23 86 63 75 6 0 10 0.04 M M 6.6 14 50 M M 3 M M
24 75 55 65 -3 0 0 0.00 M M 7.4 14 20 M M 7 1 19 30
25 80 49 65 -3 0 0 0.00 M M 2.9 6 60 M M 1 2 M M
26 83 58 71 3 0 6 0.00 M M 12.7 18 150 M M 1 28 160
27 93 57 75 7 0 10 0.00 M M 10.8 17 230 M M 3 24 220
28 77 62 70 3 0 5 0.14 M M M 29 190 M M 7 44 190
29 79 58 69 2 0 4 0.00 M M 23.1 30 290 M M 0 44 300
30 92 57 75 8 0 10 0.00 M M 9.9 16 280 M M 0 23 250
31 94 56 75 9 0 10 0.00 M M 4.8 12 220 M M 0 14 340
================================================================================
SM 2606 1821 6 213 1.81 M 257.0 M 73
================================================================================
AV 84.1 58.7 8.6 FASTST M M 2 MAX(MPH)
MISC ----> 30 290 44 190
================================================================================
NOTES:
# LAST OF SEVERAL OCCURRENCES
COLUMN 17 PEAK WIND IN M.P.H.
PRELIMINARY LOCAL CLIMATOLOGICAL DATA (WS FORM: F-6) , PAGE 2
STATION: MINOT ND
MONTH: AUGUST
YEAR: 2022
LATITUDE: 48 15 N
LONGITUDE: 101 16 W
[TEMPERATURE DATA] [PRECIPITATION DATA] SYMBOLS USED IN COLUMN 16
AVERAGE MONTHLY: 71.4 TOTAL FOR MONTH: 1.81 1 = FOG OR MIST
DPTR FM NORMAL: 1.3 DPTR FM NORMAL: -0.27 2 = FOG REDUCING VISIBILITY
HIGHEST: 97 ON 4 GRTST 24HR 0.60 ON 13-14 TO 1/4 MILE OR LESS
LOWEST: 49 ON 25 3 = THUNDER
SNOW, ICE PELLETS, HAIL 4 = ICE PELLETS
TOTAL MONTH: M 5 = HAIL
GRTST 24HR M ON M 6 = FREEZING RAIN OR DRIZZLE
GRTST DEPTH: M ON M 7 = DUSTSTORM OR SANDSTORM:
VSBY 1/2 MILE OR LESS
8 = SMOKE OR HAZE
[NO. OF DAYS WITH] [WEATHER - DAYS WITH] 9 = BLOWING SNOW
X = TORNADO
MAX 32 OR BELOW: 0 0.01 INCH OR MORE: 8
MAX 90 OR ABOVE: 9 0.10 INCH OR MORE: 5
MIN 32 OR BELOW: 0 0.50 INCH OR MORE: 1
MIN 0 OR BELOW: 0 1.00 INCH OR MORE: 0
[HDD (BASE 65) ]
TOTAL THIS MO. 6 CLEAR (SCALE 0-3) 23
DPTR FM NORMAL -22 PTCLDY (SCALE 4-7) 8
TOTAL FM JUL 1 7 CLOUDY (SCALE 8-10) 0
DPTR FM NORMAL -34
[CDD (BASE 65) ]
TOTAL THIS MO. 213
DPTR FM NORMAL 28 [PRESSURE DATA]
TOTAL FM JAN 1 542 HIGHEST SLP 30.29 ON 10
DPTR FM NORMAL 39 LOWEST SLP 29.39 ON 28
[REMARKS]
#FINAL-08-22#