000
CXUS51 KPHI 010915
CF6MPO
PRELIMINARY LOCAL CLIMATOLOGICAL DATA (WS FORM: F-6)
STATION: MOUNT POCONO PA
MONTH: NOVEMBER
YEAR: 2022
LATITUDE: 41 8 N
LONGITUDE: 75 24 W
TEMPERATURE IN F: :PCPN: SNOW: WIND :SUNSHINE: SKY :PK WND
================================================================================
1 2 3 4 5 6A 6B 7 8 9 10 11 12 13 14 15 16 17 18
12Z AVG MX 2MIN
DY MAX MIN AVG DEP HDD CDD WTR SNW DPTH SPD SPD DIR MIN PSBL S-S WX SPD DR
================================================================================
1 57 53 55 13 10 0 0.24 M M 10.0 21 320 M M 9 1 28 310
2 66 39 53 11 12 0 0.00 M M 7.2 22 320 M M 0 1 28 310
3 63 35 49 7 16 0 0.00 M M 4.2 13 150 M M 0 18 140
4 64 42 53 11 12 0 0.00 M M 7.9 17 220 M M 3 1 25 210
5 68 58 63 22 2 0 T M M 11.9 18 160 M M 10 1 26 150
6 63 61 62 21 3 0 0.16 M M 10.8 23 180 M M 10 1 35 190
7 67 41 54 13 11 0 T M M 14.6 24 320 M M 3 31 320
8 51 34 43 3 22 0 0.00 M M 12.9 25 330 M M 0 32 340
9 49 25 37 -3 28 0 0.00 M M 4.1 12 120 M M 0 15 100
10 61 34 48 8 17 0 0.00 M M 9.0 21 220 M M 0 28 210
11 65 51 58 19 7 0 1.64 M M 8.5 21 150 M M 9 12 30 150
12 64 47 56 17 9 0 0.59 M M 11.2 28 290 M M 10 1 39 300
13 47 31 39 0 26 0 0.04 M M 14.4 25 280 M M 9 1 33 290
14 36 22 29 -9 36 0 0.00 M M 10.1 24 310 M M 2 30 310
15 34 18 26 -12 39 0 0.49 M M 5.5 15 80 M M 5 16 22 70
16 37 29 33 -5 32 0 0.36 M M 13.0 24 280 M M 8 16 31 270
17 34 26 30 -7 35 0 T M M 15.1 28 260 M M 8 1 36 270
18 34 23 29 -8 36 0 0.01 M M 15.5 24 250 M M 4 1 31 230
19 30 17 24 -13 41 0 0.00 M M 10.4 23 270 M M 1 28 270
20 27 19 23 -13 42 0 0.00 M M 17.5 30 270 M M 4 40 260
21 35 13 24 -12 41 0 0.00 M M 11.4 20 210 M M 0 26 220
22 44 25 35 -1 30 0 0.00 M M 8.0 17 280 M M 0 22 270
23 47 24 36 1 29 0 0.00 M M 8.1 20 300 M M 0 27 280
24 47 22 35 0 30 0 0.00 M M 4.6 13 200 M M 0 17 190
25 45 35 40 5 25 0 0.11 M M 16.4 33 310 M M 8 1 46 300
26 49 32 41 7 24 0 0.00 M M 15.5 30 300 M M 2 46 310
27 49 39 44 10 21 0 0.54 M M 8.1 21 260 M M 6 12 29 260
28 47 31 39 5 26 0 0.02 M M 15.9 28 300 M M 10 1 38 300
29 39 28 34 1 31 0 0.00 M M 6.9 16 310 M M 7 22 320
30 48 28 38 5 27 0 0.58 M M 16.6 33 270 M M 8 12 46 280
================================================================================
SM 1467 982 720 0 4.78 M 325.3 M 136
================================================================================
AV 48.9 32.7 10.8 FASTST M M 5 MAX(MPH)
MISC ----> # 33 310 # 46 300
================================================================================
NOTES:
# LAST OF SEVERAL OCCURRENCES
COLUMN 17 PEAK WIND IN M.P.H.
PRELIMINARY LOCAL CLIMATOLOGICAL DATA (WS FORM: F-6) , PAGE 2
STATION: MOUNT POCONO PA
MONTH: NOVEMBER
YEAR: 2022
LATITUDE: 41 8 N
LONGITUDE: 75 24 W
[TEMPERATURE DATA] [PRECIPITATION DATA] SYMBOLS USED IN COLUMN 16
AVERAGE MONTHLY: 40.8 TOTAL FOR MONTH: 4.78 1 = FOG OR MIST
DPTR FM NORMAL: 3.0 DPTR FM NORMAL: 0.70 2 = FOG REDUCING VISIBILITY
HIGHEST: 68 ON 5 GRTST 24HR 2.20 ON 11-12 TO 1/4 MILE OR LESS
LOWEST: 13 ON 21 3 = THUNDER
SNOW, ICE PELLETS, HAIL 4 = ICE PELLETS
TOTAL MONTH: M 5 = HAIL
GRTST 24HR M ON M 6 = FREEZING RAIN OR DRIZZLE
GRTST DEPTH: M ON M 7 = DUSTSTORM OR SANDSTORM:
VSBY 1/2 MILE OR LESS
8 = SMOKE OR HAZE
[NO. OF DAYS WITH] [WEATHER - DAYS WITH] 9 = BLOWING SNOW
X = TORNADO
MAX 32 OR BELOW: 2 0.01 INCH OR MORE: 12
MAX 90 OR ABOVE: 0 0.10 INCH OR MORE: 9
MIN 32 OR BELOW: 17 0.50 INCH OR MORE: 4
MIN 0 OR BELOW: 0 1.00 INCH OR MORE: 1
[HDD (BASE 65) ]
TOTAL THIS MO. 720 CLEAR (SCALE 0-3) 13
DPTR FM NORMAL -98 PTCLDY (SCALE 4-7) 8
TOTAL FM JUL 1 1464 CLOUDY (SCALE 8-10) 9
DPTR FM NORMAL -156
[CDD (BASE 65) ]
TOTAL THIS MO. 0
DPTR FM NORMAL 0 [PRESSURE DATA]
TOTAL FM JAN 1 387 HIGHEST SLP 30.65 ON 9
DPTR FM NORMAL 99 LOWEST SLP 29.38 ON 27
[REMARKS]
#FINAL-11-22#