000
CXUS53 KMPX 011010
CF6MPX
PRELIMINARY LOCAL CLIMATOLOGICAL DATA (WS FORM: F-6)
STATION: CHANHASSEN MN
MONTH: FEBRUARY
YEAR: 2024
LATITUDE: 44 50 N
LONGITUDE: 93 34 W
TEMPERATURE IN F: :PCPN: SNOW: WIND :SUNSHINE: SKY :PK WND
================================================================================
1 2 3 4 5 6A 6B 7 8 9 10 11 12 13 14 15 16 17 18
12Z AVG MX 2MIN
DY MAX MIN AVG DEP HDD CDD WTR SNW DPTH SPD SPD DIR MIN PSBL S-S WX SPD DR
================================================================================
1 49 27 38 24 27 0 0.00 0.0 0 M M M M M M M M
2 41 24 33 19 32 0 0.00 0.0 0 M M M M M M M M
3 37 25 31 17 34 0 0.00 0.0 0 M M M M M M M M
4 47 22 35 20 30 0 0.00 0.0 0 M M M M M M M M
5 45 21 33 18 32 0 0.00 0.0 0 M M M M M M M M
6 54 23 39 24 26 0 0.00 0.0 0 M M M M M M M M
7 51 38 45 30 20 0 0.00 0.0 0 M M M M M M M M
8 50 33 42 26 23 0 0.38 0.0 0 M M M M M M M M
9 33 24 29 13 36 0 T T 0 M M M M M M M M
10 31 21 26 10 39 0 0.00 0.0 0 M M M M M M M M
11 38 22 30 14 35 0 0.00 0.0 0 M M M M M M M M
12 40 22 31 14 34 0 0.00 0.0 0 M M M M M M M M
13 34 28 31 14 34 0 0.00 0.0 0 M M M M M M M M
14 39 25 32 15 33 0 0.49 6.8 0 M M M M M M M M
15 25 14 20 2 45 0 0.00 0.0 7 M M M M M M M M
16 17 6 12 -6 53 0 0.00 0.0 6 M M M M M M M M
17 26 4 15 -3 50 0 0.00 0.0 5 M M M M M M M M
18 33 17 25 6 40 0 0.00 0.0 4 M M M M M M M M
19 40 14 27 8 38 0 0.00 0.0 3 M M M M M M M M
20 42 25 34 14 31 0 0.00 0.0 2 M M M M M M M M
21 48 20 34 14 31 0 0.00 0.0 T M M M M M M M M
22 47 24 36 16 29 0 0.00 0.0 0 M M M M M M M M
23 35 18 27 6 38 0 T T 0 M M M M M M M M
24 45 14 30 9 35 0 0.00 0.0 0 M M M M M M M M
25 47 26 37 15 28 0 0.00 0.0 0 M M M M M M M M
26 64 25 45 23 20 0 0.00 0.0 0 M M M M M M M M
27 47 10 29 6 36 0 T 0.1 0 M M M M M M M M
28 18 2 10 -13 55 0 0.00 0.0 T M M M M M M M M
29 58 9 34 11 31 0 0.00 0.0 0 M M M M M M M M
================================================================================
SM 1181 583 995 0 0.87 6.9 M M M
================================================================================
AV 40.7 20.1 M FASTST M M M MAX(MPH)
MISC ----> M M M M
================================================================================
NOTES:
# LAST OF SEVERAL OCCURRENCES
COLUMN 17 PEAK WIND IN M.P.H.
PRELIMINARY LOCAL CLIMATOLOGICAL DATA (WS FORM: F-6) , PAGE 2
STATION: CHANHASSEN MN
MONTH: FEBRUARY
YEAR: 2024
LATITUDE: 44 50 N
LONGITUDE: 93 34 W
[TEMPERATURE DATA] [PRECIPITATION DATA] SYMBOLS USED IN COLUMN 16
AVERAGE MONTHLY: 30.4 TOTAL FOR MONTH: 0.87 1 = FOG OR MIST
DPTR FM NORMAL: 12.4 DPTR FM NORMAL: -0.07 2 = FOG REDUCING VISIBILITY
HIGHEST: 64 ON 26 GRTST 24HR 0.49 ON 14-14 TO 1/4 MILE OR LESS
LOWEST: 2 ON 28 3 = THUNDER
SNOW, ICE PELLETS, HAIL 4 = ICE PELLETS
TOTAL MONTH: 6.9 INCHES 5 = HAIL
GRTST 24HR 6.8 ON 14-14 6 = FREEZING RAIN OR DRIZZLE
GRTST DEPTH: 7 ON 15 7 = DUSTSTORM OR SANDSTORM:
VSBY 1/2 MILE OR LESS
8 = SMOKE OR HAZE
[NO. OF DAYS WITH] [WEATHER - DAYS WITH] 9 = BLOWING SNOW
X = TORNADO
MAX 32 OR BELOW: 5 0.01 INCH OR MORE: 2
MAX 90 OR ABOVE: 0 0.10 INCH OR MORE: 2
MIN 32 OR BELOW: 27 0.50 INCH OR MORE: 0
MIN 0 OR BELOW: 0 1.00 INCH OR MORE: 0
[HDD (BASE 65) ]
TOTAL THIS MO. 995 CLEAR (SCALE 0-3) 0
DPTR FM NORMAL -321 PTCLDY (SCALE 4-7) 0
TOTAL FM JUL 1 4867 CLOUDY (SCALE 8-10) 29
DPTR FM NORMAL -1225
[CDD (BASE 65) ]
TOTAL THIS MO. 0
DPTR FM NORMAL 0 [PRESSURE DATA]
TOTAL FM JAN 1 0 HIGHEST SLP M ON M
DPTR FM NORMAL 0 LOWEST SLP M ON M
[REMARKS]
#FINAL-02-24#