521
CXUS52 KMHX 010700
CF6MRH
PRELIMINARY LOCAL CLIMATOLOGICAL DATA (WS FORM: F-6)
STATION: BEAUFORT/SMITH FIELD NC
MONTH: DECEMBER
YEAR: 2020
LATITUDE: 34 43 N
LONGITUDE: 76 39 W
TEMPERATURE IN F: :PCPN: SNOW: WIND :SUNSHINE: SKY :PK WND
================================================================================
1 2 3 4 5 6A 6B 7 8 9 10 11 12 13 14 15 16 17 18
12Z AVG MX 2MIN
DY MAX MIN AVG DEP HDD CDD WTR SNW DPTH SPD SPD DIR MIN PSBL S-S WX SPD DR
================================================================================
1 54 40 47 -5 18 0 0.00 0.0 0 16.3 26 260 M M 3 8 36 260
2 50 34 42 -10 23 0 0.00 0.0 0 10.4 16 310 M M 0 20 300
3 56 32 44 -8 21 0 0.00 0.0 0 2.3 9 310 M M 0 11 250
4 70 40 55 4 10 0 0.13 M 0 8.0 26 200 M M 3 1 36 180
5 66 46 56 5 9 0 0.34 M 0 15.5 33 260 M M 4 1 46 260
6 53 40 47 -4 18 0 0.00 0.0 0 5.8 13 320 M M 0 15 220
7 54 37 46 -5 19 0 0.28 M 0 9.9 26 330 M M 9 1 31 330
8 47 34 41 -9 24 0 0.00 0.0 0 13.2 25 340 M M 0 30 340
9 53 30 42 -8 23 0 0.00 0.0 M 9.5 18 250 M M 0 23 250
10 60 40 50 0 15 0 0.00 0.0 M 6.9 13 40 M M 0 17 50
11 70 44 57 8 8 0 T 0.0 M 5.8 14 140 M M 6 1 19 140
12 68 55 62 13 3 0 0.08 0.0 M 3.6 13 190 M M 5 128 17 180
13 67 58 63 14 2 0 0.12 0.0 M 3.9 9 200 M M 8 12 11 230
14 71 43 57 8 8 0 0.05 0.0 0 11.6 31 330 M M 7 12 38 330
15 48 37 43 -5 22 0 0.00 0.0 M 12.8 22 20 M M 5 30 10
16 67 48 58 10 7 0 0.51 0.0 0 13.3 24 220 M M 9 1 32 140
17 49 37 43 -5 22 0 0.00 0.0 0 7.9 18 340 M M 8 23 310
18 49 34 42 -6 23 0 0.00 0.0 0 9.2 17 20 M M 4 22 350
19 50 31 41 -6 24 0 0.00 0.0 M 5.2 10 30 M M 0 14 20
20 61 39 50 3 15 0 1.10 M M 7.1 17 340 M M 8 1 20 340
21 55 46 51 4 14 0 0.07 0.0 M 8.2 22 250 M M 7 18 31 240
22 58 36 47 0 18 0 0.00 0.0 M 11.2 24 300 M M 0 30 290
23 63 34 49 3 16 0 0.00 0.0 M 7.0 14 140 M M 2 22 140
24 70 62 66 20 0 1 1.09 0.0 0 17.8 35 180 M M 10 13 49 180
25 63 32 48 2 17 0 0.05 0.0 M 17.4 29 230 M M 4 1 37 230
26 43 29 36 -10 29 0 0.00 0.0 M 9.2 18 310 M M 0 23 300
27 51 32 42 -4 23 0 0.00 0.0 M 4.6 9 90 M M 0 11 120
28 59 37 48 2 17 0 0.00 0.0 0 4.2 13 220 M M 0 1 15 220
29 53 39 46 0 19 0 0.00 0.0 0 9.2 22 20 M M 0 27 10
30 63 36 50 5 15 0 0.00 0.0 0 8.0 13 180 M M 0 19 170
31 70 59 65 20 0 0 0.07 0.0 M 10.9 20 180 M M 8 1 25 180
================================================================================
SM 1811 1241 482 1 3.89 0.0 285.9 M 110
================================================================================
AV 58.4 40.0 9.2 FASTST M M 4 MAX(MPH)
MISC ----> 35 180 49 180
================================================================================
NOTES:
# LAST OF SEVERAL OCCURRENCES
COLUMN 17 PEAK WIND IN M.P.H.
PRELIMINARY LOCAL CLIMATOLOGICAL DATA (WS FORM: F-6) , PAGE 2
STATION: BEAUFORT/SMITH FIELD NC
MONTH: DECEMBER
YEAR: 2020
LATITUDE: 34 43 N
LONGITUDE: 76 39 W
[TEMPERATURE DATA] [PRECIPITATION DATA] SYMBOLS USED IN COLUMN 16
AVERAGE MONTHLY: 49.2 TOTAL FOR MONTH: 3.89 1 = FOG OR MIST
DPTR FM NORMAL: 0.8 DPTR FM NORMAL: 0.37 2 = FOG REDUCING VISIBILITY
HIGHEST: 71 ON 14 GRTST 24HR 1.17 ON 20-21 TO 1/4 MILE OR LESS
LOWEST: 29 ON 26 3 = THUNDER
SNOW, ICE PELLETS, HAIL 4 = ICE PELLETS
TOTAL MONTH: 0.0 INCH 5 = HAIL
GRTST 24HR 0.0 6 = FREEZING RAIN OR DRIZZLE
GRTST DEPTH: 0 7 = DUSTSTORM OR SANDSTORM:
VSBY 1/2 MILE OR LESS
8 = SMOKE OR HAZE
[NO. OF DAYS WITH] [WEATHER - DAYS WITH] 9 = BLOWING SNOW
X = TORNADO
MAX 32 OR BELOW: 0 0.01 INCH OR MORE: 12
MAX 90 OR ABOVE: 0 0.10 INCH OR MORE: 7
MIN 32 OR BELOW: 6 0.50 INCH OR MORE: 3
MIN 0 OR BELOW: 0 1.00 INCH OR MORE: 2
[HDD (BASE 65) ]
TOTAL THIS MO. 482 CLEAR (SCALE 0-3) 15
DPTR FM NORMAL -36 PTCLDY (SCALE 4-7) 12
TOTAL FM JUL 1 659 CLOUDY (SCALE 8-10) 4
DPTR FM NORMAL -210
[CDD (BASE 65) ]
TOTAL THIS MO. 1
DPTR FM NORMAL -1 [PRESSURE DATA]
TOTAL FM JAN 1 2175 HIGHEST SLP M ON M
DPTR FM NORMAL 374 LOWEST SLP 29.59 ON 24
[REMARKS]
#FINAL-12-20#