000
CXUS56 KMTR 010900
CF6MRY
PRELIMINARY LOCAL CLIMATOLOGICAL DATA (WS FORM: F-6)
STATION: MONTEREY AIRPORT
MONTH: MAY
YEAR: 2022
LATITUDE: 36 34 N
LONGITUDE: 121 51 W
TEMPERATURE IN F: :PCPN: SNOW: WIND :SUNSHINE: SKY :PK WND
================================================================================
1 2 3 4 5 6A 6B 7 8 9 10 11 12 13 14 15 16 17 18
12Z AVG MX 2MIN
DY MAX MIN AVG DEP HDD CDD WTR SNW DPTH SPD SPD DIR MIN PSBL S-S WX SPD DR
================================================================================
1 63 51 57 1 8 0 0.00 M M 8.5 15 270 M M 4 22 290
2 63 49 56 0 9 0 0.00 M M 8.7 22 290 M M 5 32 260
3 69 45 57 0 8 0 0.00 M M 5.2 14 300 M M 0 21 300
4 66 46 56 -1 9 0 0.00 M M 5.7 15 320 M M 2 18 20 330
5 67 49 58 1 7 0 0.00 M M 5.7 15 320 M M 4 18 20 310
6 71 53 62 5 3 0 0.00 M M 5.5 15 300 M M 4 128 21 310
7 62 52 57 0 8 0 0.00 M M 12.1 23 280 M M 3 12 37 280
8 61 50 56 -1 9 0 T M M 11.4 22 290 M M 4 33 290
9 62 46 54 -3 11 0 T M M 7.4 18 260 M M 4 25 270
10 60 44 52 -5 13 0 0.00 M M 9.5 20 280 M M 2 29 280
11 61 49 55 -2 10 0 0.00 M M 8.7 17 280 M M 3 25 290
12 62 45 54 -3 11 0 0.00 M M 7.0 16 310 M M 0 24 290
13 72 47 60 3 5 0 0.00 M M 7.9 16 300 M M 1 22 270
14 67 49 58 0 7 0 0.00 M M 5.7 13 290 M M 4 128 18 280
15 65 52 59 1 6 0 0.00 M M 7.5 17 260 M M 7 18 26 260
16 62 52 57 -1 8 0 0.00 M M 9.0 18 280 M M 8 24 290
17 63 51 57 -1 8 0 0.00 M M 10.1 17 270 M M 8 8 25 250
18 70 48 59 1 6 0 0.00 M M 6.8 15 260 M M 3 128 22 270
19 66 52 59 1 6 0 0.00 M M 8.0 21 280 M M 1 8 28 280
20 66 49 58 0 7 0 0.00 M M 7.1 15 300 M M 2 8 22 310
21 68 45 57 -1 8 0 0.00 M M 6.2 15 260 M M 2 8 21 320
22 63 51 57 -1 8 0 0.00 M M 7.1 16 290 M M 6 18 22 240
23 66 51 59 1 6 0 0.00 M M 7.7 16 270 M M 4 23 300
24 79 48 64 6 1 0 0.00 M M 3.3 10 280 M M 3 8 15 70
25 75 55 65 7 0 0 0.00 M M 4.3 10 260 M M 2 18 13 260
26 69 54 62 4 3 0 0.00 M M 6.6 18 240 M M 8 18 27 250
27 67 54 61 3 4 0 0.00 M M 6.1 14 310 M M 8 8 20 250
28 73 54 64 5 1 0 0.00 M M 6.3 16 290 M M 6 1 23 260
29 65 52 59 0 6 0 0.00 M M 9.5 20 270 M M 4 1 34 280
30 62 50 56 -3 9 0 0.00 M M 9.3 17 270 M M 5 26 270
31 71 50 61 2 4 0 0.00 M M 6.2 13 280 M M 3 20 290
================================================================================
SM 2056 1543 209 0 T M 230.1 M 120
================================================================================
AV 66.3 49.8 7.4 FASTST M M 4 MAX(MPH)
MISC ----> 23 280 37 280
================================================================================
NOTES:
# LAST OF SEVERAL OCCURRENCES
COLUMN 17 PEAK WIND IN M.P.H.
PRELIMINARY LOCAL CLIMATOLOGICAL DATA (WS FORM: F-6) , PAGE 2
STATION: MONTEREY AIRPORT
MONTH: MAY
YEAR: 2022
LATITUDE: 36 34 N
LONGITUDE: 121 51 W
[TEMPERATURE DATA] [PRECIPITATION DATA] SYMBOLS USED IN COLUMN 16
AVERAGE MONTHLY: 58.0 TOTAL FOR MONTH: T 1 = FOG OR MIST
DPTR FM NORMAL: 0.3 DPTR FM NORMAL: -0.51 2 = FOG REDUCING VISIBILITY
HIGHEST: 79 ON 24 GRTST 24HR T ON 8- 8 TO 1/4 MILE OR LESS
LOWEST: 44 ON 10 3 = THUNDER
SNOW, ICE PELLETS, HAIL 4 = ICE PELLETS
TOTAL MONTH: M 5 = HAIL
GRTST 24HR M ON M 6 = FREEZING RAIN OR DRIZZLE
GRTST DEPTH: M ON M 7 = DUSTSTORM OR SANDSTORM:
VSBY 1/2 MILE OR LESS
8 = SMOKE OR HAZE
[NO. OF DAYS WITH] [WEATHER - DAYS WITH] 9 = BLOWING SNOW
X = TORNADO
MAX 32 OR BELOW: 0 0.01 INCH OR MORE: 0
MAX 90 OR ABOVE: 0 0.10 INCH OR MORE: 0
MIN 32 OR BELOW: 0 0.50 INCH OR MORE: 0
MIN 0 OR BELOW: 0 1.00 INCH OR MORE: 0
[HDD (BASE 65) ]
TOTAL THIS MO. 209 CLEAR (SCALE 0-3) 12
DPTR FM NORMAL -21 PTCLDY (SCALE 4-7) 18
TOTAL FM JUL 1 2126 CLOUDY (SCALE 8-10) 1
DPTR FM NORMAL -595
[CDD (BASE 65) ]
TOTAL THIS MO. 0
DPTR FM NORMAL -3 [PRESSURE DATA]
TOTAL FM JAN 1 13 HIGHEST SLP M ON M
DPTR FM NORMAL 7 LOWEST SLP 29.82 ON 24
[REMARKS]
#FINAL-05-22#