000
CXUS56 KMTR 010830
CLMMRY
CLIMATE REPORT
NATIONAL WEATHER SERVICE SAN FRANCISCO BAY AREA
1230 AM PST FRI MAR 01 2024
...................................
...THE MONTEREY AIRPORT CLIMATE SUMMARY FOR THE MONTH OF FEBRUARY 2024...
CLIMATE NORMAL PERIOD: 1991 TO 2020
CLIMATE RECORD PERIOD: 1968 TO 2024
WEATHER OBSERVED LAST YEAR`S
VALUE DATE(S) VALUE DATE(S)
.........................................................
TEMPERATURE (F)
RECORD
HIGH 84 MM
LOW 33 02/19/2019
HIGHEST 70 02/23 67 02/19
02/24
LOWEST 38 02/09 33 02/15
AVG. MAXIMUM 60.0 56.9
AVG. MINIMUM 45.0 39.8
MEAN 52.5 48.3
DAYS MAX >= 90 0 0
DAYS MAX <= 32 0 0
DAYS MIN <= 32 0 0
DAYS MIN <= 0 0 0
PRECIPITATION (INCHES)
TOTALS 3.83 3.26
DAILY AVG. 0.13 0.12
DAYS >= .01 15 11
DAYS >= .10 10 7
DAYS >= .50 2 3
DAYS >= 1.00 0 0
GREATEST
24 HR. TOTAL 1.23 01/31 TO 02/01 1.05 02/23 TO 02/24
DEGREE DAYS
HEATING TOTAL 354 460
SINCE 7/1 1680 MM
COOLING TOTAL 0 0
SINCE 1/1 0 MM
.........................................................
WIND (MPH)
AVERAGE WIND SPEED 6.1
RESULTANT WIND SPEED/DIRECTION 2/190
HIGHEST WIND SPEED/DIRECTION 33/180 DATE 02/04
HIGHEST GUST SPEED/DIRECTION 63/170 DATE 02/04
SKY COVER
POSSIBLE SUNSHINE (PERCENT) MM
AVERAGE SKY COVER 0.40
NUMBER OF DAYS FAIR 14
NUMBER OF DAYS PC 11
NUMBER OF DAYS CLOUDY 4
AVERAGE RH (PERCENT) 77
WEATHER CONDITIONS. NUMBER OF DAYS WITH
THUNDERSTORM 1 MIXED PRECIP 0
HEAVY RAIN 7 RAIN 9
LIGHT RAIN 15 FREEZING RAIN 0
LT FREEZING RAIN 0 HAIL 0
HEAVY SNOW 0 SNOW 0
LIGHT SNOW 0 SLEET 0
FOG 15 FOG W/VIS <= 1/4 MILE 0
HAZE 4
- INDICATES NEGATIVE NUMBERS.
R INDICATES RECORD WAS SET OR TIED.
MM INDICATES DATA IS MISSING.
T INDICATES TRACE AMOUNT.
$$