000
CXUS54 KHUN 081933
CF6MSL
PRELIMINARY LOCAL CLIMATOLOGICAL DATA (WS FORM: F-6)
STATION: MUSCLE SHOALS
MONTH: FEBRUARY
YEAR: 2023
LATITUDE: 34 45 N
LONGITUDE: 87 37 W
TEMPERATURE IN F: :PCPN: SNOW: WIND :SUNSHINE: SKY :PK WND
================================================================================
1 2 3 4 5 6A 6B 7 8 9 10 11 12 13 14 15 16 17 18
12Z AVG MX 2MIN
DY MAX MIN AVG DEP HDD CDD WTR SNW DPTH SPD SPD DIR MIN PSBL S-S WX SPD DR
================================================================================
1 38 34 36 -8 29 0 0.05 0.0 0 5.2 12 20 M M 10 18 16 20
2 39 36 38 -6 27 0 0.61 T 0 3.9 8 340 M M 9 1 12 330
3 43 29 36 -8 29 0 0.00 0.0 0 7.2 15 30 M M 0 1 22 30
4 55 24 40 -4 25 0 0.00 0.0 0 4.4 10 140 M M 0 14 140
5 63 36 50 5 15 0 0.00 0.0 0 7.6 18 220 M M 2 24 240
6 68 33 51 6 14 0 0.00 0.0 0 4.3 13 100 M M 3 12 18 110
7 73 41 57 12 8 0 0.00 0.0 0 4.7 15 180 M M 5 19 190
8 73 57 65 20 0 0 0.09 0.0 0 7.5 21 190 M M 10 1 29 190
9 66 46 56 11 9 0 0.24 0.0 0 11.8 30 160 M M 4 18 53 160
10 60 42 51 5 14 0 0.00 0.0 0 7.6 17 50 M M 0 23 20
11 52 40 46 0 19 0 0.50 0.0 0 9.7 17 40 M M 5 18 24 40
12 60 38 49 3 16 0 0.44 0.0 0 7.2 16 300 M M 4 1 25 300
13 69 31 50 4 15 0 0.00 0.0 0 4.2 14 260 M M 0 19 310
14 74 41 58 12 7 0 0.03 0.0 0 10.0 25 170 M M 2 40 190
15 70 60 65 18 0 0 0.17 0.0 0 8.4 16 160 M M 8 1 23 170
16 74 48 61 14 4 0 1.29 0.0 0 12.3 23 300 M M 9 13 35 200
17 48 32 40 -7 25 0 0.02 0.0 0 10.4 20 310 M M 6 1 29 310
18 53 26 40 -7 25 0 0.00 0.0 0 4.6 10 120 M M 0 16 80
19 66 42 54 6 11 0 0.00 0.0 0 9.8 18 200 M M 0 24 190
20 72 56 64 16 1 0 0.00 0.0 0 11.3 25 230 M M 5 36 210
21 72 55 64 16 1 0 0.00 0.0 0 5.1 14 190 M M 3 12 21 220
22 83 67 75 27 0 10 0.00 0.0 0 15.9 30 210 M M 7 42 210
23 86 68 77 28 0 12 0.00 0.0 0 8.8 26 200 M M 7 40 200
24 68 48 58 9 7 0 0.30 0.0 0 7.7 18 40 M M 9 1 26 40
25 55 50 53 4 12 0 0.12 0.0 0 2.8 13 320 M M 9 18 16 340
26 67 50 59 10 6 0 0.00 0.0 0 3.2 9 190 M M 8 1 13 200
27 80 56 68 18 0 3 0.03 0.0 0 14.7 38 260 M M 4 8 52 250
28 79 47 63 13 2 0 0.00 0.0 0 4.0 14 240 M M 0 18 250
================================================================================
SM 1806 1233 321 25 3.89 T 214.3 M 129
================================================================================
AV 64.5 44.0 7.7 FASTST M M 5 MAX(MPH)
MISC ----> 38 260 53 160
================================================================================
NOTES:
# LAST OF SEVERAL OCCURRENCES
COLUMN 17 PEAK WIND IN M.P.H.
PRELIMINARY LOCAL CLIMATOLOGICAL DATA (WS FORM: F-6) , PAGE 2
STATION: MUSCLE SHOALS
MONTH: FEBRUARY
YEAR: 2023
LATITUDE: 34 45 N
LONGITUDE: 87 37 W
[TEMPERATURE DATA] [PRECIPITATION DATA] SYMBOLS USED IN COLUMN 16
AVERAGE MONTHLY: 54.3 TOTAL FOR MONTH: 3.89 1 = FOG OR MIST
DPTR FM NORMAL: 7.6 DPTR FM NORMAL: -0.90 2 = FOG REDUCING VISIBILITY
HIGHEST: 86 ON 23 GRTST 24HR 1.30 ON 16-17 TO 1/4 MILE OR LESS
LOWEST: 24 ON 4 3 = THUNDER
SNOW, ICE PELLETS, HAIL 4 = ICE PELLETS
TOTAL MONTH: T 5 = HAIL
GRTST 24HR T ON 2- 2 6 = FREEZING RAIN OR DRIZZLE
GRTST DEPTH: 0 7 = DUSTSTORM OR SANDSTORM:
VSBY 1/2 MILE OR LESS
8 = SMOKE OR HAZE
[NO. OF DAYS WITH] [WEATHER - DAYS WITH] 9 = BLOWING SNOW
X = TORNADO
MAX 32 OR BELOW: 0 0.01 INCH OR MORE: 13
MAX 90 OR ABOVE: 0 0.10 INCH OR MORE: 8
MIN 32 OR BELOW: 5 0.50 INCH OR MORE: 3
MIN 0 OR BELOW: 0 1.00 INCH OR MORE: 1
[HDD (BASE 65) ]
TOTAL THIS MO. 321 CLEAR (SCALE 0-3) 11
DPTR FM NORMAL -193 PTCLDY (SCALE 4-7) 10
TOTAL FM JUL 1 1927 CLOUDY (SCALE 8-10) 7
DPTR FM NORMAL -397
[CDD (BASE 65) ]
TOTAL THIS MO. 25
DPTR FM NORMAL 23 [PRESSURE DATA]
TOTAL FM JAN 1 27 HIGHEST SLP 30.55 ON 18
DPTR FM NORMAL 26 LOWEST SLP 29.56 ON 27
[REMARKS]
#FINAL-02-23#